{"id":53720,"date":"2019-11-12T18:27:15","date_gmt":"2019-11-12T17:27:15","guid":{"rendered":"http:\/\/www.libraria-occitana.org\/product\/serranas-serannes\/"},"modified":"2026-04-29T06:36:36","modified_gmt":"2026-04-29T04:36:36","slug":"serranas-serannes","status":"publish","type":"product","link":"https:\/\/www.libraria-occitana.org\/en\/product\/serranas-serannes\/","title":{"rendered":"Serranas &#8211; S\u00e9rannes"},"content":{"rendered":"<p>Les quinze nouvelles du recueil pourraient \u00eatre autant de chapitres de roman. Elles racontent toutes un fragment d&#8217;histoire, \u00e0 l&#8217;instant de plus grande intensit\u00e9 dramatique, marqu\u00e9 par le destin, quand se d\u00e9cide le sort d&#8217;une vie. La plupart sont des r\u00e9cits d&#8217;ascension, passages de col ou voyages initiatiques, que l&#8217;auteur a puis\u00e9s dans son exp\u00e9rience de randonneur et de montagnard. C&#8217;est par exemple l&#8217;agonie sur un champ de bataille d&#8217;un soldat celte de l&#8217;arm\u00e9e d&#8217;Hannibal, qui se souvient avec une fiert\u00e9 m\u00e9lancolique du passage des Alpes. Ou l&#8217;exode des protestants d&#8217;Oisans qui franchissent le col de la Muzelle pour fuir les pers\u00e9cutions religieuses de Louis XIV. C&#8217;est la descente du col d&#8217;Ares, lors de la <em>Retirada<\/em> en janvier 39, d&#8217;un petit gar\u00e7on mutil\u00e9 qui donne la main \u00e0 un ancien poilu fran\u00e7ais venu l&#8217;aider, unijambiste comme lui. Ou le sabotage par un soldat du commandant Massoud d&#8217;un pont de l&#8217;Hindou-Kouch o\u00f9 doit passer une colonne de Talibans. \u00c0 ces r\u00e9cits, la montagne pr\u00eate son cadre, le destin son moment et l&#8217;Histoire ses diff\u00e9rentes \u00e9poques.<\/p>\n<p>La moiti\u00e9 du livre est \u00e9crite en languedocien, parler d&#8217;adoption de l&#8217;auteur, l&#8217;autre en proven\u00e7al, son parler d&#8217;origine, de part et d&#8217;autre du r\u00e9cit central, l&#8217;Incendie de Cartalhat, all\u00e9gorie possible de toutes les catastrophes. La narration est dense, elle offre une grande diversit\u00e9 de lieux et de p\u00e9riodes, avec toujours en ligne de mire ces montagnes magiques ou ces collines inspir\u00e9es que r\u00e9sume le titre <em>S\u00e9rannes<\/em>, allusion \u00e0 la cr\u00eate sauvage qui borde le Larzac m\u00e9ridional, au pied duquel vit l&#8217;auteur.<\/p>\n","protected":false},"excerpt":{"rendered":"<p>Les quinze nouvelles du recueil pourraient \u00eatre autant de chapitres de roman. Elles racontent toutes un fragment d&#8217;histoire, \u00e0 l&#8217;instant de plus grande intensit\u00e9 dramatique, marqu\u00e9 par le destin, quand se d\u00e9cide le sort d&#8217;une vie. La plupart sont des r\u00e9cits d&#8217;ascension, passages de col ou voyages initiatiques, que l&#8217;auteur a puis\u00e9s dans son exp\u00e9rience [&hellip;]<\/p>\n","protected":false},"featured_media":53715,"template":"","meta":{"_acf_changed":false,"_genesis_hide_title":false,"_genesis_hide_breadcrumbs":false,"_genesis_hide_singular_image":false,"_genesis_hide_footer_widgets":false,"_genesis_custom_body_class":"","_genesis_custom_post_class":"","_genesis_layout":""},"product_brand":[],"product_cat":[7132,7174,7182],"product_tag":[],"class_list":{"0":"post-53720","1":"product","2":"type-product","3":"status-publish","4":"has-post-thumbnail","6":"product_cat-books","7":"product_cat-literature-en","8":"product_cat-novels-short-stories-en","9":"pa_auteur-chabaud-silvan-chabaud-sylvan-en","10":"pa_editeur-jorn-en","11":"pa_langue-occitan-lengadocian-en","12":"pa_langue-occitan-provencau-en","13":"pa_langue-occitan-francais-en","14":"entry","16":"first","17":"instock","18":"shipping-taxable","19":"purchasable","20":"product-type-simple"},"acf":[],"_links":{"self":[{"href":"https:\/\/www.libraria-occitana.org\/en\/wp-json\/wp\/v2\/product\/53720","targetHints":{"allow":["GET"]}}],"collection":[{"href":"https:\/\/www.libraria-occitana.org\/en\/wp-json\/wp\/v2\/product"}],"about":[{"href":"https:\/\/www.libraria-occitana.org\/en\/wp-json\/wp\/v2\/types\/product"}],"wp:featuredmedia":[{"embeddable":true,"href":"https:\/\/www.libraria-occitana.org\/en\/wp-json\/wp\/v2\/media\/53715"}],"wp:attachment":[{"href":"https:\/\/www.libraria-occitana.org\/en\/wp-json\/wp\/v2\/media?parent=53720"}],"wp:term":[{"taxonomy":"product_brand","embeddable":true,"href":"https:\/\/www.libraria-occitana.org\/en\/wp-json\/wp\/v2\/product_brand?post=53720"},{"taxonomy":"product_cat","embeddable":true,"href":"https:\/\/www.libraria-occitana.org\/en\/wp-json\/wp\/v2\/product_cat?post=53720"},{"taxonomy":"product_tag","embeddable":true,"href":"https:\/\/www.libraria-occitana.org\/en\/wp-json\/wp\/v2\/product_tag?post=53720"}],"curies":[{"name":"wp","href":"https:\/\/api.w.org\/{rel}","templated":true}]}}

Serranas &#8211; Sérannes

<p>Les quinze nouvelles du recueil pourraient être autant de chapitres de roman. Elles racontent toutes un fragment d&#8217;histoire, à l&#8217;instant de plus grande intensité dramatique, marqué par le destin, quand se décide le sort d&#8217;une vie. La plupart sont des récits d&#8217;ascension, passages de col ou voyages initiatiques, que l&#8217;auteur a puisés dans son expérience de randonneur et de montagnard. C&#8217;est par exemple l&#8217;agonie sur un champ de bataille d&#8217;un soldat celte de l&#8217;armée d&#8217;Hannibal, qui se souvient avec une fierté mélancolique du passage des Alpes. Ou l&#8217;exode des protestants d&#8217;Oisans qui franchissent le col de la Muzelle pour fuir les persécutions religieuses de Louis XIV. C&#8217;est la descente du col d&#8217;Ares, lors de la <em>Retirada</em> en janvier 39, d&#8217;un petit garçon mutilé qui donne la main à un ancien poilu français venu l&#8217;aider, unijambiste comme lui. Ou le sabotage par un soldat du commandant Massoud d&#8217;un pont de l&#8217;Hindou-Kouch où doit passer une colonne de Talibans. À ces récits, la montagne prête son cadre, le destin son moment et l&#8217;Histoire ses différentes époques.</p>
<p>La moitié du livre est écrite en languedocien, parler d&#8217;adoption de l&#8217;auteur, l&#8217;autre en provençal, son parler d&#8217;origine, de part et d&#8217;autre du récit central, l&#8217;Incendie de Cartalhat, allégorie possible de toutes les catastrophes. La narration est dense, elle offre une grande diversité de lieux et de périodes, avec toujours en ligne de mire ces montagnes magiques ou ces collines inspirées que résume le titre <em>Sérannes</em>, allusion à la crête sauvage qui borde le Larzac méridional, au pied duquel vit l&#8217;auteur.</p>

<p>Les quinze nouvelles du recueil pourraient être autant de chapitres de roman. Elles racontent toutes un fragment d&#8217;histoire, à l&#8217;instant de plus grande intensité dramatique, marqué par le destin, quand se décide le sort d&#8217;une vie. La plupart sont des récits d&#8217;ascension, passages de col ou voyages initiatiques, que l&#8217;auteur a puisés dans son expérience [&hellip;]</p>
