{"id":53897,"date":"2021-03-10T12:31:27","date_gmt":"2021-03-10T11:31:27","guid":{"rendered":"http:\/\/www.libraria-occitana.org\/product\/le-pays-de-bort-terre-doc-contes-et-legendes-petites-histoires-libre-cd\/"},"modified":"2026-04-29T06:46:19","modified_gmt":"2026-04-29T04:46:19","slug":"le-pays-de-bort-terre-doc-contes-et-legendes-petites-histoires-libre-cd","status":"publish","type":"product","link":"https:\/\/www.libraria-occitana.org\/en\/product\/le-pays-de-bort-terre-doc-contes-et-legendes-petites-histoires-libre-cd\/","title":{"rendered":"Le Pays de Bort, terre d&#8217;oc : Contes et l\u00e9gendes, petites histoires (libre + CD)"},"content":{"rendered":"<p>Insatiable curieux de ce pays de Bort-les-Orgues dont il est familier depuis toujours, l&#8217;occitaniste Jean-Pierre Lacombe a recueilli, des d\u00e9cennies durant, mots, expressions, proverbes&#8230; Une qu\u00eate de la langue d&#8217;oc devenue urgente avec la rar\u00e9faction des locuteurs.<\/p>\n<p><em>Le Pays de Bort, terre d&#8217;oc<\/em> rec\u00e8le nombre de tr\u00e9sors : \u00e9tude fouill\u00e9e du parler local, imposant lexique, recensement des noms de maisons, petites histoires dr\u00f4les ou moins dr\u00f4les, contes, proverbes, etc. Sans oublier, avec la participation d&#8217;Yves Lavalade, l&#8217;analyse en profondeur des noms de lieux incluant une quantit\u00e9 consid\u00e9rable de microtoponymes, c&#8217;est tout l&#8217;<em>eime<\/em>, l&#8217;esprit, la profondeur d&#8217;\u00e2me, la force de vie de l&#8217;antique culture de ces lieux qui s&#8217;offre au monde, en se raccrochant souvent \u00e0 l&#8217;Histoire.<\/p>\n<p>Ce livre d\u00e9montre qu&#8217;il est encore possible et souhaitable, sur un petit territoire, de rassembler une grande partie de la culture occitane locale pour la faire d\u00e9couvrir et appr\u00e9cier non seulement chez elle, mais aussi en chaque lieu du pays d&#8217;oc. Cette \u00e9tude fouill\u00e9e illustre en effet l&#8217;\u00e9troite proximit\u00e9 du parler et de la culture du pays de Bort avec les autres contr\u00e9es du Limousin et de l&#8217;Auvergne. Au-del\u00e0, elle int\u00e9ressera anthropologues, linguistes, philologues, historiens ou simples amoureux de la grande Occitanie.<\/p>\n<p>Le CD qui accompagne ce livre est voulu comme la face charnelle de l&#8217;\u00e9crit, tant il allait de soi qu&#8217;\u00e0 parler d&#8217;une langue et d&#8217;un monde, il fallait aussi entendre cette langue parler de son monde.<\/p>\n","protected":false},"excerpt":{"rendered":"<p>Insatiable curieux de ce pays de Bort-les-Orgues dont il est familier depuis toujours, l&#8217;occitaniste Jean-Pierre Lacombe a recueilli, des d\u00e9cennies durant, mots, expressions, proverbes&#8230; Une qu\u00eate de la langue d&#8217;oc devenue urgente avec la rar\u00e9faction des locuteurs. Le Pays de Bort, terre d&#8217;oc rec\u00e8le nombre de tr\u00e9sors : \u00e9tude fouill\u00e9e du parler local, imposant lexique, [&hellip;]<\/p>\n","protected":false},"featured_media":53895,"template":"","meta":{"_acf_changed":false,"_genesis_hide_title":false,"_genesis_hide_breadcrumbs":false,"_genesis_hide_singular_image":false,"_genesis_hide_footer_widgets":false,"_genesis_custom_body_class":"","_genesis_custom_post_class":"","_genesis_layout":""},"product_brand":[],"product_cat":[7132,7208,7138,7136,7148,7174,7162,7176,7206],"product_tag":[],"class_list":{"0":"post-53897","1":"product","2":"type-product","3":"status-publish","4":"has-post-thumbnail","6":"product_cat-books","7":"product_cat-customs-rites-and-beliefs-en","8":"product_cat-dictionaries-grammars-en","9":"product_cat-dictionaries-language-educational-en","10":"product_cat-history-geography-en","11":"product_cat-literature-en","12":"product_cat-place-names-peoples-names-en","13":"product_cat-tales-fables-en","14":"product_cat-traditions-heritage-en","15":"pa_auteur-lacombe-jean-pierre-fr-en","16":"pa_editeur-carrefour-ventadour-fr-en","17":"pa_illustrateur-antraigue-marie-louise-en","18":"pa_illustrateur-lavalada-ives-lavalade-yves-en","19":"pa_langue-occitan-lemosin-en","20":"pa_langue-occitan-francais-en","21":"entry","23":"first","24":"instock","25":"shipping-taxable","26":"purchasable","27":"product-type-simple"},"acf":[],"_links":{"self":[{"href":"https:\/\/www.libraria-occitana.org\/en\/wp-json\/wp\/v2\/product\/53897","targetHints":{"allow":["GET"]}}],"collection":[{"href":"https:\/\/www.libraria-occitana.org\/en\/wp-json\/wp\/v2\/product"}],"about":[{"href":"https:\/\/www.libraria-occitana.org\/en\/wp-json\/wp\/v2\/types\/product"}],"wp:featuredmedia":[{"embeddable":true,"href":"https:\/\/www.libraria-occitana.org\/en\/wp-json\/wp\/v2\/media\/53895"}],"wp:attachment":[{"href":"https:\/\/www.libraria-occitana.org\/en\/wp-json\/wp\/v2\/media?parent=53897"}],"wp:term":[{"taxonomy":"product_brand","embeddable":true,"href":"https:\/\/www.libraria-occitana.org\/en\/wp-json\/wp\/v2\/product_brand?post=53897"},{"taxonomy":"product_cat","embeddable":true,"href":"https:\/\/www.libraria-occitana.org\/en\/wp-json\/wp\/v2\/product_cat?post=53897"},{"taxonomy":"product_tag","embeddable":true,"href":"https:\/\/www.libraria-occitana.org\/en\/wp-json\/wp\/v2\/product_tag?post=53897"}],"curies":[{"name":"wp","href":"https:\/\/api.w.org\/{rel}","templated":true}]}}

Le Pays de Bort, terre d&#8217;oc : Contes et légendes, petites histoires (libre + CD)

<p>Insatiable curieux de ce pays de Bort-les-Orgues dont il est familier depuis toujours, l&#8217;occitaniste Jean-Pierre Lacombe a recueilli, des décennies durant, mots, expressions, proverbes&#8230; Une quête de la langue d&#8217;oc devenue urgente avec la raréfaction des locuteurs.</p>
<p><em>Le Pays de Bort, terre d&#8217;oc</em> recèle nombre de trésors : étude fouillée du parler local, imposant lexique, recensement des noms de maisons, petites histoires drôles ou moins drôles, contes, proverbes, etc. Sans oublier, avec la participation d&#8217;Yves Lavalade, l&#8217;analyse en profondeur des noms de lieux incluant une quantité considérable de microtoponymes, c&#8217;est tout l&#8217;<em>eime</em>, l&#8217;esprit, la profondeur d&#8217;âme, la force de vie de l&#8217;antique culture de ces lieux qui s&#8217;offre au monde, en se raccrochant souvent à l&#8217;Histoire.</p>
<p>Ce livre démontre qu&#8217;il est encore possible et souhaitable, sur un petit territoire, de rassembler une grande partie de la culture occitane locale pour la faire découvrir et apprécier non seulement chez elle, mais aussi en chaque lieu du pays d&#8217;oc. Cette étude fouillée illustre en effet l&#8217;étroite proximité du parler et de la culture du pays de Bort avec les autres contrées du Limousin et de l&#8217;Auvergne. Au-delà, elle intéressera anthropologues, linguistes, philologues, historiens ou simples amoureux de la grande Occitanie.</p>
<p>Le CD qui accompagne ce livre est voulu comme la face charnelle de l&#8217;écrit, tant il allait de soi qu&#8217;à parler d&#8217;une langue et d&#8217;un monde, il fallait aussi entendre cette langue parler de son monde.</p>

<p>Insatiable curieux de ce pays de Bort-les-Orgues dont il est familier depuis toujours, l&#8217;occitaniste Jean-Pierre Lacombe a recueilli, des décennies durant, mots, expressions, proverbes&#8230; Une quête de la langue d&#8217;oc devenue urgente avec la raréfaction des locuteurs. Le Pays de Bort, terre d&#8217;oc recèle nombre de trésors : étude fouillée du parler local, imposant lexique, [&hellip;]</p>
