{"id":54873,"date":"2021-01-20T19:55:23","date_gmt":"2021-01-20T18:55:23","guid":{"rendered":"http:\/\/www.libraria-occitana.org\/?post_type=product&#038;p=54873"},"modified":"2026-04-29T10:53:54","modified_gmt":"2026-04-29T08:53:54","slug":"tresor-des-fables-dauvergne-rhone-alpes-en-occitan-volume-iv-quand-nos-fabulistes-rivalisent-avec-la-fontaine-copie","status":"publish","type":"product","link":"https:\/\/www.libraria-occitana.org\/en\/product\/tresor-des-fables-dauvergne-rhone-alpes-en-occitan-volume-iv-quand-nos-fabulistes-rivalisent-avec-la-fontaine-copie\/","title":{"rendered":"Tr\u00e9sor des fables d&#8217;Auvergne-Rh\u00f4ne-Alpes en occitan Volume IV : Quand nos fabulistes rivalisent avec La Fontaine"},"content":{"rendered":"<p>La fable est un genre tr\u00e8s ancien qui a \u00e9t\u00e9 abondamment illustr\u00e9 depuis l&#8217;Antiquit\u00e9 jusqu&#8217;\u00e0 nous. Jean de La Fontaine, qui a largement puis\u00e9 dans les \u00e9crits de ses devanciers, l&#8217;a consacr\u00e9 avec son monumental recueil compos\u00e9 de douze livres.<\/p>\n<p>Depuis le XIXe si\u00e8cle jusqu&#8217;\u00e0 aujourd&#8217;hui, de nombreux auteurs originaires de l&#8217;actuelle R\u00e9gion Auvergne-Rh\u00f4ne-Alpes ont \u00e9crit des fables, mais dans leur langue maternelle. Gr\u00e2ce aux concours de nombreuses personnes, nous avons rassembl\u00e9 pr\u00e8s de 400 versions en occitan et en francoproven\u00e7al.<br \/>\nPleines de saveur et \u00e9crites dans un style alerte, ces fables m\u00e9ritent d&#8217;\u00eatre connues. Elles pr\u00e9sentent un int\u00e9r\u00eat sur le plan linguistique, mais aussi sur le plan litt\u00e9raire et ethnologique, comme le soulignent les commentaires qui les accompagnent. En les parcourant dans leur version en occitan ou dans leur traduction en fran\u00e7ais, le lecteur sera \u00e9merveill\u00e9 et d\u00e9couvrira que beaucoup de nos fabulistes rivalisent vraiment avec le Ma\u00eetre.<\/p>\n<p>Ce quatri\u00e8me et dernier volume des fables \u00e9crites en occitan pr\u00e9sente un int\u00e9r\u00eat particulier, car il contient 31 fables inspir\u00e9es d&#8217;autres auteurs que La Fontaine (ex. Dorat, Florian, Richer, Tolsto\u00ef&#8230;) ou enti\u00e8rement originales :<\/p>\n<p>65. Les deux Paysans et l&#8217;Orage<br \/>\n66. Les deux Charlatans<br \/>\n67. L&#8217;Avare et son Fils<br \/>\n68. Les deux Fr\u00e8res et le Cerisier<br \/>\n69. Le Tr\u00e9sor et les trois Voyageurs<br \/>\n70. La Jument et l&#8217;Abb\u00e9<br \/>\n71. Le Nid abandonn\u00e9<br \/>\n72. Charon et l&#8217;Ombre<br \/>\n73. Le Singe de la Lanterne magique<br \/>\n74. La Guenon et l&#8217;Homme<br \/>\n75. Le Mulet, le Chat et l&#8217;Enfant<br \/>\n76. L&#8217;\u00c2ne orgueilleux<br \/>\n77. L&#8217;\u00c2ne d\u00e9put\u00e9<br \/>\n78. L&#8217;\u00c2ne et le Cochon<br \/>\n79. L&#8217;\u00c2ne et le petit Cheval<br \/>\n80. L&#8217;\u00c2ne et la Fleur<br \/>\n81. L&#8217;Ours et l&#8217;\u00c2ne<br \/>\n82. Le Gland et le Cochon<br \/>\n83. Le petit Chien \u00e0 peine sorti de la t\u00e9t\u00e9e<br \/>\n84. Les Moutons de Pierrou<br \/>\n85. La sauterie de la Loutre<br \/>\n86. Le Li\u00e8vre, ses Enfants et les Chasseurs<br \/>\n87. La Corneille et ses Corneillons<br \/>\n88. Le Rossignol et les Pinsons<br \/>\n89. La Luciole et le Rossignol<br \/>\n90. Le Papillon et le Grillon<br \/>\n91. La Primev\u00e8re et le Papillon<br \/>\n92. La Lumi\u00e8re et le Papillon<br \/>\n93. Les deux Noyers<br \/>\n94. La Rose et le Tournesol<br \/>\n95. La Trousse de paille et le Tas de fumier<\/p>\n<p><a href=\"http:\/\/www.libraria-occitana.org\/produit\/tresor-des-fables-dauvergne-rhone-alpes-en-occitan-volume-i-quand-nos-fabulistes-rivalisent-avec-la-fontaine\/\"><em>Tr\u00e9sor des fables d&#8217;Auvergne-Rh\u00f4ne-Alpes en occitan Volume I<\/em><\/a><br \/>\n<a href=\"http:\/\/www.libraria-occitana.org\/produit\/tresor-des-fables-dauvergne-rhone-alpes-en-occitan-volume-ii-quand-nos-fabulistes-rivalisent-avec-la-fontaine\/\"><em>Tr\u00e9sor des fables d&#8217;Auvergne-Rh\u00f4ne-Alpes en occitan Volume II<\/em><\/a><br \/>\n<a href=\"http:\/\/www.libraria-occitana.org\/produit\/tresor-des-fables-dauvergne-rhone-alpes-en-occitan-volume-iii-quand-nos-fabulistes-rivalisent-avec-la-fontaine\/\"><em>Tr\u00e9sor des fables d&#8217;Auvergne-Rh\u00f4ne-Alpes en occitan Volume III<\/em><\/a><\/p>\n","protected":false},"excerpt":{"rendered":"<p>La fable est un genre tr\u00e8s ancien qui a \u00e9t\u00e9 abondamment illustr\u00e9 depuis l&#8217;Antiquit\u00e9 jusqu&#8217;\u00e0 nous. Jean de La Fontaine, qui a largement puis\u00e9 dans les \u00e9crits de ses devanciers, l&#8217;a consacr\u00e9 avec son monumental recueil compos\u00e9 de douze livres. Depuis le XIXe si\u00e8cle jusqu&#8217;\u00e0 aujourd&#8217;hui, de nombreux auteurs originaires de l&#8217;actuelle R\u00e9gion Auvergne-Rh\u00f4ne-Alpes ont [&hellip;]<\/p>\n","protected":false},"featured_media":54862,"template":"","meta":{"_acf_changed":false,"_genesis_hide_title":false,"_genesis_hide_breadcrumbs":false,"_genesis_hide_singular_image":false,"_genesis_hide_footer_widgets":false,"_genesis_custom_body_class":"","_genesis_custom_post_class":"","_genesis_layout":""},"product_brand":[],"product_cat":[7132,7174,7176],"product_tag":[],"class_list":{"0":"post-54873","1":"product","2":"type-product","3":"status-publish","4":"has-post-thumbnail","6":"product_cat-books","7":"product_cat-literature-en","8":"product_cat-tales-fables-en","9":"pa_auteur-collectiu-en-2","10":"pa_auteur-martin-jean-baptiste-en","11":"pa_editeur-editions-emcc-en","12":"pa_langue-occitan-auvernhat-en","13":"pa_langue-occitan-lengadocian-en","14":"pa_langue-occitan-vivaroaupenc-en","15":"pa_langue-occitan-francais-en","16":"entry","18":"first","19":"instock","20":"shipping-taxable","21":"purchasable","22":"product-type-simple"},"acf":[],"_links":{"self":[{"href":"https:\/\/www.libraria-occitana.org\/en\/wp-json\/wp\/v2\/product\/54873","targetHints":{"allow":["GET"]}}],"collection":[{"href":"https:\/\/www.libraria-occitana.org\/en\/wp-json\/wp\/v2\/product"}],"about":[{"href":"https:\/\/www.libraria-occitana.org\/en\/wp-json\/wp\/v2\/types\/product"}],"wp:featuredmedia":[{"embeddable":true,"href":"https:\/\/www.libraria-occitana.org\/en\/wp-json\/wp\/v2\/media\/54862"}],"wp:attachment":[{"href":"https:\/\/www.libraria-occitana.org\/en\/wp-json\/wp\/v2\/media?parent=54873"}],"wp:term":[{"taxonomy":"product_brand","embeddable":true,"href":"https:\/\/www.libraria-occitana.org\/en\/wp-json\/wp\/v2\/product_brand?post=54873"},{"taxonomy":"product_cat","embeddable":true,"href":"https:\/\/www.libraria-occitana.org\/en\/wp-json\/wp\/v2\/product_cat?post=54873"},{"taxonomy":"product_tag","embeddable":true,"href":"https:\/\/www.libraria-occitana.org\/en\/wp-json\/wp\/v2\/product_tag?post=54873"}],"curies":[{"name":"wp","href":"https:\/\/api.w.org\/{rel}","templated":true}]}}

Trésor des fables d&#8217;Auvergne-Rhône-Alpes en occitan Volume IV : Quand nos fabulistes rivalisent avec La Fontaine

<p>La fable est un genre très ancien qui a été abondamment illustré depuis l&#8217;Antiquité jusqu&#8217;à nous. Jean de La Fontaine, qui a largement puisé dans les écrits de ses devanciers, l&#8217;a consacré avec son monumental recueil composé de douze livres.</p>
<p>Depuis le XIXe siècle jusqu&#8217;à aujourd&#8217;hui, de nombreux auteurs originaires de l&#8217;actuelle Région Auvergne-Rhône-Alpes ont écrit des fables, mais dans leur langue maternelle. Grâce aux concours de nombreuses personnes, nous avons rassemblé près de 400 versions en occitan et en francoprovençal.<br />
Pleines de saveur et écrites dans un style alerte, ces fables méritent d&#8217;être connues. Elles présentent un intérêt sur le plan linguistique, mais aussi sur le plan littéraire et ethnologique, comme le soulignent les commentaires qui les accompagnent. En les parcourant dans leur version en occitan ou dans leur traduction en français, le lecteur sera émerveillé et découvrira que beaucoup de nos fabulistes rivalisent vraiment avec le Maître.</p>
<p>Ce quatrième et dernier volume des fables écrites en occitan présente un intérêt particulier, car il contient 31 fables inspirées d&#8217;autres auteurs que La Fontaine (ex. Dorat, Florian, Richer, Tolstoï&#8230;) ou entièrement originales :</p>
<p>65. Les deux Paysans et l&#8217;Orage<br />
66. Les deux Charlatans<br />
67. L&#8217;Avare et son Fils<br />
68. Les deux Frères et le Cerisier<br />
69. Le Trésor et les trois Voyageurs<br />
70. La Jument et l&#8217;Abbé<br />
71. Le Nid abandonné<br />
72. Charon et l&#8217;Ombre<br />
73. Le Singe de la Lanterne magique<br />
74. La Guenon et l&#8217;Homme<br />
75. Le Mulet, le Chat et l&#8217;Enfant<br />
76. L&#8217;Âne orgueilleux<br />
77. L&#8217;Âne député<br />
78. L&#8217;Âne et le Cochon<br />
79. L&#8217;Âne et le petit Cheval<br />
80. L&#8217;Âne et la Fleur<br />
81. L&#8217;Ours et l&#8217;Âne<br />
82. Le Gland et le Cochon<br />
83. Le petit Chien à peine sorti de la tétée<br />
84. Les Moutons de Pierrou<br />
85. La sauterie de la Loutre<br />
86. Le Lièvre, ses Enfants et les Chasseurs<br />
87. La Corneille et ses Corneillons<br />
88. Le Rossignol et les Pinsons<br />
89. La Luciole et le Rossignol<br />
90. Le Papillon et le Grillon<br />
91. La Primevère et le Papillon<br />
92. La Lumière et le Papillon<br />
93. Les deux Noyers<br />
94. La Rose et le Tournesol<br />
95. La Trousse de paille et le Tas de fumier</p>
<p><a href="http://www.libraria-occitana.org/produit/tresor-des-fables-dauvergne-rhone-alpes-en-occitan-volume-i-quand-nos-fabulistes-rivalisent-avec-la-fontaine/"><em>Trésor des fables d&#8217;Auvergne-Rhône-Alpes en occitan Volume I</em></a><br />
<a href="http://www.libraria-occitana.org/produit/tresor-des-fables-dauvergne-rhone-alpes-en-occitan-volume-ii-quand-nos-fabulistes-rivalisent-avec-la-fontaine/"><em>Trésor des fables d&#8217;Auvergne-Rhône-Alpes en occitan Volume II</em></a><br />
<a href="http://www.libraria-occitana.org/produit/tresor-des-fables-dauvergne-rhone-alpes-en-occitan-volume-iii-quand-nos-fabulistes-rivalisent-avec-la-fontaine/"><em>Trésor des fables d&#8217;Auvergne-Rhône-Alpes en occitan Volume III</em></a></p>

<p>La fable est un genre très ancien qui a été abondamment illustré depuis l&#8217;Antiquité jusqu&#8217;à nous. Jean de La Fontaine, qui a largement puisé dans les écrits de ses devanciers, l&#8217;a consacré avec son monumental recueil composé de douze livres. Depuis le XIXe siècle jusqu&#8217;à aujourd&#8217;hui, de nombreux auteurs originaires de l&#8217;actuelle Région Auvergne-Rhône-Alpes ont [&hellip;]</p>
