{"id":55276,"date":"2026-08-31T16:20:09","date_gmt":"2026-08-31T14:20:09","guid":{"rendered":"http:\/\/www.libraria-occitana.org\/?post_type=product&#038;p=55276"},"modified":"2026-08-31T16:20:22","modified_gmt":"2026-08-31T14:20:22","slug":"le-festin-deva-la-passion-de-la-vannerie-illustrations-couleur","status":"publish","type":"product","link":"https:\/\/www.libraria-occitana.org\/en\/product\/le-festin-deva-la-passion-de-la-vannerie-illustrations-couleur\/","title":{"rendered":"LE FESTIN D&#8217;EVA &#8211; LA PASSION DE LA VANNERIE &#8211; ILLUSTRATIONS, COULEUR"},"content":{"rendered":"<p style=\"margin:0;\"><span style=\"font-family:'Times New Roman';font-size:12pt;\">Le festin d\u2019Eva : La passion de la vannerie<\/p>\n<p>Eva Seidenfaden a \u00e9norm\u00e9ment \u0153uvr\u00e9 pour le d\u00e9veloppement de l&#8217;artisanat de la vannerie au Danemark. Avec ce livre, elle revient sur l&#8217;esprit et la richesse de cet univers mais aussi sur les liens qu&#8217;elle a nou\u00e9. V\u00e9ritable voyage dans ce vaste monde, elle se rappelle ses premiers contacts avec l\u2019osier et son amour presque imm\u00e9diat pour cet artisanat. Depuis plusieurs dizaines d\u2019ann\u00e9es maintenant, elle s\u2019efforce de valoriser cette discipline non seulement au Danemark \u00e0 Vissinggaard, son lieu de vie, mais aussi dans le monde partageant ainsi sa passion mais aussi les valeurs qui l\u2019animent : le dialogue, la communion avec la mati\u00e8re naturelle, la patience sereine et la transmission.<\/p>\n<p>Deuxi\u00e8me livre de l&#8217;artiste qui, dans le domaine de la vannerie, est une r\u00e9f\u00e9rence internationale.<\/p>\n<p>Autor : Seidenfaden, Eva<br \/>Linga : Franc\u00e9s<br \/>Parucion : 09\/2019<br \/>Editor : Actes Sud<br \/>Nb de pajas : 192<br \/>Format : 20 x 25,5 cm<br \/>P\u00e9s : 788 g<br \/>EAN 13 : 9782330117351<\/span><\/p>\n","protected":false},"excerpt":{"rendered":"<p>Le festin d\u2019Eva : La passion de la vannerie Eva Seidenfaden a \u00e9norm\u00e9ment \u0153uvr\u00e9 pour le d\u00e9veloppement de l&#8217;artisanat de la vannerie au Danemark. Avec ce livre, elle revient sur l&#8217;esprit et la richesse de cet univers mais aussi sur les liens qu&#8217;elle a nou\u00e9. V\u00e9ritable voyage dans ce vaste monde, elle se rappelle ses [&hellip;]<\/p>\n","protected":false},"featured_media":0,"template":"","meta":{"_acf_changed":false,"_genesis_hide_title":false,"_genesis_hide_breadcrumbs":false,"_genesis_hide_singular_image":false,"_genesis_hide_footer_widgets":false,"_genesis_custom_body_class":"","_genesis_custom_post_class":"","_genesis_layout":""},"product_brand":[],"product_cat":[7132,16135,7212,7206],"product_tag":[],"class_list":["post-55276","product","type-product","status-publish","product_cat-books","product_cat-non-classe-en","product_cat-traditional-skills-savoirs-faire-en","product_cat-traditions-heritage-en","pa_auteur-seidenfaden-eva-en","pa_editeur-actes-sud-en","pa_langue-francais-en","entry","has-post-thumbnail","first","outofstock","purchasable","product-type-simple"],"acf":[],"_links":{"self":[{"href":"https:\/\/www.libraria-occitana.org\/en\/wp-json\/wp\/v2\/product\/55276","targetHints":{"allow":["GET"]}}],"collection":[{"href":"https:\/\/www.libraria-occitana.org\/en\/wp-json\/wp\/v2\/product"}],"about":[{"href":"https:\/\/www.libraria-occitana.org\/en\/wp-json\/wp\/v2\/types\/product"}],"wp:attachment":[{"href":"https:\/\/www.libraria-occitana.org\/en\/wp-json\/wp\/v2\/media?parent=55276"}],"wp:term":[{"taxonomy":"product_brand","embeddable":true,"href":"https:\/\/www.libraria-occitana.org\/en\/wp-json\/wp\/v2\/product_brand?post=55276"},{"taxonomy":"product_cat","embeddable":true,"href":"https:\/\/www.libraria-occitana.org\/en\/wp-json\/wp\/v2\/product_cat?post=55276"},{"taxonomy":"product_tag","embeddable":true,"href":"https:\/\/www.libraria-occitana.org\/en\/wp-json\/wp\/v2\/product_tag?post=55276"}],"curies":[{"name":"wp","href":"https:\/\/api.w.org\/{rel}","templated":true}]}}

<p style="margin:0;"><span style="font-family:'Times New Roman';font-size:12pt;">Le festin d’Eva : La passion de la vannerie</p>
<p>Eva Seidenfaden a énormément œuvré pour le développement de l&#8217;artisanat de la vannerie au Danemark. Avec ce livre, elle revient sur l&#8217;esprit et la richesse de cet univers mais aussi sur les liens qu&#8217;elle a noué. Véritable voyage dans ce vaste monde, elle se rappelle ses premiers contacts avec l’osier et son amour presque immédiat pour cet artisanat. Depuis plusieurs dizaines d’années maintenant, elle s’efforce de valoriser cette discipline non seulement au Danemark à Vissinggaard, son lieu de vie, mais aussi dans le monde partageant ainsi sa passion mais aussi les valeurs qui l’animent : le dialogue, la communion avec la matière naturelle, la patience sereine et la transmission.</p>
<p>Deuxième livre de l&#8217;artiste qui, dans le domaine de la vannerie, est une référence internationale.</p>
<p>Autor : Seidenfaden, Eva<br />Linga : Francés<br />Parucion : 09/2019<br />Editor : Actes Sud<br />Nb de pajas : 192<br />Format : 20 x 25,5 cm<br />Pés : 788 g<br />EAN 13 : 9782330117351</span></p>

<p>Le festin d’Eva : La passion de la vannerie Eva Seidenfaden a énormément œuvré pour le développement de l&#8217;artisanat de la vannerie au Danemark. Avec ce livre, elle revient sur l&#8217;esprit et la richesse de cet univers mais aussi sur les liens qu&#8217;elle a noué. Véritable voyage dans ce vaste monde, elle se rappelle ses [&hellip;]</p>
