{"id":55808,"date":"2019-02-02T19:38:12","date_gmt":"2019-02-02T18:38:12","guid":{"rendered":"http:\/\/www.libraria-occitana.org\/?post_type=product&#038;p=55808"},"modified":"2026-04-26T05:51:11","modified_gmt":"2026-04-26T03:51:11","slug":"grange","status":"publish","type":"product","link":"https:\/\/www.libraria-occitana.org\/en\/product\/grange\/","title":{"rendered":"Grange"},"content":{"rendered":"<p><strong>Cl\u00e9mence Cognet :<\/strong> Violon, voix<br \/>\n<strong>Mathilde Karvaix :<\/strong> Clarinette, voix<br \/>\n<strong>Antoine Cognet :<\/strong> Guitare, banjo<br \/>\n<strong>Lo\u00efc Etienne :<\/strong> Accord\u00e9ons diatoniques<br \/>\n<strong>Cyril Etienne :<\/strong> Clarinette<\/p>\n<p>Quittant le confort des studios, c&#8217;est en live, lors d&#8217;un bal grandeur nature, que le quintette a enregistr\u00e9 ce troisi\u00e8me album, remarquable ! On y retrouve avec grand plaisir le son et l&#8217;\u00e9nergie que nous leur connaissons, mis au service d\u2019un r\u00e9pertoire o\u00f9 compositions et airs traditionnels se rencontrent et se m\u00ealent finement\u2026 Un disque \u00e0 d\u00e9couvrir absolument !<\/p>\n<p><strong>Titres :<\/strong><br \/>\n1. Bourr\u00e9es trois temps 3&#8217;06<br \/>\n2. Lisbeth &#8211; Simone 6&#8217;08<br \/>\n3. La chan\u00e7on de mon grand-paire 5&#8217;55<br \/>\n4. Bourr\u00e9es des levures &#8211; Bourr\u00e9e rigodon 4&#8217;07<br \/>\n5. Les trois gens d&#8217;armes 3&#8217;26<br \/>\n6. Fasia petar lo pe la limanhera &#8211; Bourr\u00e9e de Saint-Georges 3&#8217;42<br \/>\n7. L&#8217;Isabey 4&#8217;48<br \/>\n8. Le jugement des jeunes filles &#8211; Bourr\u00e9e \u00e0 Mondoly 3&#8217;46<br \/>\n9. Maxiloutre 2&#8217;58<br \/>\n10. L&#8217;ivrogne 5&#8217;07<br \/>\n11. Bourr\u00e9e de la souris 3&#8217;24<br \/>\n12. Le chalon de l&#8217;\u00e2ne &#8211; Le breuil qui penche &#8211; Damon et Henriette 4&#8217;48<br \/>\n13. Pour aller voir Virginie 3&#8217;48<br \/>\n14. Bourr\u00e9e des toqu\u00e9es &#8211; La chanson du faubourg de Saint-Alyre 6&#8217;29<\/p>\n","protected":false},"excerpt":{"rendered":"<p>Cl\u00e9mence Cognet : Violon, voix Mathilde Karvaix : Clarinette, voix Antoine Cognet : Guitare, banjo Lo\u00efc Etienne : Accord\u00e9ons diatoniques Cyril Etienne : Clarinette Quittant le confort des studios, c&#8217;est en live, lors d&#8217;un bal grandeur nature, que le quintette a enregistr\u00e9 ce troisi\u00e8me album, remarquable ! On y retrouve avec grand plaisir le son [&hellip;]<\/p>\n","protected":false},"featured_media":55811,"template":"","meta":{"_acf_changed":false,"_genesis_hide_title":false,"_genesis_hide_breadcrumbs":false,"_genesis_hide_singular_image":false,"_genesis_hide_footer_widgets":false,"_genesis_custom_body_class":"","_genesis_custom_post_class":"","_genesis_layout":""},"product_brand":[],"product_cat":[7228,7216],"product_tag":[],"class_list":{"0":"post-55808","1":"product","2":"type-product","3":"status-publish","4":"has-post-thumbnail","6":"product_cat-modern-folk-en","7":"product_cat-music-en","8":"pa_auteur-komred-en","9":"pa_editeur-cdmdt-63-fr-en","10":"pa_editeur-phonolithe-en","11":"pa_langue-francais-en","12":"pa_langue-occitan-en","13":"pa_langue-occitan-auvernhat-en","14":"entry","16":"first","17":"instock","18":"shipping-taxable","19":"purchasable","20":"product-type-simple"},"acf":[],"_links":{"self":[{"href":"https:\/\/www.libraria-occitana.org\/en\/wp-json\/wp\/v2\/product\/55808","targetHints":{"allow":["GET"]}}],"collection":[{"href":"https:\/\/www.libraria-occitana.org\/en\/wp-json\/wp\/v2\/product"}],"about":[{"href":"https:\/\/www.libraria-occitana.org\/en\/wp-json\/wp\/v2\/types\/product"}],"wp:featuredmedia":[{"embeddable":true,"href":"https:\/\/www.libraria-occitana.org\/en\/wp-json\/wp\/v2\/media\/55811"}],"wp:attachment":[{"href":"https:\/\/www.libraria-occitana.org\/en\/wp-json\/wp\/v2\/media?parent=55808"}],"wp:term":[{"taxonomy":"product_brand","embeddable":true,"href":"https:\/\/www.libraria-occitana.org\/en\/wp-json\/wp\/v2\/product_brand?post=55808"},{"taxonomy":"product_cat","embeddable":true,"href":"https:\/\/www.libraria-occitana.org\/en\/wp-json\/wp\/v2\/product_cat?post=55808"},{"taxonomy":"product_tag","embeddable":true,"href":"https:\/\/www.libraria-occitana.org\/en\/wp-json\/wp\/v2\/product_tag?post=55808"}],"curies":[{"name":"wp","href":"https:\/\/api.w.org\/{rel}","templated":true}]}}

<p><strong>Clémence Cognet :</strong> Violon, voix<br />
<strong>Mathilde Karvaix :</strong> Clarinette, voix<br />
<strong>Antoine Cognet :</strong> Guitare, banjo<br />
<strong>Loïc Etienne :</strong> Accordéons diatoniques<br />
<strong>Cyril Etienne :</strong> Clarinette</p>
<p>Quittant le confort des studios, c&#8217;est en live, lors d&#8217;un bal grandeur nature, que le quintette a enregistré ce troisième album, remarquable ! On y retrouve avec grand plaisir le son et l&#8217;énergie que nous leur connaissons, mis au service d’un répertoire où compositions et airs traditionnels se rencontrent et se mêlent finement… Un disque à découvrir absolument !</p>
<p><strong>Titres :</strong><br />
1. Bourrées trois temps 3&#8217;06<br />
2. Lisbeth &#8211; Simone 6&#8217;08<br />
3. La chançon de mon grand-paire 5&#8217;55<br />
4. Bourrées des levures &#8211; Bourrée rigodon 4&#8217;07<br />
5. Les trois gens d&#8217;armes 3&#8217;26<br />
6. Fasia petar lo pe la limanhera &#8211; Bourrée de Saint-Georges 3&#8217;42<br />
7. L&#8217;Isabey 4&#8217;48<br />
8. Le jugement des jeunes filles &#8211; Bourrée à Mondoly 3&#8217;46<br />
9. Maxiloutre 2&#8217;58<br />
10. L&#8217;ivrogne 5&#8217;07<br />
11. Bourrée de la souris 3&#8217;24<br />
12. Le chalon de l&#8217;âne &#8211; Le breuil qui penche &#8211; Damon et Henriette 4&#8217;48<br />
13. Pour aller voir Virginie 3&#8217;48<br />
14. Bourrée des toquées &#8211; La chanson du faubourg de Saint-Alyre 6&#8217;29</p>

<p>Clémence Cognet : Violon, voix Mathilde Karvaix : Clarinette, voix Antoine Cognet : Guitare, banjo Loïc Etienne : Accordéons diatoniques Cyril Etienne : Clarinette Quittant le confort des studios, c&#8217;est en live, lors d&#8217;un bal grandeur nature, que le quintette a enregistré ce troisième album, remarquable ! On y retrouve avec grand plaisir le son [&hellip;]</p>
