{"id":56119,"date":"2020-09-14T15:41:44","date_gmt":"2020-09-14T13:41:44","guid":{"rendered":"http:\/\/www.libraria-occitana.org\/product\/dralhas\/"},"modified":"2026-04-27T03:41:38","modified_gmt":"2026-04-27T01:41:38","slug":"dralhas","status":"publish","type":"product","link":"https:\/\/www.libraria-occitana.org\/en\/product\/dralhas\/","title":{"rendered":"Dralhas"},"content":{"rendered":"<p>\u00ab Dans les nuits du palais de Poitiers le jeunes Guillaume entendait chanter de merveilleuses chanteuses andalouses conduites de Barbastre par son p\u00e8re. De ces chants d&#8217;amour nocturnes na\u00eetra le printemps des troubadours.<br \/>\nLe jeune Serge entendait, lui, dans les nuits d&#8217;Esp\u00e9daillac, sur le Causse de Gramat, le chant profond du vieux chemin antique, un chant de f\u00e9es : chant de deuil qui berce les \u00e2mes perdues, chant d&#8217;amour et d&#8217;esp\u00e9rance. Nous savons depuis Joseph-S\u00e9bastien Pons, les deux Max \u2013 Rouquette et Lafargue \u2013 et d&#8217;autres \u00e9couter la feuille qui murmure quand souffle un vent de r\u00eaves.<br \/>\nNous savons aussi avec Marcelle Delpastre que \u201cce pays n&#8217;ach\u00e8ve jamais, n&#8217;ach\u00e8ve pas de mourir ni de vivre, n&#8217;ach\u00e8ve jamais\u201d et nous avons le mal de la terre avec Yves Rouquette.<br \/>\nTout ceci Serge Hirondelle le sait, le vit et en vit, il en p\u00e9trit le pain c\u00e9leste d&#8217;\u00e9trange douceur.<br \/>\nIl faut le suivre sur les sentiers o\u00f9 il vous invite, chemins de solitude et de vie. \u00bb<\/p>\n<p style=\"text-align: right;\">Philippe Carbonne, Quatri\u00e8me de couverture \u00e0 la premi\u00e8re \u00e9dition de ce recueil aux \u00e9ditions de l&#8217;IEO Tarn en 2002.<\/p>\n<p>Dossier photocopies A4 avec r\u00e9glette.<\/p>\n","protected":false},"excerpt":{"rendered":"<p>\u00ab Dans les nuits du palais de Poitiers le jeunes Guillaume entendait chanter de merveilleuses chanteuses andalouses conduites de Barbastre par son p\u00e8re. De ces chants d&#8217;amour nocturnes na\u00eetra le printemps des troubadours. Le jeune Serge entendait, lui, dans les nuits d&#8217;Esp\u00e9daillac, sur le Causse de Gramat, le chant profond du vieux chemin antique, un [&hellip;]<\/p>\n","protected":false},"featured_media":56117,"template":"","meta":{"_acf_changed":false,"_genesis_hide_title":false,"_genesis_hide_breadcrumbs":false,"_genesis_hide_singular_image":false,"_genesis_hide_footer_widgets":false,"_genesis_custom_body_class":"","_genesis_custom_post_class":"","_genesis_layout":""},"product_brand":[],"product_cat":[7132,7174,7180],"product_tag":[],"class_list":{"0":"post-56119","1":"product","2":"type-product","3":"status-publish","4":"has-post-thumbnail","6":"product_cat-books","7":"product_cat-literature-en","8":"product_cat-poetry-en","9":"pa_auteur-irondela-sergi-hirondelle-serge-en","10":"pa_editeur-associacion-aqui-loc-en","11":"pa_langue-occitan-lengadocian-en","12":"pa_langue-occitan-francais-en","13":"entry","15":"first","16":"outofstock","17":"shipping-taxable","18":"purchasable","19":"product-type-simple"},"acf":[],"_links":{"self":[{"href":"https:\/\/www.libraria-occitana.org\/en\/wp-json\/wp\/v2\/product\/56119","targetHints":{"allow":["GET"]}}],"collection":[{"href":"https:\/\/www.libraria-occitana.org\/en\/wp-json\/wp\/v2\/product"}],"about":[{"href":"https:\/\/www.libraria-occitana.org\/en\/wp-json\/wp\/v2\/types\/product"}],"wp:featuredmedia":[{"embeddable":true,"href":"https:\/\/www.libraria-occitana.org\/en\/wp-json\/wp\/v2\/media\/56117"}],"wp:attachment":[{"href":"https:\/\/www.libraria-occitana.org\/en\/wp-json\/wp\/v2\/media?parent=56119"}],"wp:term":[{"taxonomy":"product_brand","embeddable":true,"href":"https:\/\/www.libraria-occitana.org\/en\/wp-json\/wp\/v2\/product_brand?post=56119"},{"taxonomy":"product_cat","embeddable":true,"href":"https:\/\/www.libraria-occitana.org\/en\/wp-json\/wp\/v2\/product_cat?post=56119"},{"taxonomy":"product_tag","embeddable":true,"href":"https:\/\/www.libraria-occitana.org\/en\/wp-json\/wp\/v2\/product_tag?post=56119"}],"curies":[{"name":"wp","href":"https:\/\/api.w.org\/{rel}","templated":true}]}}

<p>« Dans les nuits du palais de Poitiers le jeunes Guillaume entendait chanter de merveilleuses chanteuses andalouses conduites de Barbastre par son père. De ces chants d&#8217;amour nocturnes naîtra le printemps des troubadours.<br />
Le jeune Serge entendait, lui, dans les nuits d&#8217;Espédaillac, sur le Causse de Gramat, le chant profond du vieux chemin antique, un chant de fées : chant de deuil qui berce les âmes perdues, chant d&#8217;amour et d&#8217;espérance. Nous savons depuis Joseph-Sébastien Pons, les deux Max – Rouquette et Lafargue – et d&#8217;autres écouter la feuille qui murmure quand souffle un vent de rêves.<br />
Nous savons aussi avec Marcelle Delpastre que “ce pays n&#8217;achève jamais, n&#8217;achève pas de mourir ni de vivre, n&#8217;achève jamais” et nous avons le mal de la terre avec Yves Rouquette.<br />
Tout ceci Serge Hirondelle le sait, le vit et en vit, il en pétrit le pain céleste d&#8217;étrange douceur.<br />
Il faut le suivre sur les sentiers où il vous invite, chemins de solitude et de vie. »</p>
<p style="text-align: right;">Philippe Carbonne, Quatrième de couverture à la première édition de ce recueil aux éditions de l&#8217;IEO Tarn en 2002.</p>
<p>Dossier photocopies A4 avec réglette.</p>

<p>« Dans les nuits du palais de Poitiers le jeunes Guillaume entendait chanter de merveilleuses chanteuses andalouses conduites de Barbastre par son père. De ces chants d&#8217;amour nocturnes naîtra le printemps des troubadours. Le jeune Serge entendait, lui, dans les nuits d&#8217;Espédaillac, sur le Causse de Gramat, le chant profond du vieux chemin antique, un [&hellip;]</p>
