{"id":56676,"date":"2022-09-28T13:03:36","date_gmt":"2022-09-28T11:03:36","guid":{"rendered":"http:\/\/www.libraria-occitana.org\/product\/la-glane-vinyle\/"},"modified":"2026-04-29T02:51:39","modified_gmt":"2026-04-29T00:51:39","slug":"la-glane-vinyle","status":"publish","type":"product","link":"https:\/\/www.libraria-occitana.org\/en\/product\/la-glane-vinyle\/","title":{"rendered":"La Glane (Vinyle)"},"content":{"rendered":"<p><strong>Paolo Gauthier :<\/strong> Batterie, voix<br \/>\n<strong>Simon Guy :<\/strong> Guitare, pedal steel, voix<br \/>\n<strong>Baptiste Lherbeil :<\/strong> Vielle \u00e0 roue, voix<\/p>\n<p>Compos\u00e9 et arrang\u00e9 par Brama.<br \/>\nTextes : Brama et Dominique Decomps (1, 3), trad. (2, 5)<\/p>\n<p>En s\u2019engageant t\u00eate baiss\u00e9e dans les contre-all\u00e9es du Massif Central, Brama a choisi l\u2019exigence impitoyable du trio pour exprimer pleinement la transe d\u2019un rock psych\u00e9d\u00e9lique farouche et authentique, celui qui rince la t\u00eate et fait d\u00e9coller tr\u00e8s loin, une claque vertigineuse qui remet imm\u00e9diatement les id\u00e9es en place.<br \/>\nGuitare et batterie en \u00e9tat d\u2019hypnose, vielle \u00e0 roue transfigur\u00e9e pass\u00e9e \u00e0 la p\u00e9dale, bourdon taraudeur et chants en occitan lumineux, Brama fait valser les clich\u00e9s, en allant puiser au plus profond de la tradition populaire de quoi modeler le plus contemporain des discours. Exp\u00e9rimental et libre comme l\u2019air, le jeune trio s\u2019empare \u00e0 bras le corps d\u2019un folklore solaire et rayonnant, o\u00f9 l\u2019on danse avec force sueur et moult rage, pour redessiner les traits d\u2019une po\u00e9sie orageuse, un DIY p\u00e9taradant et polyphonique aux accents noise et au doux parfum de drone.<br \/>\nMais si la chose musicale est fascinante, c\u00e2ble tendu \u00e0 l\u2019extr\u00eame entre le corps ancestral d\u2019une vielle toute-puissante et un guitare\/batterie furibond, c\u2019est le chant, arrach\u00e9 de ce maelstr\u00f6m sonore, qui finit d\u2019\u00e9lever cette construction in\u00e9dite \u00e0 des hauteurs rarement entrevues ici-bas. De concert, le groupe tout entier ondule, vire de bord et se plie aux exigences d\u2019une mati\u00e8re sans cesse en mouvement, loin des codes du binaire et du tout-venant.<br \/>\nAussi pr\u00e8s de l\u2019usinage krautrock que du s\u00e9minal zeppelinien, cousin d\u2019un Deerhoof ou d\u2019un Altin G\u00fcn, Brama a d\u2019ailleurs laiss\u00e9 sur le cul un bon paquet de spectateur.rice.s et de professionnel.lle.s aux anges, en t\u00e9moigne la s\u00e9lection 2021 des Inou\u00efs du Printemps de Bourges.<br \/>\nAujourd\u2019hui, au gr\u00e9 de ce ressac satur\u00e9 d\u2019\u00e9lectricit\u00e9, les deux pieds sur terre et la t\u00eate dans les \u00e9toiles, le trio \u00e9crit le premier chapitre d\u2019une odyss\u00e9e radieuse et audacieuse.<\/p>\n<p><iframe loading=\"lazy\" title=\"YouTube video player\" src=\"https:\/\/www.youtube.com\/embed\/NyLDeixQhoo\" width=\"560\" height=\"315\" frameborder=\"0\" allowfullscreen=\"allowfullscreen\"><\/iframe><\/p>\n<p><strong>Titres :<\/strong><br \/>\n<strong>Face A<\/strong><br \/>\n1. Ma j\u00f2ia<br \/>\n2. Los endurmits<br \/>\n3. Rulha<br \/>\n4. Chordata<\/p>\n<p><strong>Face B<\/strong><br \/>\n5. Saber volar<br \/>\n6. La Glane<\/p>\n","protected":false},"excerpt":{"rendered":"<p>Paolo Gauthier : Batterie, voix Simon Guy : Guitare, pedal steel, voix Baptiste Lherbeil : Vielle \u00e0 roue, voix Compos\u00e9 et arrang\u00e9 par Brama. Textes : Brama et Dominique Decomps (1, 3), trad. (2, 5) En s\u2019engageant t\u00eate baiss\u00e9e dans les contre-all\u00e9es du Massif Central, Brama a choisi l\u2019exigence impitoyable du trio pour exprimer pleinement [&hellip;]<\/p>\n","protected":false},"featured_media":56668,"template":"","meta":{"_acf_changed":false,"_genesis_hide_title":false,"_genesis_hide_breadcrumbs":false,"_genesis_hide_singular_image":false,"_genesis_hide_footer_widgets":false,"_genesis_custom_body_class":"","_genesis_custom_post_class":"","_genesis_layout":""},"product_brand":[],"product_cat":[7216,7232],"product_tag":[],"class_list":{"0":"post-56676","1":"product","2":"type-product","3":"status-publish","4":"has-post-thumbnail","6":"product_cat-music-en","7":"product_cat-rock-pop-en","8":"pa_auteur-brama-en","9":"pa_editeur-la-grande-folie-en","10":"pa_langue-occitan-en","11":"pa_langue-occitan-lemosin-en","12":"entry","14":"first","15":"instock","16":"shipping-taxable","17":"purchasable","18":"product-type-simple"},"acf":[],"_links":{"self":[{"href":"https:\/\/www.libraria-occitana.org\/en\/wp-json\/wp\/v2\/product\/56676","targetHints":{"allow":["GET"]}}],"collection":[{"href":"https:\/\/www.libraria-occitana.org\/en\/wp-json\/wp\/v2\/product"}],"about":[{"href":"https:\/\/www.libraria-occitana.org\/en\/wp-json\/wp\/v2\/types\/product"}],"wp:featuredmedia":[{"embeddable":true,"href":"https:\/\/www.libraria-occitana.org\/en\/wp-json\/wp\/v2\/media\/56668"}],"wp:attachment":[{"href":"https:\/\/www.libraria-occitana.org\/en\/wp-json\/wp\/v2\/media?parent=56676"}],"wp:term":[{"taxonomy":"product_brand","embeddable":true,"href":"https:\/\/www.libraria-occitana.org\/en\/wp-json\/wp\/v2\/product_brand?post=56676"},{"taxonomy":"product_cat","embeddable":true,"href":"https:\/\/www.libraria-occitana.org\/en\/wp-json\/wp\/v2\/product_cat?post=56676"},{"taxonomy":"product_tag","embeddable":true,"href":"https:\/\/www.libraria-occitana.org\/en\/wp-json\/wp\/v2\/product_tag?post=56676"}],"curies":[{"name":"wp","href":"https:\/\/api.w.org\/{rel}","templated":true}]}}

<p><strong>Paolo Gauthier :</strong> Batterie, voix<br />
<strong>Simon Guy :</strong> Guitare, pedal steel, voix<br />
<strong>Baptiste Lherbeil :</strong> Vielle à roue, voix</p>
<p>Composé et arrangé par Brama.<br />
Textes : Brama et Dominique Decomps (1, 3), trad. (2, 5)</p>
<p>En s’engageant tête baissée dans les contre-allées du Massif Central, Brama a choisi l’exigence impitoyable du trio pour exprimer pleinement la transe d’un rock psychédélique farouche et authentique, celui qui rince la tête et fait décoller très loin, une claque vertigineuse qui remet immédiatement les idées en place.<br />
Guitare et batterie en état d’hypnose, vielle à roue transfigurée passée à la pédale, bourdon taraudeur et chants en occitan lumineux, Brama fait valser les clichés, en allant puiser au plus profond de la tradition populaire de quoi modeler le plus contemporain des discours. Expérimental et libre comme l’air, le jeune trio s’empare à bras le corps d’un folklore solaire et rayonnant, où l’on danse avec force sueur et moult rage, pour redessiner les traits d’une poésie orageuse, un DIY pétaradant et polyphonique aux accents noise et au doux parfum de drone.<br />
Mais si la chose musicale est fascinante, câble tendu à l’extrême entre le corps ancestral d’une vielle toute-puissante et un guitare/batterie furibond, c’est le chant, arraché de ce maelström sonore, qui finit d’élever cette construction inédite à des hauteurs rarement entrevues ici-bas. De concert, le groupe tout entier ondule, vire de bord et se plie aux exigences d’une matière sans cesse en mouvement, loin des codes du binaire et du tout-venant.<br />
Aussi près de l’usinage krautrock que du séminal zeppelinien, cousin d’un Deerhoof ou d’un Altin Gün, Brama a d’ailleurs laissé sur le cul un bon paquet de spectateur.rice.s et de professionnel.lle.s aux anges, en témoigne la sélection 2021 des Inouïs du Printemps de Bourges.<br />
Aujourd’hui, au gré de ce ressac saturé d’électricité, les deux pieds sur terre et la tête dans les étoiles, le trio écrit le premier chapitre d’une odyssée radieuse et audacieuse.</p>
<p><iframe loading="lazy" title="YouTube video player" src="https://www.youtube.com/embed/NyLDeixQhoo" width="560" height="315" frameborder="0" allowfullscreen="allowfullscreen"></iframe></p>
<p><strong>Titres :</strong><br />
<strong>Face A</strong><br />
1. Ma jòia<br />
2. Los endurmits<br />
3. Rulha<br />
4. Chordata</p>
<p><strong>Face B</strong><br />
5. Saber volar<br />
6. La Glane</p>

<p>Paolo Gauthier : Batterie, voix Simon Guy : Guitare, pedal steel, voix Baptiste Lherbeil : Vielle à roue, voix Composé et arrangé par Brama. Textes : Brama et Dominique Decomps (1, 3), trad. (2, 5) En s’engageant tête baissée dans les contre-allées du Massif Central, Brama a choisi l’exigence impitoyable du trio pour exprimer pleinement [&hellip;]</p>
