{"id":56861,"date":"2022-10-24T14:05:22","date_gmt":"2022-10-24T12:05:22","guid":{"rendered":"http:\/\/www.libraria-occitana.org\/?post_type=product&#038;p=56861"},"modified":"2026-04-28T01:06:14","modified_gmt":"2026-04-27T23:06:14","slug":"aprivadar-la-camarda-apprivoiser-la-camarde","status":"publish","type":"product","link":"https:\/\/www.libraria-occitana.org\/en\/product\/aprivadar-la-camarda-apprivoiser-la-camarde\/","title":{"rendered":"Aprivadar la camarda &#8211; Apprivoiser la camarde"},"content":{"rendered":"<p>La conscience aigue de la mort ne vint qu&#8217;apr\u00e8s la projection de <em>Nuit et brouillard<\/em> d&#8217;Alain Resnais. L&#8217;horreur totale et une r\u00e9volte \u00e9ternelle contre cette folie incroyable du nazisme. Almine avait vu l\u00e0 tout le contraire des valeurs apprises dans son enfance et son adolescence. C&#8217;\u00e9tait un v\u00e9ritable tremblement de terre dans l&#8217;\u00e9quilibre qu&#8217;elle s&#8217;\u00e9tait construit. Une totale remise en question de ce qu&#8217;elle croyait \u00eatre la nature humaine.<\/p>\n","protected":false},"excerpt":{"rendered":"<p>La conscience aigue de la mort ne vint qu&#8217;apr\u00e8s la projection de Nuit et brouillard d&#8217;Alain Resnais. L&#8217;horreur totale et une r\u00e9volte \u00e9ternelle contre cette folie incroyable du nazisme. Almine avait vu l\u00e0 tout le contraire des valeurs apprises dans son enfance et son adolescence. C&#8217;\u00e9tait un v\u00e9ritable tremblement de terre dans l&#8217;\u00e9quilibre qu&#8217;elle s&#8217;\u00e9tait [&hellip;]<\/p>\n","protected":false},"featured_media":56864,"template":"","meta":{"_acf_changed":false,"_genesis_hide_title":false,"_genesis_hide_breadcrumbs":false,"_genesis_hide_singular_image":false,"_genesis_hide_footer_widgets":false,"_genesis_custom_body_class":"","_genesis_custom_post_class":"","_genesis_layout":""},"product_brand":[],"product_cat":[7132,7174,7182],"product_tag":[],"class_list":{"0":"post-56861","1":"product","2":"type-product","3":"status-publish","4":"has-post-thumbnail","6":"product_cat-books","7":"product_cat-literature-en","8":"product_cat-novels-short-stories-en","9":"pa_auteur-gros-lisa-en","10":"pa_editeur-lauceu-libre-en","11":"pa_langue-occitan-provencau-en","12":"pa_langue-occitan-francais-en","13":"entry","15":"first","16":"instock","17":"shipping-taxable","18":"purchasable","19":"product-type-simple"},"acf":[],"_links":{"self":[{"href":"https:\/\/www.libraria-occitana.org\/en\/wp-json\/wp\/v2\/product\/56861","targetHints":{"allow":["GET"]}}],"collection":[{"href":"https:\/\/www.libraria-occitana.org\/en\/wp-json\/wp\/v2\/product"}],"about":[{"href":"https:\/\/www.libraria-occitana.org\/en\/wp-json\/wp\/v2\/types\/product"}],"wp:featuredmedia":[{"embeddable":true,"href":"https:\/\/www.libraria-occitana.org\/en\/wp-json\/wp\/v2\/media\/56864"}],"wp:attachment":[{"href":"https:\/\/www.libraria-occitana.org\/en\/wp-json\/wp\/v2\/media?parent=56861"}],"wp:term":[{"taxonomy":"product_brand","embeddable":true,"href":"https:\/\/www.libraria-occitana.org\/en\/wp-json\/wp\/v2\/product_brand?post=56861"},{"taxonomy":"product_cat","embeddable":true,"href":"https:\/\/www.libraria-occitana.org\/en\/wp-json\/wp\/v2\/product_cat?post=56861"},{"taxonomy":"product_tag","embeddable":true,"href":"https:\/\/www.libraria-occitana.org\/en\/wp-json\/wp\/v2\/product_tag?post=56861"}],"curies":[{"name":"wp","href":"https:\/\/api.w.org\/{rel}","templated":true}]}}

<p>La conscience aigue de la mort ne vint qu&#8217;après la projection de <em>Nuit et brouillard</em> d&#8217;Alain Resnais. L&#8217;horreur totale et une révolte éternelle contre cette folie incroyable du nazisme. Almine avait vu là tout le contraire des valeurs apprises dans son enfance et son adolescence. C&#8217;était un véritable tremblement de terre dans l&#8217;équilibre qu&#8217;elle s&#8217;était construit. Une totale remise en question de ce qu&#8217;elle croyait être la nature humaine.</p>

<p>La conscience aigue de la mort ne vint qu&#8217;après la projection de Nuit et brouillard d&#8217;Alain Resnais. L&#8217;horreur totale et une révolte éternelle contre cette folie incroyable du nazisme. Almine avait vu là tout le contraire des valeurs apprises dans son enfance et son adolescence. C&#8217;était un véritable tremblement de terre dans l&#8217;équilibre qu&#8217;elle s&#8217;était [&hellip;]</p>
