{"id":57028,"date":"2022-01-26T19:34:49","date_gmt":"2022-01-26T18:34:49","guid":{"rendered":"http:\/\/www.libraria-occitana.org\/product\/libertat\/"},"modified":"2026-04-29T02:41:31","modified_gmt":"2026-04-29T00:41:31","slug":"libertat","status":"publish","type":"product","link":"https:\/\/www.libraria-occitana.org\/en\/product\/libertat\/","title":{"rendered":"Libertat"},"content":{"rendered":"<p><strong>Christophe C\u00e9lerier :<\/strong> Accord\u00e9on, guitare, chant<br \/>\n<strong>Thomas Fossaert :<\/strong> Saxophones, cornemuse, chant<br \/>\n<strong>Alain Josu\u00e9 :<\/strong> Batterie, percussions, chant<br \/>\n<strong>Paul Motteau :<\/strong> Contrebasse, banjo, moog, chant<\/p>\n<p><strong>Invit\u00e9s :<\/strong><br \/>\nM\u00e9lanie C\u00e9lerier : Chant (2)<br \/>\nB\u00e9r\u00e9nice C\u00e9lerier : Chant (2)<br \/>\nJoan Franc\u00e9s Tisn\u00e8r : Chant et composition (3)<br \/>\nSylvain Roux : Fifre et composition (11)<br \/>\nSarah Neveu : Violon (12)<\/p>\n<p>\u00ab Groove agricole du P\u00e9rigord \u00bb<br \/>\nC&#8217;est dans le champs des musiques traditionnelles du P\u00e9rigord et d&#8217;Occitanie que Moizbat cultive et explore les sonorit\u00e9s puissantes, les alliances acoustiques et les improvisations vocal-instrumentales.<br \/>\nM\u00ealant traditionnel et contemporain, musiques primitives et savantes, chant et danse, l&#8217;expression musicale du groupe est \u00e0 la fois enracin\u00e9e, hypnotique, m\u00e9tiss\u00e9e et r\u00e9-invent\u00e9e.<\/p>\n<p><strong>Titres :<\/strong><br \/>\n1. Libertat 3&#8217;08<br \/>\n2. Bacchantes 3&#8217;12<br \/>\n3. A las joenas 4&#8217;32<br \/>\n4. Filha de Marzac 3&#8217;00<br \/>\n5. Pause de vent 2&#8217;55<br \/>\n6. Sus la planta 5&#8217;38<br \/>\n7. La pechardi\u00e8re 2&#8217;15<br \/>\n8. Scottish m\u00e9tisse 4&#8217;13<br \/>\n9. Mazer 5&#8217;06<br \/>\n10. Dansarem \/ Bel mair 4&#8217;58<br \/>\n11. En Grenada 4&#8217;12<br \/>\n12. Petrocori 6&#8217;21<\/p>\n","protected":false},"excerpt":{"rendered":"<p>Christophe C\u00e9lerier : Accord\u00e9on, guitare, chant Thomas Fossaert : Saxophones, cornemuse, chant Alain Josu\u00e9 : Batterie, percussions, chant Paul Motteau : Contrebasse, banjo, moog, chant Invit\u00e9s : M\u00e9lanie C\u00e9lerier : Chant (2) B\u00e9r\u00e9nice C\u00e9lerier : Chant (2) Joan Franc\u00e9s Tisn\u00e8r : Chant et composition (3) Sylvain Roux : Fifre et composition (11) Sarah Neveu : [&hellip;]<\/p>\n","protected":false},"featured_media":57026,"template":"","meta":{"_acf_changed":false,"_genesis_hide_title":false,"_genesis_hide_breadcrumbs":false,"_genesis_hide_singular_image":false,"_genesis_hide_footer_widgets":false,"_genesis_custom_body_class":"","_genesis_custom_post_class":"","_genesis_layout":""},"product_brand":[],"product_cat":[7228,7216],"product_tag":[],"class_list":{"0":"post-57028","1":"product","2":"type-product","3":"status-publish","4":"has-post-thumbnail","6":"product_cat-modern-folk-en","7":"product_cat-music-en","8":"pa_auteur-moizbat-en","9":"pa_langue-occitan-en","10":"entry","12":"first","13":"instock","14":"shipping-taxable","15":"purchasable","16":"product-type-simple"},"acf":[],"_links":{"self":[{"href":"https:\/\/www.libraria-occitana.org\/en\/wp-json\/wp\/v2\/product\/57028","targetHints":{"allow":["GET"]}}],"collection":[{"href":"https:\/\/www.libraria-occitana.org\/en\/wp-json\/wp\/v2\/product"}],"about":[{"href":"https:\/\/www.libraria-occitana.org\/en\/wp-json\/wp\/v2\/types\/product"}],"wp:featuredmedia":[{"embeddable":true,"href":"https:\/\/www.libraria-occitana.org\/en\/wp-json\/wp\/v2\/media\/57026"}],"wp:attachment":[{"href":"https:\/\/www.libraria-occitana.org\/en\/wp-json\/wp\/v2\/media?parent=57028"}],"wp:term":[{"taxonomy":"product_brand","embeddable":true,"href":"https:\/\/www.libraria-occitana.org\/en\/wp-json\/wp\/v2\/product_brand?post=57028"},{"taxonomy":"product_cat","embeddable":true,"href":"https:\/\/www.libraria-occitana.org\/en\/wp-json\/wp\/v2\/product_cat?post=57028"},{"taxonomy":"product_tag","embeddable":true,"href":"https:\/\/www.libraria-occitana.org\/en\/wp-json\/wp\/v2\/product_tag?post=57028"}],"curies":[{"name":"wp","href":"https:\/\/api.w.org\/{rel}","templated":true}]}}

<p><strong>Christophe Célerier :</strong> Accordéon, guitare, chant<br />
<strong>Thomas Fossaert :</strong> Saxophones, cornemuse, chant<br />
<strong>Alain Josué :</strong> Batterie, percussions, chant<br />
<strong>Paul Motteau :</strong> Contrebasse, banjo, moog, chant</p>
<p><strong>Invités :</strong><br />
Mélanie Célerier : Chant (2)<br />
Bérénice Célerier : Chant (2)<br />
Joan Francés Tisnèr : Chant et composition (3)<br />
Sylvain Roux : Fifre et composition (11)<br />
Sarah Neveu : Violon (12)</p>
<p>« Groove agricole du Périgord »<br />
C&#8217;est dans le champs des musiques traditionnelles du Périgord et d&#8217;Occitanie que Moizbat cultive et explore les sonorités puissantes, les alliances acoustiques et les improvisations vocal-instrumentales.<br />
Mêlant traditionnel et contemporain, musiques primitives et savantes, chant et danse, l&#8217;expression musicale du groupe est à la fois enracinée, hypnotique, métissée et ré-inventée.</p>
<p><strong>Titres :</strong><br />
1. Libertat 3&#8217;08<br />
2. Bacchantes 3&#8217;12<br />
3. A las joenas 4&#8217;32<br />
4. Filha de Marzac 3&#8217;00<br />
5. Pause de vent 2&#8217;55<br />
6. Sus la planta 5&#8217;38<br />
7. La pechardière 2&#8217;15<br />
8. Scottish métisse 4&#8217;13<br />
9. Mazer 5&#8217;06<br />
10. Dansarem / Bel mair 4&#8217;58<br />
11. En Grenada 4&#8217;12<br />
12. Petrocori 6&#8217;21</p>

<p>Christophe Célerier : Accordéon, guitare, chant Thomas Fossaert : Saxophones, cornemuse, chant Alain Josué : Batterie, percussions, chant Paul Motteau : Contrebasse, banjo, moog, chant Invités : Mélanie Célerier : Chant (2) Bérénice Célerier : Chant (2) Joan Francés Tisnèr : Chant et composition (3) Sylvain Roux : Fifre et composition (11) Sarah Neveu : [&hellip;]</p>
