{"id":57162,"date":"2022-11-24T20:08:54","date_gmt":"2022-11-24T19:08:54","guid":{"rendered":"http:\/\/www.libraria-occitana.org\/?post_type=product&#038;p=57162"},"modified":"2026-04-29T11:12:01","modified_gmt":"2026-04-29T09:12:01","slug":"la-lunade-de-saint-jean-ou-la-fantastique-histoire-dun-pouvoir-usurpe","status":"publish","type":"product","link":"https:\/\/www.libraria-occitana.org\/en\/product\/la-lunade-de-saint-jean-ou-la-fantastique-histoire-dun-pouvoir-usurpe\/","title":{"rendered":"La Lunade de saint Jean ou la fantastique histoire d&#8217;un pouvoir usurp\u00e9"},"content":{"rendered":"<p>Qu&#8217;est-ce qui, tous les 23 juin \u00e0 7 heures du soir, et ce depuis 1348, fait marcher les Tullistes derri\u00e8re saint Jean en chantant, depuis la cath\u00e9drale et durant 7 km, sur les hauteurs de la ville ?<\/p>\n<p>Un v\u0153u, toujours respect\u00e9, en l&#8217;honneur de celui qui, jadis, est cens\u00e9 avoir sauv\u00e9 la cit\u00e9 de la peste.<\/p>\n<p>23 juin : soir du solstice d&#8217;\u00e9t\u00e9 et des \u00ab feux de saint Jean \u00bb. Pourtant la procession s&#8217;appelle : \u00ab La Lunade de saint Jean \u00bb ! Allez savoir pourquoi&#8230;<\/p>\n<p>Pour essayer de r\u00e9soudre cette \u00e9nigme, l&#8217;ethnologue Marie-France Houdart a men\u00e9 une longue enqu\u00eate.<br \/>\nD&#8217;abord dans les textes. Puis, en remontant la piste des lointaines religions pr\u00e9-chr\u00e9tiennes, o\u00f9 des mythes racontaient quelles puissances faisaient tourner l&#8217;univers et quels cultes il fallait leur rendre, elle a rejoint une des questions fondamentales de notre temps : la place des femmes dans le monde.<\/p>\n<p>Les mythes sont oubli\u00e9s, les rites restent : autour de la Lune, des herbes, de la fum\u00e9e, ils nous ram\u00e8nent \u00e0 des temps o\u00f9 la place des femmes, procr\u00e9atrices, nourrici\u00e8res, gu\u00e9risseuses, \u00e9tait sacr\u00e9e. Des forces masculines les ont progressivement mises \u00e0 l&#8217;\u00e9cart.<\/p>\n<p>C&#8217;est ainsi qu&#8217;\u00e0 Tulle, le soleil de saint Jean, symbole de la nouvelle lumi\u00e8re chr\u00e9tienne, a pris la place. Mais Marie, \u00ab belle comme la Lune \u00bb, veille toujours&#8230;<\/p>\n<p>Une fantastique histoire ! Au-del\u00e0 des \u00e9crits, des rites mill\u00e9naires nous en r\u00e9v\u00e8lent bien plus qu&#8217;il n&#8217;y para\u00eet&#8230;<\/p>\n","protected":false},"excerpt":{"rendered":"<p>Qu&#8217;est-ce qui, tous les 23 juin \u00e0 7 heures du soir, et ce depuis 1348, fait marcher les Tullistes derri\u00e8re saint Jean en chantant, depuis la cath\u00e9drale et durant 7 km, sur les hauteurs de la ville ? Un v\u0153u, toujours respect\u00e9, en l&#8217;honneur de celui qui, jadis, est cens\u00e9 avoir sauv\u00e9 la cit\u00e9 de [&hellip;]<\/p>\n","protected":false},"featured_media":57156,"template":"","meta":{"_acf_changed":false,"_genesis_hide_title":false,"_genesis_hide_breadcrumbs":false,"_genesis_hide_singular_image":false,"_genesis_hide_footer_widgets":false,"_genesis_custom_body_class":"","_genesis_custom_post_class":"","_genesis_layout":""},"product_brand":[],"product_cat":[7132,7208,7206],"product_tag":[],"class_list":{"0":"post-57162","1":"product","2":"type-product","3":"status-publish","4":"has-post-thumbnail","6":"product_cat-books","7":"product_cat-customs-rites-and-beliefs-en","8":"product_cat-traditions-heritage-en","9":"pa_auteur-houdart-marie-france-en","10":"pa_editeur-maiade-en","11":"pa_langue-francais-en","12":"entry","14":"first","15":"instock","16":"shipping-taxable","17":"purchasable","18":"product-type-simple"},"acf":[],"_links":{"self":[{"href":"https:\/\/www.libraria-occitana.org\/en\/wp-json\/wp\/v2\/product\/57162","targetHints":{"allow":["GET"]}}],"collection":[{"href":"https:\/\/www.libraria-occitana.org\/en\/wp-json\/wp\/v2\/product"}],"about":[{"href":"https:\/\/www.libraria-occitana.org\/en\/wp-json\/wp\/v2\/types\/product"}],"wp:featuredmedia":[{"embeddable":true,"href":"https:\/\/www.libraria-occitana.org\/en\/wp-json\/wp\/v2\/media\/57156"}],"wp:attachment":[{"href":"https:\/\/www.libraria-occitana.org\/en\/wp-json\/wp\/v2\/media?parent=57162"}],"wp:term":[{"taxonomy":"product_brand","embeddable":true,"href":"https:\/\/www.libraria-occitana.org\/en\/wp-json\/wp\/v2\/product_brand?post=57162"},{"taxonomy":"product_cat","embeddable":true,"href":"https:\/\/www.libraria-occitana.org\/en\/wp-json\/wp\/v2\/product_cat?post=57162"},{"taxonomy":"product_tag","embeddable":true,"href":"https:\/\/www.libraria-occitana.org\/en\/wp-json\/wp\/v2\/product_tag?post=57162"}],"curies":[{"name":"wp","href":"https:\/\/api.w.org\/{rel}","templated":true}]}}

La Lunade de saint Jean ou la fantastique histoire d&#8217;un pouvoir usurpé

<p>Qu&#8217;est-ce qui, tous les 23 juin à 7 heures du soir, et ce depuis 1348, fait marcher les Tullistes derrière saint Jean en chantant, depuis la cathédrale et durant 7 km, sur les hauteurs de la ville ?</p>
<p>Un vœu, toujours respecté, en l&#8217;honneur de celui qui, jadis, est censé avoir sauvé la cité de la peste.</p>
<p>23 juin : soir du solstice d&#8217;été et des « feux de saint Jean ». Pourtant la procession s&#8217;appelle : « La Lunade de saint Jean » ! Allez savoir pourquoi&#8230;</p>
<p>Pour essayer de résoudre cette énigme, l&#8217;ethnologue Marie-France Houdart a mené une longue enquête.<br />
D&#8217;abord dans les textes. Puis, en remontant la piste des lointaines religions pré-chrétiennes, où des mythes racontaient quelles puissances faisaient tourner l&#8217;univers et quels cultes il fallait leur rendre, elle a rejoint une des questions fondamentales de notre temps : la place des femmes dans le monde.</p>
<p>Les mythes sont oubliés, les rites restent : autour de la Lune, des herbes, de la fumée, ils nous ramènent à des temps où la place des femmes, procréatrices, nourricières, guérisseuses, était sacrée. Des forces masculines les ont progressivement mises à l&#8217;écart.</p>
<p>C&#8217;est ainsi qu&#8217;à Tulle, le soleil de saint Jean, symbole de la nouvelle lumière chrétienne, a pris la place. Mais Marie, « belle comme la Lune », veille toujours&#8230;</p>
<p>Une fantastique histoire ! Au-delà des écrits, des rites millénaires nous en révèlent bien plus qu&#8217;il n&#8217;y paraît&#8230;</p>

<p>Qu&#8217;est-ce qui, tous les 23 juin à 7 heures du soir, et ce depuis 1348, fait marcher les Tullistes derrière saint Jean en chantant, depuis la cathédrale et durant 7 km, sur les hauteurs de la ville ? Un vœu, toujours respecté, en l&#8217;honneur de celui qui, jadis, est censé avoir sauvé la cité de [&hellip;]</p>
