{"id":57304,"date":"2022-12-07T17:06:07","date_gmt":"2022-12-07T16:06:07","guid":{"rendered":"http:\/\/www.libraria-occitana.org\/?post_type=product&#038;p=57304"},"modified":"2026-04-29T10:55:19","modified_gmt":"2026-04-29T08:55:19","slug":"pais-dexilis","status":"publish","type":"product","link":"https:\/\/www.libraria-occitana.org\/en\/product\/pais-dexilis\/","title":{"rendered":"Pa\u00eds d&#8217;exilis"},"content":{"rendered":"<p>Andr\u00e9 Serrat est \u00e9cart\u00e9 de son travail sans trop savoir pourquoi. Et il repense \u00e0 sa vie, ses exils. Va-t-il sombrer ? Retrouvera-t-il confiance en la vie ? De questions en r\u00e9flexions, le protagoniste trouvera peu \u00e0 peu les r\u00e9ponses. Ainsi l&#8217;auteur, Serge Javaloy\u00e8s, nous entraine dans une r\u00e9flexion sur la force de vie.<\/p>\n","protected":false},"excerpt":{"rendered":"<p>Andr\u00e9 Serrat est \u00e9cart\u00e9 de son travail sans trop savoir pourquoi. Et il repense \u00e0 sa vie, ses exils. Va-t-il sombrer ? Retrouvera-t-il confiance en la vie ? De questions en r\u00e9flexions, le protagoniste trouvera peu \u00e0 peu les r\u00e9ponses. Ainsi l&#8217;auteur, Serge Javaloy\u00e8s, nous entraine dans une r\u00e9flexion sur la force de vie.<\/p>\n","protected":false},"featured_media":57238,"template":"","meta":{"_acf_changed":false,"_genesis_hide_title":false,"_genesis_hide_breadcrumbs":false,"_genesis_hide_singular_image":false,"_genesis_hide_footer_widgets":false,"_genesis_custom_body_class":"","_genesis_custom_post_class":"","_genesis_layout":""},"product_brand":[],"product_cat":[7132,7174,7182],"product_tag":[],"class_list":{"0":"post-57304","1":"product","2":"type-product","3":"status-publish","4":"has-post-thumbnail","6":"product_cat-books","7":"product_cat-literature-en","8":"product_cat-novels-short-stories-en","9":"pa_auteur-javaloyes-sergi-en","10":"pa_editeur-reclams-en","11":"pa_langue-occitan-en","12":"pa_langue-occitan-gascon-en","13":"entry","15":"first","16":"instock","17":"shipping-taxable","18":"purchasable","19":"product-type-simple"},"acf":[],"_links":{"self":[{"href":"https:\/\/www.libraria-occitana.org\/en\/wp-json\/wp\/v2\/product\/57304","targetHints":{"allow":["GET"]}}],"collection":[{"href":"https:\/\/www.libraria-occitana.org\/en\/wp-json\/wp\/v2\/product"}],"about":[{"href":"https:\/\/www.libraria-occitana.org\/en\/wp-json\/wp\/v2\/types\/product"}],"wp:featuredmedia":[{"embeddable":true,"href":"https:\/\/www.libraria-occitana.org\/en\/wp-json\/wp\/v2\/media\/57238"}],"wp:attachment":[{"href":"https:\/\/www.libraria-occitana.org\/en\/wp-json\/wp\/v2\/media?parent=57304"}],"wp:term":[{"taxonomy":"product_brand","embeddable":true,"href":"https:\/\/www.libraria-occitana.org\/en\/wp-json\/wp\/v2\/product_brand?post=57304"},{"taxonomy":"product_cat","embeddable":true,"href":"https:\/\/www.libraria-occitana.org\/en\/wp-json\/wp\/v2\/product_cat?post=57304"},{"taxonomy":"product_tag","embeddable":true,"href":"https:\/\/www.libraria-occitana.org\/en\/wp-json\/wp\/v2\/product_tag?post=57304"}],"curies":[{"name":"wp","href":"https:\/\/api.w.org\/{rel}","templated":true}]}}

País d&#8217;exilis

<p>André Serrat est écarté de son travail sans trop savoir pourquoi. Et il repense à sa vie, ses exils. Va-t-il sombrer ? Retrouvera-t-il confiance en la vie ? De questions en réflexions, le protagoniste trouvera peu à peu les réponses. Ainsi l&#8217;auteur, Serge Javaloyès, nous entraine dans une réflexion sur la force de vie.</p>
