{"id":57982,"date":"2023-05-11T14:42:51","date_gmt":"2023-05-11T12:42:51","guid":{"rendered":"http:\/\/www.libraria-occitana.org\/?post_type=product&#038;p=57982"},"modified":"2026-04-28T06:41:33","modified_gmt":"2026-04-28T04:41:33","slug":"lexique-francais-occitan-limousin-lexic-occitan-frances-lemosin","status":"publish","type":"product","link":"https:\/\/www.libraria-occitana.org\/en\/product\/lexique-francais-occitan-limousin-lexic-occitan-frances-lemosin\/","title":{"rendered":"Lexique Fran\u00e7ais-Occitan Limousin &#8211; Lexic Occitan-Franc\u00e9s Lemosin"},"content":{"rendered":"<p>Pr\u00e9senter l&#8217;occitan limousin dans sa richesse et sa contemporan\u00e9it\u00e9, tel est l&#8217;objet de ce lexique complet, fruit d&#8217;un travail de recherche dirig\u00e9 par le Congr\u00e8s permanent de la langue occitane ici \u00e9dit\u00e9 par Novelum, l&#8217;Institut d&#8217;\u00c9tudes Occitanes (IEO) du d\u00e9partement de la Dordogne. Avec plus de 15 000 entr\u00e9es fran\u00e7ais-occitan et 25 000 dans le sens occitan-fran\u00e7ais, cet ouvrage vise \u00e0 faciliter la compr\u00e9hension et l&#8217;apprentissage d&#8217;une langue tr\u00e8s vivante encore, capable tout autant de se souvenir du monde d&#8217;hier comme de d\u00e9crire celui d&#8217;aujourd&#8217;hui. Ce <em>Lexique limousin Fran\u00e7ais-Occitan \/ Occitan-Fran\u00e7ais<\/em> aidera celles et ceux qui sont familiers avec une langue d&#8217;oc t\u00f4t entendue \u00e0 en fixer l&#8217;\u00e9criture et accompagnera les nouveaux apprenants dans la d\u00e9couverte du vocabulaire et des expressions populaires d&#8217;un pays qu&#8217;ils habitent peut-\u00eatre. Enfin, pour tous et toutes il constituera une ouverture curieuse au domaine occitan, aux autres langues latines et aux langues du monde.<\/p>\n","protected":false},"excerpt":{"rendered":"<p>Pr\u00e9senter l&#8217;occitan limousin dans sa richesse et sa contemporan\u00e9it\u00e9, tel est l&#8217;objet de ce lexique complet, fruit d&#8217;un travail de recherche dirig\u00e9 par le Congr\u00e8s permanent de la langue occitane ici \u00e9dit\u00e9 par Novelum, l&#8217;Institut d&#8217;\u00c9tudes Occitanes (IEO) du d\u00e9partement de la Dordogne. Avec plus de 15 000 entr\u00e9es fran\u00e7ais-occitan et 25 000 dans le [&hellip;]<\/p>\n","protected":false},"featured_media":57985,"template":"","meta":{"_acf_changed":false,"_genesis_hide_title":false,"_genesis_hide_breadcrumbs":false,"_genesis_hide_singular_image":false,"_genesis_hide_footer_widgets":false,"_genesis_custom_body_class":"","_genesis_custom_post_class":"","_genesis_layout":""},"product_brand":[],"product_cat":[7132,7138,7136],"product_tag":[],"class_list":{"0":"post-57982","1":"product","2":"type-product","3":"status-publish","4":"has-post-thumbnail","6":"product_cat-books","7":"product_cat-dictionaries-grammars-en","8":"product_cat-dictionaries-language-educational-en","9":"pa_auteur-chapduelh-danis-en","10":"pa_editeur-ieo-perigord-novelum-en","11":"pa_editeur-lo-congres-permanent-de-la-lenga-occitana-en","12":"pa_langue-occitan-lemosin-en","13":"pa_langue-occitan-francais-en","14":"entry","16":"first","17":"instock","18":"shipping-taxable","19":"purchasable","20":"product-type-simple"},"acf":[],"_links":{"self":[{"href":"https:\/\/www.libraria-occitana.org\/en\/wp-json\/wp\/v2\/product\/57982","targetHints":{"allow":["GET"]}}],"collection":[{"href":"https:\/\/www.libraria-occitana.org\/en\/wp-json\/wp\/v2\/product"}],"about":[{"href":"https:\/\/www.libraria-occitana.org\/en\/wp-json\/wp\/v2\/types\/product"}],"wp:featuredmedia":[{"embeddable":true,"href":"https:\/\/www.libraria-occitana.org\/en\/wp-json\/wp\/v2\/media\/57985"}],"wp:attachment":[{"href":"https:\/\/www.libraria-occitana.org\/en\/wp-json\/wp\/v2\/media?parent=57982"}],"wp:term":[{"taxonomy":"product_brand","embeddable":true,"href":"https:\/\/www.libraria-occitana.org\/en\/wp-json\/wp\/v2\/product_brand?post=57982"},{"taxonomy":"product_cat","embeddable":true,"href":"https:\/\/www.libraria-occitana.org\/en\/wp-json\/wp\/v2\/product_cat?post=57982"},{"taxonomy":"product_tag","embeddable":true,"href":"https:\/\/www.libraria-occitana.org\/en\/wp-json\/wp\/v2\/product_tag?post=57982"}],"curies":[{"name":"wp","href":"https:\/\/api.w.org\/{rel}","templated":true}]}}

Lexique Français-Occitan Limousin &#8211; Lexic Occitan-Francés Lemosin

<p>Présenter l&#8217;occitan limousin dans sa richesse et sa contemporanéité, tel est l&#8217;objet de ce lexique complet, fruit d&#8217;un travail de recherche dirigé par le Congrès permanent de la langue occitane ici édité par Novelum, l&#8217;Institut d&#8217;Études Occitanes (IEO) du département de la Dordogne. Avec plus de 15 000 entrées français-occitan et 25 000 dans le sens occitan-français, cet ouvrage vise à faciliter la compréhension et l&#8217;apprentissage d&#8217;une langue très vivante encore, capable tout autant de se souvenir du monde d&#8217;hier comme de décrire celui d&#8217;aujourd&#8217;hui. Ce <em>Lexique limousin Français-Occitan / Occitan-Français</em> aidera celles et ceux qui sont familiers avec une langue d&#8217;oc tôt entendue à en fixer l&#8217;écriture et accompagnera les nouveaux apprenants dans la découverte du vocabulaire et des expressions populaires d&#8217;un pays qu&#8217;ils habitent peut-être. Enfin, pour tous et toutes il constituera une ouverture curieuse au domaine occitan, aux autres langues latines et aux langues du monde.</p>

<p>Présenter l&#8217;occitan limousin dans sa richesse et sa contemporanéité, tel est l&#8217;objet de ce lexique complet, fruit d&#8217;un travail de recherche dirigé par le Congrès permanent de la langue occitane ici édité par Novelum, l&#8217;Institut d&#8217;Études Occitanes (IEO) du département de la Dordogne. Avec plus de 15 000 entrées français-occitan et 25 000 dans le [&hellip;]</p>
