{"id":58549,"date":"2023-09-29T14:03:28","date_gmt":"2023-09-29T12:03:28","guid":{"rendered":"http:\/\/www.libraria-occitana.org\/?post_type=product&#038;p=58549"},"modified":"2026-04-26T04:01:30","modified_gmt":"2026-04-26T02:01:30","slug":"contes-escalats-contes-decortiques-lemouzi-n230-ter","status":"publish","type":"product","link":"https:\/\/www.libraria-occitana.org\/en\/product\/contes-escalats-contes-decortiques-lemouzi-n230-ter\/","title":{"rendered":"Contes escalats &#8211; Contes d\u00e9cortiqu\u00e9s \/ Lemouzi N\u00b0230 ter"},"content":{"rendered":"<p>Une poign\u00e9e de contes bien connus comme Le petit Chaperon rouge ou Peau d&#8217;\u00e2ne, que vous pourrez lire en fran\u00e7ais et\/ou dans leur traduction en occitan limousin. Ces contes sont ensuite \u00ab d\u00e9cortiqu\u00e9s \u00bb, analys\u00e9s et replac\u00e9s dans le classement international des contes populaires.<\/p>\n","protected":false},"excerpt":{"rendered":"<p>Une poign\u00e9e de contes bien connus comme Le petit Chaperon rouge ou Peau d&#8217;\u00e2ne, que vous pourrez lire en fran\u00e7ais et\/ou dans leur traduction en occitan limousin. Ces contes sont ensuite \u00ab d\u00e9cortiqu\u00e9s \u00bb, analys\u00e9s et replac\u00e9s dans le classement international des contes populaires.<\/p>\n","protected":false},"featured_media":58552,"template":"","meta":{"_acf_changed":false,"_genesis_hide_title":false,"_genesis_hide_breadcrumbs":false,"_genesis_hide_singular_image":false,"_genesis_hide_footer_widgets":false,"_genesis_custom_body_class":"","_genesis_custom_post_class":"","_genesis_layout":""},"product_brand":[],"product_cat":[7132,7174,7176],"product_tag":[],"class_list":{"0":"post-58549","1":"product","2":"type-product","3":"status-publish","4":"has-post-thumbnail","6":"product_cat-books","7":"product_cat-literature-en","8":"product_cat-tales-fables-en","9":"pa_auteur-deredempt-jan-lop-en","10":"pa_editeur-lemouzi-en","11":"pa_langue-francais-en","12":"pa_langue-occitan-en","13":"pa_langue-occitan-lemosin-en","14":"entry","16":"first","17":"instock","18":"shipping-taxable","19":"purchasable","20":"product-type-simple"},"acf":[],"_links":{"self":[{"href":"https:\/\/www.libraria-occitana.org\/en\/wp-json\/wp\/v2\/product\/58549","targetHints":{"allow":["GET"]}}],"collection":[{"href":"https:\/\/www.libraria-occitana.org\/en\/wp-json\/wp\/v2\/product"}],"about":[{"href":"https:\/\/www.libraria-occitana.org\/en\/wp-json\/wp\/v2\/types\/product"}],"wp:featuredmedia":[{"embeddable":true,"href":"https:\/\/www.libraria-occitana.org\/en\/wp-json\/wp\/v2\/media\/58552"}],"wp:attachment":[{"href":"https:\/\/www.libraria-occitana.org\/en\/wp-json\/wp\/v2\/media?parent=58549"}],"wp:term":[{"taxonomy":"product_brand","embeddable":true,"href":"https:\/\/www.libraria-occitana.org\/en\/wp-json\/wp\/v2\/product_brand?post=58549"},{"taxonomy":"product_cat","embeddable":true,"href":"https:\/\/www.libraria-occitana.org\/en\/wp-json\/wp\/v2\/product_cat?post=58549"},{"taxonomy":"product_tag","embeddable":true,"href":"https:\/\/www.libraria-occitana.org\/en\/wp-json\/wp\/v2\/product_tag?post=58549"}],"curies":[{"name":"wp","href":"https:\/\/api.w.org\/{rel}","templated":true}]}}

Contes escalats &#8211; Contes décortiqués / Lemouzi N°230 ter

<p>Une poignée de contes bien connus comme Le petit Chaperon rouge ou Peau d&#8217;âne, que vous pourrez lire en français et/ou dans leur traduction en occitan limousin. Ces contes sont ensuite « décortiqués », analysés et replacés dans le classement international des contes populaires.</p>
