{"id":58986,"date":"2023-12-20T18:36:58","date_gmt":"2023-12-20T17:36:58","guid":{"rendered":"http:\/\/www.libraria-occitana.org\/product\/rota\/"},"modified":"2026-04-29T02:51:27","modified_gmt":"2026-04-29T00:51:27","slug":"rota","status":"publish","type":"product","link":"https:\/\/www.libraria-occitana.org\/en\/product\/rota\/","title":{"rendered":"Rota"},"content":{"rendered":"<p><strong>Lauren\u00e7a B\u00e9nac, Nad\u00e8ta Carita, Emilia Manescau, Myriam David :<\/strong> votz<\/p>\n<p>Daunas de C\u00f2r, 4 voix f\u00e9minines qui se m\u00ealent, se d\u00e9m\u00ealent, s\u2019entrem\u00ealent toujours dans la recherche d\u2019un univers sonore&#8230;<\/p>\n<p>\u00ab Rota, c&#8217;est le chemin intime et personnel de chacune de nous.<br \/>\nRota, c&#8217;est ce bout de chemin o\u00f9 nos voix se fondent, se m\u00ealent mais qu&#8217;on peut quand m\u00eame distinguer.<br \/>\nRota, c&#8217;est encore un chemin d&#8217;amiti\u00e9, de rires, de complicit\u00e9, de travail.<br \/>\nRota, c&#8217;est enfin le fruit de tout ce chemin parcouru ensemble.<br \/>\nMais Rota, c&#8217;est surtout le long chemin qu&#8217;il nous reste encore \u00e0 partager.<br \/>\nRota, c&#8217;est aussi un voyage des hautes vall\u00e9es du Pays Toy au Val d&#8217;Azun, des Baronnies au B\u00e9arn en passant par les Landes, un r\u00e9pertoire alliant traditionnel et chants d&#8217;aujourd&#8217;hui, toujours dans la joie de vibrer et de vous faire vibrer.<\/p>\n<p>Sur ce CD, nous avons privil\u00e9gi\u00e9 une prise de son directe, sans coupure ni montage pour capter l&#8217;\u00e9nergie du moment. \u00bb<\/p>\n<p><strong>Titres :<\/strong><br \/>\n1. Maudit sia l&#8217;amor (traditionnel, Bigorre, B\u00e9arn)<br \/>\n2. Atau quan la r\u00f2sa ei nav\u00e8ra (traditionnel, B\u00e9arn)<br \/>\n3. Chansonnette d&#8217;un jeune amant (traditionnel, Bigorre, Baronnies, Uzer)<br \/>\n4. Voler\u00ed ricaments (po\u00e8me de Bertrand Larade, XVIIe si\u00e8cle, musique Pascal Caumont)<br \/>\n5. Jamei jo non veir\u00e8i (texte du XVIIIe si\u00e8cle attribu\u00e9 au Baron de Mespl\u00e9s)<br \/>\n6. Hont hadeta (version de l&#8217;abb\u00e9 Tallez, Gers)<br \/>\n7. Mon pair que n&#8217;a 500 motons (traditionnel, Landes, collecte F\u00e9lix Arnaudin)<br \/>\n8. On \u00e8s donc tu captiva ? (Louis-Porte Labit, Bigorre, G\u00e8dre-Dessus)<br \/>\n9. M&#8217;a pres per fantesia (traditionnel, Bigorre, B\u00e9arn)<br \/>\n10. Rota (paroles Joan-Lo\u00eds Lavit, musique Nad\u00e8ta Carita)<br \/>\n11. Derri\u00e8re chez nous (Bigorre, Arb\u00e9ost, Ferri\u00e8res)<br \/>\n12. Ber\u00f2ja berogina (traditionnel, B\u00e9arn)<br \/>\n13. Adiu Saugu\u00e8r (Germaine Crampe, Bigorre, G\u00e8dre-Dessus)<br \/>\n14. La h\u00e8ira d&#8217;Estanh (L&#8217;abb\u00e9 Tallez, arrangement Pascal Caumont)<br \/>\n15. Darr\u00e8r noste horn \/ Ala b\u00f2rda (Val d&#8217;Azun, rondeau des Landes, collecte F\u00e9lix Arnaudin)<\/p>\n","protected":false},"excerpt":{"rendered":"<p>Lauren\u00e7a B\u00e9nac, Nad\u00e8ta Carita, Emilia Manescau, Myriam David : votz Daunas de C\u00f2r, 4 voix f\u00e9minines qui se m\u00ealent, se d\u00e9m\u00ealent, s\u2019entrem\u00ealent toujours dans la recherche d\u2019un univers sonore&#8230; \u00ab Rota, c&#8217;est le chemin intime et personnel de chacune de nous. Rota, c&#8217;est ce bout de chemin o\u00f9 nos voix se fondent, se m\u00ealent mais [&hellip;]<\/p>\n","protected":false},"featured_media":58980,"template":"","meta":{"_acf_changed":false,"_genesis_hide_title":false,"_genesis_hide_breadcrumbs":false,"_genesis_hide_singular_image":false,"_genesis_hide_footer_widgets":false,"_genesis_custom_body_class":"","_genesis_custom_post_class":"","_genesis_layout":""},"product_brand":[],"product_cat":[7216,7230],"product_tag":[],"class_list":{"0":"post-58986","1":"product","2":"type-product","3":"status-publish","4":"has-post-thumbnail","6":"product_cat-music-en","7":"product_cat-polyphonies-en","8":"pa_auteur-daunas-de-cor-en","9":"pa_editeur-daunas-de-cor-1-en","10":"pa_langue-occitan-gascon-en","11":"pa_langue-occitan-francais-en","12":"entry","14":"first","15":"outofstock","16":"shipping-taxable","17":"purchasable","18":"product-type-simple"},"acf":[],"_links":{"self":[{"href":"https:\/\/www.libraria-occitana.org\/en\/wp-json\/wp\/v2\/product\/58986","targetHints":{"allow":["GET"]}}],"collection":[{"href":"https:\/\/www.libraria-occitana.org\/en\/wp-json\/wp\/v2\/product"}],"about":[{"href":"https:\/\/www.libraria-occitana.org\/en\/wp-json\/wp\/v2\/types\/product"}],"wp:featuredmedia":[{"embeddable":true,"href":"https:\/\/www.libraria-occitana.org\/en\/wp-json\/wp\/v2\/media\/58980"}],"wp:attachment":[{"href":"https:\/\/www.libraria-occitana.org\/en\/wp-json\/wp\/v2\/media?parent=58986"}],"wp:term":[{"taxonomy":"product_brand","embeddable":true,"href":"https:\/\/www.libraria-occitana.org\/en\/wp-json\/wp\/v2\/product_brand?post=58986"},{"taxonomy":"product_cat","embeddable":true,"href":"https:\/\/www.libraria-occitana.org\/en\/wp-json\/wp\/v2\/product_cat?post=58986"},{"taxonomy":"product_tag","embeddable":true,"href":"https:\/\/www.libraria-occitana.org\/en\/wp-json\/wp\/v2\/product_tag?post=58986"}],"curies":[{"name":"wp","href":"https:\/\/api.w.org\/{rel}","templated":true}]}}

<p><strong>Laurença Bénac, Nadèta Carita, Emilia Manescau, Myriam David :</strong> votz</p>
<p>Daunas de Còr, 4 voix féminines qui se mêlent, se démêlent, s’entremêlent toujours dans la recherche d’un univers sonore&#8230;</p>
<p>« Rota, c&#8217;est le chemin intime et personnel de chacune de nous.<br />
Rota, c&#8217;est ce bout de chemin où nos voix se fondent, se mêlent mais qu&#8217;on peut quand même distinguer.<br />
Rota, c&#8217;est encore un chemin d&#8217;amitié, de rires, de complicité, de travail.<br />
Rota, c&#8217;est enfin le fruit de tout ce chemin parcouru ensemble.<br />
Mais Rota, c&#8217;est surtout le long chemin qu&#8217;il nous reste encore à partager.<br />
Rota, c&#8217;est aussi un voyage des hautes vallées du Pays Toy au Val d&#8217;Azun, des Baronnies au Béarn en passant par les Landes, un répertoire alliant traditionnel et chants d&#8217;aujourd&#8217;hui, toujours dans la joie de vibrer et de vous faire vibrer.</p>
<p>Sur ce CD, nous avons privilégié une prise de son directe, sans coupure ni montage pour capter l&#8217;énergie du moment. »</p>
<p><strong>Titres :</strong><br />
1. Maudit sia l&#8217;amor (traditionnel, Bigorre, Béarn)<br />
2. Atau quan la ròsa ei navèra (traditionnel, Béarn)<br />
3. Chansonnette d&#8217;un jeune amant (traditionnel, Bigorre, Baronnies, Uzer)<br />
4. Volerí ricaments (poème de Bertrand Larade, XVIIe siècle, musique Pascal Caumont)<br />
5. Jamei jo non veirèi (texte du XVIIIe siècle attribué au Baron de Mesplés)<br />
6. Hont hadeta (version de l&#8217;abbé Tallez, Gers)<br />
7. Mon pair que n&#8217;a 500 motons (traditionnel, Landes, collecte Félix Arnaudin)<br />
8. On ès donc tu captiva ? (Louis-Porte Labit, Bigorre, Gèdre-Dessus)<br />
9. M&#8217;a pres per fantesia (traditionnel, Bigorre, Béarn)<br />
10. Rota (paroles Joan-Loís Lavit, musique Nadèta Carita)<br />
11. Derrière chez nous (Bigorre, Arbéost, Ferrières)<br />
12. Beròja berogina (traditionnel, Béarn)<br />
13. Adiu Sauguèr (Germaine Crampe, Bigorre, Gèdre-Dessus)<br />
14. La hèira d&#8217;Estanh (L&#8217;abbé Tallez, arrangement Pascal Caumont)<br />
15. Darrèr noste horn / Ala bòrda (Val d&#8217;Azun, rondeau des Landes, collecte Félix Arnaudin)</p>

<p>Laurença Bénac, Nadèta Carita, Emilia Manescau, Myriam David : votz Daunas de Còr, 4 voix féminines qui se mêlent, se démêlent, s’entremêlent toujours dans la recherche d’un univers sonore&#8230; « Rota, c&#8217;est le chemin intime et personnel de chacune de nous. Rota, c&#8217;est ce bout de chemin où nos voix se fondent, se mêlent mais [&hellip;]</p>
