{"id":59595,"date":"2023-12-19T13:40:15","date_gmt":"2023-12-19T12:40:15","guid":{"rendered":"http:\/\/www.libraria-occitana.org\/?post_type=product&#038;p=59595"},"modified":"2026-04-29T10:55:44","modified_gmt":"2026-04-29T08:55:44","slug":"a-cops-las-montanhas-que-sencontran","status":"publish","type":"product","link":"https:\/\/www.libraria-occitana.org\/en\/product\/a-cops-las-montanhas-que-sencontran\/","title":{"rendered":"A c\u00f2ps las montanhas que s&#8217;encontran"},"content":{"rendered":"<p>Pour la jeune Emma, qui n&#8217;est pas du tout emball\u00e9e par la perspective d&#8217;un voyage de quinze jours au N\u00e9pal, tout est d\u00e9couverte : le pays, la vie quotidienne des habitants si diff\u00e9rente de la n\u00f4tre&#8230; et aussi les montagnes enneig\u00e9es de l&#8217;Annapurna dont les cimes semblent toucher le ciel et surtout le Machapuchare, la montagne sacr\u00e9e, aux deux sommets, qui fait tellement penser \u00e0 l&#8217;Ossau.<\/p>\n<p>Un roman, ou plut\u00f4t, un journal de voyage, avec toute la saveur de l&#8217;\u00e9criture de Benoit Larradet.<\/p>\n","protected":false},"excerpt":{"rendered":"<p>Pour la jeune Emma, qui n&#8217;est pas du tout emball\u00e9e par la perspective d&#8217;un voyage de quinze jours au N\u00e9pal, tout est d\u00e9couverte : le pays, la vie quotidienne des habitants si diff\u00e9rente de la n\u00f4tre&#8230; et aussi les montagnes enneig\u00e9es de l&#8217;Annapurna dont les cimes semblent toucher le ciel et surtout le Machapuchare, la [&hellip;]<\/p>\n","protected":false},"featured_media":59598,"template":"","meta":{"_acf_changed":false,"_genesis_hide_title":false,"_genesis_hide_breadcrumbs":false,"_genesis_hide_singular_image":false,"_genesis_hide_footer_widgets":false,"_genesis_custom_body_class":"","_genesis_custom_post_class":"","_genesis_layout":""},"product_brand":[],"product_cat":[7132,7174,7182],"product_tag":[],"class_list":{"0":"post-59595","1":"product","2":"type-product","3":"status-publish","4":"has-post-thumbnail","6":"product_cat-books","7":"product_cat-literature-en","8":"product_cat-novels-short-stories-en","9":"pa_auteur-larradet-benoit-en","10":"pa_editeur-reclams-en","11":"pa_langue-occitan-en","12":"pa_langue-occitan-gascon-en","13":"entry","15":"first","16":"outofstock","17":"shipping-taxable","18":"purchasable","19":"product-type-simple"},"acf":[],"_links":{"self":[{"href":"https:\/\/www.libraria-occitana.org\/en\/wp-json\/wp\/v2\/product\/59595","targetHints":{"allow":["GET"]}}],"collection":[{"href":"https:\/\/www.libraria-occitana.org\/en\/wp-json\/wp\/v2\/product"}],"about":[{"href":"https:\/\/www.libraria-occitana.org\/en\/wp-json\/wp\/v2\/types\/product"}],"wp:featuredmedia":[{"embeddable":true,"href":"https:\/\/www.libraria-occitana.org\/en\/wp-json\/wp\/v2\/media\/59598"}],"wp:attachment":[{"href":"https:\/\/www.libraria-occitana.org\/en\/wp-json\/wp\/v2\/media?parent=59595"}],"wp:term":[{"taxonomy":"product_brand","embeddable":true,"href":"https:\/\/www.libraria-occitana.org\/en\/wp-json\/wp\/v2\/product_brand?post=59595"},{"taxonomy":"product_cat","embeddable":true,"href":"https:\/\/www.libraria-occitana.org\/en\/wp-json\/wp\/v2\/product_cat?post=59595"},{"taxonomy":"product_tag","embeddable":true,"href":"https:\/\/www.libraria-occitana.org\/en\/wp-json\/wp\/v2\/product_tag?post=59595"}],"curies":[{"name":"wp","href":"https:\/\/api.w.org\/{rel}","templated":true}]}}

A còps las montanhas que s&#8217;encontran

<p>Pour la jeune Emma, qui n&#8217;est pas du tout emballée par la perspective d&#8217;un voyage de quinze jours au Népal, tout est découverte : le pays, la vie quotidienne des habitants si différente de la nôtre&#8230; et aussi les montagnes enneigées de l&#8217;Annapurna dont les cimes semblent toucher le ciel et surtout le Machapuchare, la montagne sacrée, aux deux sommets, qui fait tellement penser à l&#8217;Ossau.</p>
<p>Un roman, ou plutôt, un journal de voyage, avec toute la saveur de l&#8217;écriture de Benoit Larradet.</p>

<p>Pour la jeune Emma, qui n&#8217;est pas du tout emballée par la perspective d&#8217;un voyage de quinze jours au Népal, tout est découverte : le pays, la vie quotidienne des habitants si différente de la nôtre&#8230; et aussi les montagnes enneigées de l&#8217;Annapurna dont les cimes semblent toucher le ciel et surtout le Machapuchare, la [&hellip;]</p>
