{"id":59870,"date":"2022-04-14T13:09:13","date_gmt":"2022-04-14T11:09:13","guid":{"rendered":"http:\/\/www.libraria-occitana.org\/product\/sur-les-pas-des-indo-europeens-religion-mythologie-linguistique\/"},"modified":"2026-04-25T21:26:18","modified_gmt":"2026-04-25T19:26:18","slug":"sur-les-pas-des-indo-europeens-religion-mythologie-linguistique","status":"publish","type":"product","link":"https:\/\/www.libraria-occitana.org\/en\/product\/sur-les-pas-des-indo-europeens-religion-mythologie-linguistique\/","title":{"rendered":"Sur les pas des Indo-Europ\u00e9ens : Religion &#8211; Mythologie &#8211; Linguistique"},"content":{"rendered":"<p>Le fait indo-europ\u00e9en trouve son origine dans les vagues d\u2019expansion d&#8217;un peuple de l&#8217;Europe pr\u00e9historique qui a port\u00e9 sa langue, puis les dialectes qui en sont issus, progressivement, de l&#8217;Atlantique \u00e0 l&#8217;Inde jusqu&#8217;au seuil de l&#8217;Antiquit\u00e9. Ce peuple a \u00e9galement transmis dans son sillage sa tradition po\u00e9tique et narrative, sa religion et ses conceptions, qui ont perdur\u00e9 dans les branches \u00ab dialectales \u00bb issues de la souche commune : Anatoliens, Italiques, Celtes, Germains, Baltes, Slaves, Albanais, Grecs, Arm\u00e9niens, Indo-Iraniens, pour les plus connues d&#8217;entre elles, constituant ainsi un immense domaine de recherche.<\/p>\n<p>Ce recueil pr\u00e9sente quinze \u00e9tudes du professeur Jean Haudry, in\u00e9dites ou publi\u00e9es pr\u00e9c\u00e9demment dans des revues scientifiques et des ouvrages collectifs, \u00e9tudes consacr\u00e9es \u00e0 divers aspects de la culture indo-europ\u00e9enne, telle que la mettent en \u00e9vidence les diff\u00e9rentes disciplines issues de la linguistique, notamment la reconstruction et le comparatisme, d\u00e9sormais ins\u00e9parables de l&#8217;histoire et de l&#8217;arch\u00e9ologie.<\/p>\n<p>Le choix des textes rassembl\u00e9s ici privil\u00e9gie l&#8217;exploration de notions, de mythes et de traditions significatives. \u00c0 travers les notions pr\u00e9historiques de \u00ab ciel-diurne \u00bb ou de \u00ab feu des Eaux \u00bb, la doctrine des \u00c2ges du monde, le mythe des Argonautes ou la l\u00e9gende fondatrice de Rome, se dessinent, sur une tr\u00e8s longue dur\u00e9e, diff\u00e9rentes phases d&#8217;un univers mental. Le recueil pr\u00e9sente ainsi des faits indubitables et la m\u00e9thode qui les \u00e9tablit.<\/p>\n<p>Il est pr\u00e9c\u00e9d\u00e9 d&#8217;un entretien avec l&#8217;auteur et suivi d\u2019une bibliographie de son \u0153uvre scientifique.<\/p>\n","protected":false},"excerpt":{"rendered":"<p>Le fait indo-europ\u00e9en trouve son origine dans les vagues d\u2019expansion d&#8217;un peuple de l&#8217;Europe pr\u00e9historique qui a port\u00e9 sa langue, puis les dialectes qui en sont issus, progressivement, de l&#8217;Atlantique \u00e0 l&#8217;Inde jusqu&#8217;au seuil de l&#8217;Antiquit\u00e9. Ce peuple a \u00e9galement transmis dans son sillage sa tradition po\u00e9tique et narrative, sa religion et ses conceptions, qui [&hellip;]<\/p>\n","protected":false},"featured_media":59868,"template":"","meta":{"_acf_changed":false,"_genesis_hide_title":false,"_genesis_hide_breadcrumbs":false,"_genesis_hide_singular_image":false,"_genesis_hide_footer_widgets":false,"_genesis_custom_body_class":"","_genesis_custom_post_class":"","_genesis_layout":""},"product_brand":[],"product_cat":[7154,7132,7148],"product_tag":[],"class_list":{"0":"post-59870","1":"product","2":"type-product","3":"status-publish","4":"has-post-thumbnail","6":"product_cat-ancient-history-en","7":"product_cat-books","8":"product_cat-history-geography-en","9":"pa_auteur-haudry-jean-en","10":"pa_editeur-yoran-embanner-en","11":"pa_langue-francais-en","12":"entry","14":"first","15":"instock","16":"shipping-taxable","17":"purchasable","18":"product-type-simple"},"acf":[],"_links":{"self":[{"href":"https:\/\/www.libraria-occitana.org\/en\/wp-json\/wp\/v2\/product\/59870","targetHints":{"allow":["GET"]}}],"collection":[{"href":"https:\/\/www.libraria-occitana.org\/en\/wp-json\/wp\/v2\/product"}],"about":[{"href":"https:\/\/www.libraria-occitana.org\/en\/wp-json\/wp\/v2\/types\/product"}],"wp:featuredmedia":[{"embeddable":true,"href":"https:\/\/www.libraria-occitana.org\/en\/wp-json\/wp\/v2\/media\/59868"}],"wp:attachment":[{"href":"https:\/\/www.libraria-occitana.org\/en\/wp-json\/wp\/v2\/media?parent=59870"}],"wp:term":[{"taxonomy":"product_brand","embeddable":true,"href":"https:\/\/www.libraria-occitana.org\/en\/wp-json\/wp\/v2\/product_brand?post=59870"},{"taxonomy":"product_cat","embeddable":true,"href":"https:\/\/www.libraria-occitana.org\/en\/wp-json\/wp\/v2\/product_cat?post=59870"},{"taxonomy":"product_tag","embeddable":true,"href":"https:\/\/www.libraria-occitana.org\/en\/wp-json\/wp\/v2\/product_tag?post=59870"}],"curies":[{"name":"wp","href":"https:\/\/api.w.org\/{rel}","templated":true}]}}

Sur les pas des Indo-Européens : Religion &#8211; Mythologie &#8211; Linguistique

<p>Le fait indo-européen trouve son origine dans les vagues d’expansion d&#8217;un peuple de l&#8217;Europe préhistorique qui a porté sa langue, puis les dialectes qui en sont issus, progressivement, de l&#8217;Atlantique à l&#8217;Inde jusqu&#8217;au seuil de l&#8217;Antiquité. Ce peuple a également transmis dans son sillage sa tradition poétique et narrative, sa religion et ses conceptions, qui ont perduré dans les branches « dialectales » issues de la souche commune : Anatoliens, Italiques, Celtes, Germains, Baltes, Slaves, Albanais, Grecs, Arméniens, Indo-Iraniens, pour les plus connues d&#8217;entre elles, constituant ainsi un immense domaine de recherche.</p>
<p>Ce recueil présente quinze études du professeur Jean Haudry, inédites ou publiées précédemment dans des revues scientifiques et des ouvrages collectifs, études consacrées à divers aspects de la culture indo-européenne, telle que la mettent en évidence les différentes disciplines issues de la linguistique, notamment la reconstruction et le comparatisme, désormais inséparables de l&#8217;histoire et de l&#8217;archéologie.</p>
<p>Le choix des textes rassemblés ici privilégie l&#8217;exploration de notions, de mythes et de traditions significatives. À travers les notions préhistoriques de « ciel-diurne » ou de « feu des Eaux », la doctrine des Âges du monde, le mythe des Argonautes ou la légende fondatrice de Rome, se dessinent, sur une très longue durée, différentes phases d&#8217;un univers mental. Le recueil présente ainsi des faits indubitables et la méthode qui les établit.</p>
<p>Il est précédé d&#8217;un entretien avec l&#8217;auteur et suivi d’une bibliographie de son œuvre scientifique.</p>

<p>Le fait indo-européen trouve son origine dans les vagues d’expansion d&#8217;un peuple de l&#8217;Europe préhistorique qui a porté sa langue, puis les dialectes qui en sont issus, progressivement, de l&#8217;Atlantique à l&#8217;Inde jusqu&#8217;au seuil de l&#8217;Antiquité. Ce peuple a également transmis dans son sillage sa tradition poétique et narrative, sa religion et ses conceptions, qui [&hellip;]</p>
