{"id":60002,"date":"2023-01-12T12:00:24","date_gmt":"2023-01-12T11:00:24","guid":{"rendered":"http:\/\/www.libraria-occitana.org\/?post_type=product&#038;p=60002"},"modified":"2026-04-26T02:11:56","modified_gmt":"2026-04-26T00:11:56","slug":"les-157-couleurs-de-paul-gout-paul-gouts-157-colours","status":"publish","type":"product","link":"https:\/\/www.libraria-occitana.org\/en\/product\/les-157-couleurs-de-paul-gout-paul-gouts-157-colours\/","title":{"rendered":"Les 157 couleurs de Paul Gout &#8211; Paul Gout&#8217;s 157 colours"},"content":{"rendered":"<p>Ce Cahier fran\u00e7ais-anglais pr\u00e9sente la totalit\u00e9 des couleurs mat\u00e9rialis\u00e9es par 157 \u00e9chantillons de drap de laine teints dans un manuscrit intitul\u00e9 \u00ab M\u00e9moires de teinture \u00bb, achev\u00e9 probablement en 1763 par Paul Gout, directeur et ma\u00eetre-teinturier de la Manufacture royale de fins draps de laine de Bize, en Languedoc. Cette importante manufacture exporte, principalement vers les \u00c9chelles du Levant, jusqu\u2019\u00e0 2 750 pi\u00e8ces de draps en 1764, ce qui correspond \u00e0 plus de 52 km de tissu, teint en couleurs de grand teint, solides \u00e0 la lumi\u00e8re et au lavage.<\/p>\n<p>Apr\u00e8s une mise en contexte de la vie et de l\u2019\u0153uvre de l\u2019auteur, chacune de ses couleurs est illustr\u00e9e et d\u00e9crite selon un sch\u00e9ma uniforme :<\/p>\n<ul>\n<li>nom de chaque coloris, tel qu\u2019il est d\u00e9sign\u00e9 dans le document-source ;<\/li>\n<li>photo de l\u2019\u00e9chantillon teint correspondant ;<\/li>\n<li>tableau des caract\u00e9ristiques colorim\u00e9triques de chaque \u00e9chantillon exprim\u00e9es selon le syst\u00e8me international de l\u2019espace CIELAB ;<\/li>\n<li>un tableau r\u00e9sumant sch\u00e9matiquement le proc\u00e9d\u00e9 d\u00e9crit pour obtenir la couleur illustr\u00e9e par l\u2019\u00e9chantillon : chacune des \u00e9tapes techniques successives y est distingu\u00e9e et les donn\u00e9es quantitatives fournies dans le document source y sont converties en proportions calcul\u00e9es par rapport au poids de tissu sec \u00e0 teindre.<\/li>\n<\/ul>\n<p>Historienne et arch\u00e9ologue, Dominique Cardon \u00e9tudie les textiles et leur teinture par les colorants naturels dans une approche transdisciplinaire. Elle est directrice de recherche \u00e9m\u00e9rite au CNRS (CIHAM, Lyon). Elle a re\u00e7u la m\u00e9daille d\u2019argent du CNRS en 2011.<\/p>\n<p>Pr\u00e9c\u00e9dentes publications :<\/p>\n<ul>\n<li>Le cahier de couleurs d&#8217;Antoine Janot (CNRS)<\/li>\n<li>Des couleurs pour les Lumi\u00e8res (CNRS)<\/li>\n<li>Le monde des couleurs naturelles (Belin)<\/li>\n<li>M\u00e9moires de teinture (CNRS)<\/li>\n<\/ul>\n","protected":false},"excerpt":{"rendered":"<p>Ce Cahier fran\u00e7ais-anglais pr\u00e9sente la totalit\u00e9 des couleurs mat\u00e9rialis\u00e9es par 157 \u00e9chantillons de drap de laine teints dans un manuscrit intitul\u00e9 \u00ab M\u00e9moires de teinture \u00bb, achev\u00e9 probablement en 1763 par Paul Gout, directeur et ma\u00eetre-teinturier de la Manufacture royale de fins draps de laine de Bize, en Languedoc. Cette importante manufacture exporte, principalement vers [&hellip;]<\/p>\n","protected":false},"featured_media":60000,"template":"","meta":{"_acf_changed":false,"_genesis_hide_title":false,"_genesis_hide_breadcrumbs":false,"_genesis_hide_singular_image":false,"_genesis_hide_footer_widgets":false,"_genesis_custom_body_class":"","_genesis_custom_post_class":"","_genesis_layout":""},"product_brand":[],"product_cat":[7132,7212,7206],"product_tag":[],"class_list":{"0":"post-60002","1":"product","2":"type-product","3":"status-publish","4":"has-post-thumbnail","6":"product_cat-books","7":"product_cat-traditional-skills-savoirs-faire-en","8":"product_cat-traditions-heritage-en","9":"pa_auteur-bremaud-iris-en","10":"pa_auteur-cardon-dominique-en","11":"pa_editeur-vieilles-racines-jeunes-pousses-en","12":"pa_langue-autras-lingas-en","13":"pa_langue-francais-en","14":"entry","16":"first","17":"outofstock","18":"shipping-taxable","19":"purchasable","20":"product-type-simple"},"acf":[],"_links":{"self":[{"href":"https:\/\/www.libraria-occitana.org\/en\/wp-json\/wp\/v2\/product\/60002","targetHints":{"allow":["GET"]}}],"collection":[{"href":"https:\/\/www.libraria-occitana.org\/en\/wp-json\/wp\/v2\/product"}],"about":[{"href":"https:\/\/www.libraria-occitana.org\/en\/wp-json\/wp\/v2\/types\/product"}],"wp:featuredmedia":[{"embeddable":true,"href":"https:\/\/www.libraria-occitana.org\/en\/wp-json\/wp\/v2\/media\/60000"}],"wp:attachment":[{"href":"https:\/\/www.libraria-occitana.org\/en\/wp-json\/wp\/v2\/media?parent=60002"}],"wp:term":[{"taxonomy":"product_brand","embeddable":true,"href":"https:\/\/www.libraria-occitana.org\/en\/wp-json\/wp\/v2\/product_brand?post=60002"},{"taxonomy":"product_cat","embeddable":true,"href":"https:\/\/www.libraria-occitana.org\/en\/wp-json\/wp\/v2\/product_cat?post=60002"},{"taxonomy":"product_tag","embeddable":true,"href":"https:\/\/www.libraria-occitana.org\/en\/wp-json\/wp\/v2\/product_tag?post=60002"}],"curies":[{"name":"wp","href":"https:\/\/api.w.org\/{rel}","templated":true}]}}

<p>Ce Cahier français-anglais présente la totalité des couleurs matérialisées par 157 échantillons de drap de laine teints dans un manuscrit intitulé « Mémoires de teinture », achevé probablement en 1763 par Paul Gout, directeur et maître-teinturier de la Manufacture royale de fins draps de laine de Bize, en Languedoc. Cette importante manufacture exporte, principalement vers les Échelles du Levant, jusqu’à 2 750 pièces de draps en 1764, ce qui correspond à plus de 52 km de tissu, teint en couleurs de grand teint, solides à la lumière et au lavage.</p>
<p>Après une mise en contexte de la vie et de l’œuvre de l’auteur, chacune de ses couleurs est illustrée et décrite selon un schéma uniforme :</p>
<ul>
<li>nom de chaque coloris, tel qu’il est désigné dans le document-source ;</li>
<li>photo de l’échantillon teint correspondant ;</li>
<li>tableau des caractéristiques colorimétriques de chaque échantillon exprimées selon le système international de l’espace CIELAB ;</li>
<li>un tableau résumant schématiquement le procédé décrit pour obtenir la couleur illustrée par l’échantillon : chacune des étapes techniques successives y est distinguée et les données quantitatives fournies dans le document source y sont converties en proportions calculées par rapport au poids de tissu sec à teindre.</li>
</ul>
<p>Historienne et archéologue, Dominique Cardon étudie les textiles et leur teinture par les colorants naturels dans une approche transdisciplinaire. Elle est directrice de recherche émérite au CNRS (CIHAM, Lyon). Elle a reçu la médaille d’argent du CNRS en 2011.</p>
<p>Précédentes publications :</p>
<ul>
<li>Le cahier de couleurs d&#8217;Antoine Janot (CNRS)</li>
<li>Des couleurs pour les Lumières (CNRS)</li>
<li>Le monde des couleurs naturelles (Belin)</li>
<li>Mémoires de teinture (CNRS)</li>
</ul>

<p>Ce Cahier français-anglais présente la totalité des couleurs matérialisées par 157 échantillons de drap de laine teints dans un manuscrit intitulé « Mémoires de teinture », achevé probablement en 1763 par Paul Gout, directeur et maître-teinturier de la Manufacture royale de fins draps de laine de Bize, en Languedoc. Cette importante manufacture exporte, principalement vers [&hellip;]</p>
