{"id":60333,"date":"2023-05-13T15:03:41","date_gmt":"2023-05-13T13:03:41","guid":{"rendered":"http:\/\/www.libraria-occitana.org\/?post_type=product&#038;p=60333"},"modified":"2026-04-28T06:41:20","modified_gmt":"2026-04-28T04:41:20","slug":"cronica-de-quauques-jorns-ordinaris-chronique-de-quelques-jours-ordinaires","status":"publish","type":"product","link":"https:\/\/www.libraria-occitana.org\/en\/product\/cronica-de-quauques-jorns-ordinaris-chronique-de-quelques-jours-ordinaires\/","title":{"rendered":"Cronica de quauques jorns ordinaris &#8211; Chronique de quelques jours ordinaires"},"content":{"rendered":"<p>La premi\u00e8re partie de ce texte autobiographique est le journal d&#8217;un cancer. Parfois l&#8217;auteure est tr\u00e8s s\u00e9v\u00e8re et peut para\u00eetre injuste pour la m\u00e9decine et les m\u00e9decins.<br \/>\nMais il faut lire ce texte comme le t\u00e9moignage d&#8217;un ressenti, d&#8217;un v\u00e9cu, d&#8217;un parcours de soins toujours tr\u00e8s difficile pour la malade, et non comme un jugement.<br \/>\nUn tel ressenti m\u00e9rite d&#8217;\u00eatre connu, y compris du personnel soignant.<\/p>\n<p>La deuxi\u00e8me partie \u00e9voque \u00ab Le sein dans tous ses \u00e9tats \u00bb.<\/p>\n<p>Traduction fran\u00e7aise de l&#8217;auteure.<\/p>\n","protected":false},"excerpt":{"rendered":"<p>La premi\u00e8re partie de ce texte autobiographique est le journal d&#8217;un cancer. Parfois l&#8217;auteure est tr\u00e8s s\u00e9v\u00e8re et peut para\u00eetre injuste pour la m\u00e9decine et les m\u00e9decins. Mais il faut lire ce texte comme le t\u00e9moignage d&#8217;un ressenti, d&#8217;un v\u00e9cu, d&#8217;un parcours de soins toujours tr\u00e8s difficile pour la malade, et non comme un jugement. [&hellip;]<\/p>\n","protected":false},"featured_media":60336,"template":"","meta":{"_acf_changed":false,"_genesis_hide_title":false,"_genesis_hide_breadcrumbs":false,"_genesis_hide_singular_image":false,"_genesis_hide_footer_widgets":false,"_genesis_custom_body_class":"","_genesis_custom_post_class":"","_genesis_layout":""},"product_brand":[],"product_cat":[7132,7174,7186],"product_tag":[],"class_list":{"0":"post-60333","1":"product","2":"type-product","3":"status-publish","4":"has-post-thumbnail","6":"product_cat-books","7":"product_cat-literature-en","8":"product_cat-personal-narratives-memoirs-en","9":"pa_auteur-stenta-miquela-en","10":"pa_editeur-lauceu-libre-en","11":"pa_langue-occitan-lengadocian-en","12":"pa_langue-occitan-francais-en","13":"entry","15":"first","16":"outofstock","17":"shipping-taxable","18":"purchasable","19":"product-type-simple"},"acf":[],"_links":{"self":[{"href":"https:\/\/www.libraria-occitana.org\/en\/wp-json\/wp\/v2\/product\/60333","targetHints":{"allow":["GET"]}}],"collection":[{"href":"https:\/\/www.libraria-occitana.org\/en\/wp-json\/wp\/v2\/product"}],"about":[{"href":"https:\/\/www.libraria-occitana.org\/en\/wp-json\/wp\/v2\/types\/product"}],"wp:featuredmedia":[{"embeddable":true,"href":"https:\/\/www.libraria-occitana.org\/en\/wp-json\/wp\/v2\/media\/60336"}],"wp:attachment":[{"href":"https:\/\/www.libraria-occitana.org\/en\/wp-json\/wp\/v2\/media?parent=60333"}],"wp:term":[{"taxonomy":"product_brand","embeddable":true,"href":"https:\/\/www.libraria-occitana.org\/en\/wp-json\/wp\/v2\/product_brand?post=60333"},{"taxonomy":"product_cat","embeddable":true,"href":"https:\/\/www.libraria-occitana.org\/en\/wp-json\/wp\/v2\/product_cat?post=60333"},{"taxonomy":"product_tag","embeddable":true,"href":"https:\/\/www.libraria-occitana.org\/en\/wp-json\/wp\/v2\/product_tag?post=60333"}],"curies":[{"name":"wp","href":"https:\/\/api.w.org\/{rel}","templated":true}]}}

<p>La première partie de ce texte autobiographique est le journal d&#8217;un cancer. Parfois l&#8217;auteure est très sévère et peut paraître injuste pour la médecine et les médecins.<br />
Mais il faut lire ce texte comme le témoignage d&#8217;un ressenti, d&#8217;un vécu, d&#8217;un parcours de soins toujours très difficile pour la malade, et non comme un jugement.<br />
Un tel ressenti mérite d&#8217;être connu, y compris du personnel soignant.</p>
<p>La deuxième partie évoque « Le sein dans tous ses états ».</p>
<p>Traduction française de l&#8217;auteure.</p>

<p>La première partie de ce texte autobiographique est le journal d&#8217;un cancer. Parfois l&#8217;auteure est très sévère et peut paraître injuste pour la médecine et les médecins. Mais il faut lire ce texte comme le témoignage d&#8217;un ressenti, d&#8217;un vécu, d&#8217;un parcours de soins toujours très difficile pour la malade, et non comme un jugement. [&hellip;]</p>
