{"id":61870,"date":"2025-05-30T09:34:11","date_gmt":"2025-05-30T07:34:11","guid":{"rendered":"https:\/\/www.libraria-occitana.org\/?post_type=product&#038;p=61870"},"modified":"2026-04-26T23:07:02","modified_gmt":"2026-04-26T21:07:02","slug":"meschant-temps-maraval","status":"publish","type":"product","link":"https:\/\/www.libraria-occitana.org\/en\/product\/meschant-temps-maraval\/","title":{"rendered":"Meschant temps Maraval !"},"content":{"rendered":"<blockquote>\n<p>Lo parc de Barra Miegjorn era plan plasent, d\u2019avesat. En questa fin d\u2019aprep miegjorn d\u2019oct\u00f2bre, los rais obliques dau solelh auri\u00e1n degut esflambejar lo tap\u00eds de fuelhas rossas que los grands aubres \u2018vi\u00e1n desj\u00e0 escampilhadas per las al\u00e8ias e las pelusas. Mas i avi\u00e1 quauquaren que empaichava de jauvir completament de l\u2019espectacle. Qu\u00f2 era un c\u00f2rs esplamit de bocha-dents meitat sus l\u2019erba e la gravilha. Una femna. Gr\u00f2ssa. Vielha. M\u00f2rta.<\/p>\n<\/blockquote>\n<p>La derni\u00e8re enqu\u00eate \u2013 la derni\u00e8re des derni\u00e8res \u2013 de la longue carri\u00e8re d\u2019Alexandre Darnauguilhem, le fameux commissaire de Maraval, en Haute-Dordogne.<\/p>\n","protected":false},"excerpt":{"rendered":"<p>Lo parc de Barra Miegjorn era plan plasent, d\u2019avesat. En questa fin d\u2019aprep miegjorn d\u2019oct\u00f2bre, los rais obliques dau solelh auri\u00e1n degut esflambejar lo tap\u00eds de fuelhas rossas que los grands aubres \u2018vi\u00e1n desj\u00e0 escampilhadas per las al\u00e8ias e las pelusas. Mas i avi\u00e1 quauquaren que empaichava de jauvir completament de l\u2019espectacle. Qu\u00f2 era un [&hellip;]<\/p>\n","protected":false},"featured_media":61873,"template":"","meta":{"_acf_changed":false,"_genesis_hide_title":false,"_genesis_hide_breadcrumbs":false,"_genesis_hide_singular_image":false,"_genesis_hide_footer_widgets":false,"_genesis_custom_body_class":"","_genesis_custom_post_class":"","_genesis_layout":""},"product_brand":[],"product_cat":[7132,7174,7182],"product_tag":[],"class_list":{"0":"post-61870","1":"product","2":"type-product","3":"status-publish","4":"has-post-thumbnail","6":"product_cat-books","7":"product_cat-literature-en","8":"product_cat-novels-short-stories-en","9":"pa_auteur-ganhaire-joan-en","10":"pa_editeur-ieo-fr-en","11":"pa_langue-occitan-en","12":"pa_langue-occitan-lemosin-en","13":"entry","15":"first","16":"instock","17":"shipping-taxable","18":"purchasable","19":"product-type-simple"},"acf":[],"_links":{"self":[{"href":"https:\/\/www.libraria-occitana.org\/en\/wp-json\/wp\/v2\/product\/61870","targetHints":{"allow":["GET"]}}],"collection":[{"href":"https:\/\/www.libraria-occitana.org\/en\/wp-json\/wp\/v2\/product"}],"about":[{"href":"https:\/\/www.libraria-occitana.org\/en\/wp-json\/wp\/v2\/types\/product"}],"wp:featuredmedia":[{"embeddable":true,"href":"https:\/\/www.libraria-occitana.org\/en\/wp-json\/wp\/v2\/media\/61873"}],"wp:attachment":[{"href":"https:\/\/www.libraria-occitana.org\/en\/wp-json\/wp\/v2\/media?parent=61870"}],"wp:term":[{"taxonomy":"product_brand","embeddable":true,"href":"https:\/\/www.libraria-occitana.org\/en\/wp-json\/wp\/v2\/product_brand?post=61870"},{"taxonomy":"product_cat","embeddable":true,"href":"https:\/\/www.libraria-occitana.org\/en\/wp-json\/wp\/v2\/product_cat?post=61870"},{"taxonomy":"product_tag","embeddable":true,"href":"https:\/\/www.libraria-occitana.org\/en\/wp-json\/wp\/v2\/product_tag?post=61870"}],"curies":[{"name":"wp","href":"https:\/\/api.w.org\/{rel}","templated":true}]}}

<blockquote>
<p>Lo parc de Barra Miegjorn era plan plasent, d’avesat. En questa fin d’aprep miegjorn d’octòbre, los rais obliques dau solelh aurián degut esflambejar lo tapís de fuelhas rossas que los grands aubres ‘vián desjà escampilhadas per las alèias e las pelusas. Mas i aviá quauquaren que empaichava de jauvir completament de l’espectacle. Quò era un còrs esplamit de bocha-dents meitat sus l’erba e la gravilha. Una femna. Gròssa. Vielha. Mòrta.</p>
</blockquote>
<p>La dernière enquête – la dernière des dernières – de la longue carrière d’Alexandre Darnauguilhem, le fameux commissaire de Maraval, en Haute-Dordogne.</p>

<p>Lo parc de Barra Miegjorn era plan plasent, d’avesat. En questa fin d’aprep miegjorn d’octòbre, los rais obliques dau solelh aurián degut esflambejar lo tapís de fuelhas rossas que los grands aubres ‘vián desjà escampilhadas per las alèias e las pelusas. Mas i aviá quauquaren que empaichava de jauvir completament de l’espectacle. Quò era un [&hellip;]</p>
