{"id":62153,"date":"2025-07-30T12:43:24","date_gmt":"2025-07-30T10:43:24","guid":{"rendered":"https:\/\/www.libraria-occitana.org\/?post_type=product&#038;p=62153"},"modified":"2026-04-29T10:22:01","modified_gmt":"2026-04-29T08:22:01","slug":"langues-regionales-idees-fausses-et-vraies-questions","status":"publish","type":"product","link":"https:\/\/www.libraria-occitana.org\/en\/product\/langues-regionales-idees-fausses-et-vraies-questions\/","title":{"rendered":"Langues r\u00e9gionales : Id\u00e9es fausses et vraies questions"},"content":{"rendered":"<p>La question des langues r\u00e9gionales est tr\u00e8s sensible en France, o\u00f9 une conception particuli\u00e8re de l&#8217;unit\u00e9 nationale am\u00e8ne \u00e0 confondre langue commune et langue unique. Dans ces d\u00e9bats virulents circulent de tous c\u00f4t\u00e9s des affirmations partisanes souvent biais\u00e9es, des croyances absurdes, des explications fumeuses.<\/p>\n<p>L&#8217;objectif de cet ouvrage est de corriger ces fausses informations et d&#8217;\u00e9clairer le d\u00e9bat de fa\u00e7on s\u00e9rieuse et constructive, \u00e0 partir de connaissances scientifiques sur les langues, leurs pratiques, leurs histoires, leurs fonctionnements et leurs places. C&#8217;est ainsi qu&#8217;il sera possible d&#8217;\u00e9laborer, en France, une politique linguistique \u00e9quilibr\u00e9e et respectueuse des langues et des gens qui les parlent.<\/p>\n","protected":false},"excerpt":{"rendered":"<p>La question des langues r\u00e9gionales est tr\u00e8s sensible en France, o\u00f9 une conception particuli\u00e8re de l&#8217;unit\u00e9 nationale am\u00e8ne \u00e0 confondre langue commune et langue unique. Dans ces d\u00e9bats virulents circulent de tous c\u00f4t\u00e9s des affirmations partisanes souvent biais\u00e9es, des croyances absurdes, des explications fumeuses. L&#8217;objectif de cet ouvrage est de corriger ces fausses informations et [&hellip;]<\/p>\n","protected":false},"featured_media":62156,"template":"","meta":{"_acf_changed":false,"_genesis_hide_title":false,"_genesis_hide_breadcrumbs":false,"_genesis_hide_singular_image":false,"_genesis_hide_footer_widgets":false,"_genesis_custom_body_class":"","_genesis_custom_post_class":"","_genesis_layout":""},"product_brand":[],"product_cat":[7132,7202],"product_tag":[],"class_list":{"0":"post-62153","1":"product","2":"type-product","3":"status-publish","4":"has-post-thumbnail","6":"product_cat-books","7":"product_cat-politics-sociology-current-affairs-en","8":"pa_auteur-blanchet-philippe-en","9":"pa_auteur-milin-rozenn-en","10":"pa_editeur-heliopoles-en","11":"pa_langue-francais-en","12":"entry","14":"first","15":"instock","16":"shipping-taxable","17":"purchasable","18":"product-type-simple"},"acf":[],"_links":{"self":[{"href":"https:\/\/www.libraria-occitana.org\/en\/wp-json\/wp\/v2\/product\/62153","targetHints":{"allow":["GET"]}}],"collection":[{"href":"https:\/\/www.libraria-occitana.org\/en\/wp-json\/wp\/v2\/product"}],"about":[{"href":"https:\/\/www.libraria-occitana.org\/en\/wp-json\/wp\/v2\/types\/product"}],"wp:featuredmedia":[{"embeddable":true,"href":"https:\/\/www.libraria-occitana.org\/en\/wp-json\/wp\/v2\/media\/62156"}],"wp:attachment":[{"href":"https:\/\/www.libraria-occitana.org\/en\/wp-json\/wp\/v2\/media?parent=62153"}],"wp:term":[{"taxonomy":"product_brand","embeddable":true,"href":"https:\/\/www.libraria-occitana.org\/en\/wp-json\/wp\/v2\/product_brand?post=62153"},{"taxonomy":"product_cat","embeddable":true,"href":"https:\/\/www.libraria-occitana.org\/en\/wp-json\/wp\/v2\/product_cat?post=62153"},{"taxonomy":"product_tag","embeddable":true,"href":"https:\/\/www.libraria-occitana.org\/en\/wp-json\/wp\/v2\/product_tag?post=62153"}],"curies":[{"name":"wp","href":"https:\/\/api.w.org\/{rel}","templated":true}]}}

Langues régionales : Idées fausses et vraies questions

<p>La question des langues régionales est très sensible en France, où une conception particulière de l&#8217;unité nationale amène à confondre langue commune et langue unique. Dans ces débats virulents circulent de tous côtés des affirmations partisanes souvent biaisées, des croyances absurdes, des explications fumeuses.</p>
<p>L&#8217;objectif de cet ouvrage est de corriger ces fausses informations et d&#8217;éclairer le débat de façon sérieuse et constructive, à partir de connaissances scientifiques sur les langues, leurs pratiques, leurs histoires, leurs fonctionnements et leurs places. C&#8217;est ainsi qu&#8217;il sera possible d&#8217;élaborer, en France, une politique linguistique équilibrée et respectueuse des langues et des gens qui les parlent.</p>

<p>La question des langues régionales est très sensible en France, où une conception particulière de l&#8217;unité nationale amène à confondre langue commune et langue unique. Dans ces débats virulents circulent de tous côtés des affirmations partisanes souvent biaisées, des croyances absurdes, des explications fumeuses. L&#8217;objectif de cet ouvrage est de corriger ces fausses informations et [&hellip;]</p>
