{"id":62689,"date":"2025-10-10T11:20:35","date_gmt":"2025-10-10T09:20:35","guid":{"rendered":"https:\/\/www.libraria-occitana.org\/?post_type=product&#038;p=62689"},"modified":"2026-04-29T05:01:12","modified_gmt":"2026-04-29T03:01:12","slug":"mans-de-breish-lo-reialme-dal-colobret","status":"publish","type":"product","link":"https:\/\/www.libraria-occitana.org\/en\/product\/mans-de-breish-lo-reialme-dal-colobret\/","title":{"rendered":"Mans de Breish : Lo reialme dal colobret"},"content":{"rendered":"<p>N\u00e9 en 1949, \u00e0 Carcassonne, Mans de Breish (\u201cMains de Sorcier\u201d), surnom donn\u00e9 par les copains du lyc\u00e9e, participe, \u00e0 la fin des ann\u00e9es soixante, aux c\u00f4t\u00e9s de Claude Marti et de quelques autres, \u00e0 l\u2019essor de la nouvelle chanson occitane. Dans ce documentaire, il \u00e9voque son enfance et sa jeunesse \u00e0 Carcassonne, son premier disque sur des po\u00e8mes de Jean Boudou, ses concerts au Larzac ou en soutien aux luttes viticoles, ses rencontres avec Claude Nougaro ou Paco Iba\u00f1ez, ou encore sa chanson Lo Lauquet devenue embl\u00e9matique de la f\u00eate de Ladern-sur-Lauquet.<\/p>\n<p>Le film est enrichi par de nombreuses photographies anciennes et des extraits de concerts film\u00e9s entre 2023 et 2025 dans l\u2019Aude (Ladern, Villemoustaussou) et \u00e0 Bordeaux.<\/p>\n<p>En occitan, sous-titr\u00e9 en fran\u00e7ais.<\/p>\n","protected":false},"excerpt":{"rendered":"<p>N\u00e9 en 1949, \u00e0 Carcassonne, Mans de Breish (\u201cMains de Sorcier\u201d), surnom donn\u00e9 par les copains du lyc\u00e9e, participe, \u00e0 la fin des ann\u00e9es soixante, aux c\u00f4t\u00e9s de Claude Marti et de quelques autres, \u00e0 l\u2019essor de la nouvelle chanson occitane. Dans ce documentaire, il \u00e9voque son enfance et sa jeunesse \u00e0 Carcassonne, son premier [&hellip;]<\/p>\n","protected":false},"featured_media":62692,"template":"","meta":{"_acf_changed":false,"_genesis_hide_title":false,"_genesis_hide_breadcrumbs":false,"_genesis_hide_singular_image":false,"_genesis_hide_footer_widgets":false,"_genesis_custom_body_class":"","_genesis_custom_post_class":"","_genesis_layout":""},"product_brand":[],"product_cat":[7247,7249],"product_tag":[],"class_list":{"0":"post-62689","1":"product","2":"type-product","3":"status-publish","4":"has-post-thumbnail","6":"product_cat-music-literature-en","7":"product_cat-videos-3-en","8":"pa_auteur-lavaud-patrick-en","9":"pa_editeur-les-nuits-atypiques-en","10":"pa_langue-occitan-lengadocian-en","11":"pa_langue-occitan-francais-en","12":"entry","14":"first","15":"instock","16":"shipping-taxable","17":"purchasable","18":"product-type-simple"},"acf":[],"_links":{"self":[{"href":"https:\/\/www.libraria-occitana.org\/en\/wp-json\/wp\/v2\/product\/62689","targetHints":{"allow":["GET"]}}],"collection":[{"href":"https:\/\/www.libraria-occitana.org\/en\/wp-json\/wp\/v2\/product"}],"about":[{"href":"https:\/\/www.libraria-occitana.org\/en\/wp-json\/wp\/v2\/types\/product"}],"wp:featuredmedia":[{"embeddable":true,"href":"https:\/\/www.libraria-occitana.org\/en\/wp-json\/wp\/v2\/media\/62692"}],"wp:attachment":[{"href":"https:\/\/www.libraria-occitana.org\/en\/wp-json\/wp\/v2\/media?parent=62689"}],"wp:term":[{"taxonomy":"product_brand","embeddable":true,"href":"https:\/\/www.libraria-occitana.org\/en\/wp-json\/wp\/v2\/product_brand?post=62689"},{"taxonomy":"product_cat","embeddable":true,"href":"https:\/\/www.libraria-occitana.org\/en\/wp-json\/wp\/v2\/product_cat?post=62689"},{"taxonomy":"product_tag","embeddable":true,"href":"https:\/\/www.libraria-occitana.org\/en\/wp-json\/wp\/v2\/product_tag?post=62689"}],"curies":[{"name":"wp","href":"https:\/\/api.w.org\/{rel}","templated":true}]}}

<p>Né en 1949, à Carcassonne, Mans de Breish (“Mains de Sorcier”), surnom donné par les copains du lycée, participe, à la fin des années soixante, aux côtés de Claude Marti et de quelques autres, à l’essor de la nouvelle chanson occitane. Dans ce documentaire, il évoque son enfance et sa jeunesse à Carcassonne, son premier disque sur des poèmes de Jean Boudou, ses concerts au Larzac ou en soutien aux luttes viticoles, ses rencontres avec Claude Nougaro ou Paco Ibañez, ou encore sa chanson Lo Lauquet devenue emblématique de la fête de Ladern-sur-Lauquet.</p>
<p>Le film est enrichi par de nombreuses photographies anciennes et des extraits de concerts filmés entre 2023 et 2025 dans l’Aude (Ladern, Villemoustaussou) et à Bordeaux.</p>
<p>En occitan, sous-titré en français.</p>

<p>Né en 1949, à Carcassonne, Mans de Breish (“Mains de Sorcier”), surnom donné par les copains du lycée, participe, à la fin des années soixante, aux côtés de Claude Marti et de quelques autres, à l’essor de la nouvelle chanson occitane. Dans ce documentaire, il évoque son enfance et sa jeunesse à Carcassonne, son premier [&hellip;]</p>
