{"id":62701,"date":"2022-10-30T11:44:41","date_gmt":"2022-10-30T10:44:41","guid":{"rendered":"https:\/\/www.libraria-occitana.org\/?post_type=product&#038;p=62701"},"modified":"2026-04-29T05:01:10","modified_gmt":"2026-04-29T03:01:10","slug":"eric-fraj-50-ans-de-cancon","status":"publish","type":"product","link":"https:\/\/www.libraria-occitana.org\/en\/product\/eric-fraj-50-ans-de-cancon\/","title":{"rendered":"Eric Fraj : 50 ans de can\u00e7on"},"content":{"rendered":"<p>Centr\u00e9 sur le cheminement artistique d&#8217;\u00c9ric Fraj et ponctu\u00e9 par des extraits d&#8217;un concert avec le guitariste Morgan Astruc, ainsi que d&#8217;une performance avec le po\u00e8te Serge Pey, ce film permet d&#8217;entrer dans l&#8217;intimit\u00e9 du chanteur, d&#8217;\u00e9voquer ses origines familiales, ses 50 ans de chanson, sa relation avec la langue occitane, son go\u00fbt de l&#8217;enseignement ou encore sa passion pour la po\u00e9sie.<\/p>\n<p>Le film a \u00e9t\u00e9 tourn\u00e9 dans des lieux importants pour \u00c9ric Fraj : la maison de Carbonne o\u00f9 il habite, la Calandreta de Muret, la ville de Lavelanet d&#8217;Ari\u00e8ge (berceau d\u2019une partie de sa famille paternelle), le ch\u00e2teau cathare de Monts\u00e9gur, et le village m\u00e9di\u00e9val de Saint-Macaire o\u00f9 il donna l\u2019un de ces premiers concerts au d\u00e9but des ann\u00e9es 1970.<\/p>\n<p>En occitan, sous-titr\u00e9 en fran\u00e7ais.<\/p>\n","protected":false},"excerpt":{"rendered":"<p>Centr\u00e9 sur le cheminement artistique d&#8217;\u00c9ric Fraj et ponctu\u00e9 par des extraits d&#8217;un concert avec le guitariste Morgan Astruc, ainsi que d&#8217;une performance avec le po\u00e8te Serge Pey, ce film permet d&#8217;entrer dans l&#8217;intimit\u00e9 du chanteur, d&#8217;\u00e9voquer ses origines familiales, ses 50 ans de chanson, sa relation avec la langue occitane, son go\u00fbt de l&#8217;enseignement [&hellip;]<\/p>\n","protected":false},"featured_media":62706,"template":"","meta":{"_acf_changed":false,"_genesis_hide_title":false,"_genesis_hide_breadcrumbs":false,"_genesis_hide_singular_image":false,"_genesis_hide_footer_widgets":false,"_genesis_custom_body_class":"","_genesis_custom_post_class":"","_genesis_layout":""},"product_brand":[],"product_cat":[7247,7249],"product_tag":[],"class_list":{"0":"post-62701","1":"product","2":"type-product","3":"status-publish","4":"has-post-thumbnail","6":"product_cat-music-literature-en","7":"product_cat-videos-3-en","8":"pa_auteur-lavaud-patrick-en","9":"pa_editeur-les-nuits-atypiques-en","10":"pa_langue-occitan-lengadocian-en","11":"pa_langue-occitan-francais-en","12":"entry","14":"first","15":"instock","16":"shipping-taxable","17":"purchasable","18":"product-type-simple"},"acf":[],"_links":{"self":[{"href":"https:\/\/www.libraria-occitana.org\/en\/wp-json\/wp\/v2\/product\/62701","targetHints":{"allow":["GET"]}}],"collection":[{"href":"https:\/\/www.libraria-occitana.org\/en\/wp-json\/wp\/v2\/product"}],"about":[{"href":"https:\/\/www.libraria-occitana.org\/en\/wp-json\/wp\/v2\/types\/product"}],"wp:featuredmedia":[{"embeddable":true,"href":"https:\/\/www.libraria-occitana.org\/en\/wp-json\/wp\/v2\/media\/62706"}],"wp:attachment":[{"href":"https:\/\/www.libraria-occitana.org\/en\/wp-json\/wp\/v2\/media?parent=62701"}],"wp:term":[{"taxonomy":"product_brand","embeddable":true,"href":"https:\/\/www.libraria-occitana.org\/en\/wp-json\/wp\/v2\/product_brand?post=62701"},{"taxonomy":"product_cat","embeddable":true,"href":"https:\/\/www.libraria-occitana.org\/en\/wp-json\/wp\/v2\/product_cat?post=62701"},{"taxonomy":"product_tag","embeddable":true,"href":"https:\/\/www.libraria-occitana.org\/en\/wp-json\/wp\/v2\/product_tag?post=62701"}],"curies":[{"name":"wp","href":"https:\/\/api.w.org\/{rel}","templated":true}]}}

Eric Fraj : 50 ans de cançon

<p>Centré sur le cheminement artistique d&#8217;Éric Fraj et ponctué par des extraits d&#8217;un concert avec le guitariste Morgan Astruc, ainsi que d&#8217;une performance avec le poète Serge Pey, ce film permet d&#8217;entrer dans l&#8217;intimité du chanteur, d&#8217;évoquer ses origines familiales, ses 50 ans de chanson, sa relation avec la langue occitane, son goût de l&#8217;enseignement ou encore sa passion pour la poésie.</p>
<p>Le film a été tourné dans des lieux importants pour Éric Fraj : la maison de Carbonne où il habite, la Calandreta de Muret, la ville de Lavelanet d&#8217;Ariège (berceau d’une partie de sa famille paternelle), le château cathare de Montségur, et le village médiéval de Saint-Macaire où il donna l’un de ces premiers concerts au début des années 1970.</p>
<p>En occitan, sous-titré en français.</p>

<p>Centré sur le cheminement artistique d&#8217;Éric Fraj et ponctué par des extraits d&#8217;un concert avec le guitariste Morgan Astruc, ainsi que d&#8217;une performance avec le poète Serge Pey, ce film permet d&#8217;entrer dans l&#8217;intimité du chanteur, d&#8217;évoquer ses origines familiales, ses 50 ans de chanson, sa relation avec la langue occitane, son goût de l&#8217;enseignement [&hellip;]</p>
