{"id":63312,"date":"2026-02-12T11:42:21","date_gmt":"2026-02-12T10:42:21","guid":{"rendered":"https:\/\/www.libraria-occitana.org\/?post_type=product&#038;p=63312"},"modified":"2026-04-29T10:29:38","modified_gmt":"2026-04-29T08:29:38","slug":"vocalites-doc-theatre-chanson-poesie-revue-litteratures-classiques-n117","status":"publish","type":"product","link":"https:\/\/www.libraria-occitana.org\/en\/product\/vocalites-doc-theatre-chanson-poesie-revue-litteratures-classiques-n117\/","title":{"rendered":"Vocalit\u00e9s d&#8217;oc (th\u00e9\u00e2tre, chanson, po\u00e9sie) \/ Revue Litt\u00e9ratures classiques N\u00b0117"},"content":{"rendered":"<p>On l\u2019ignore souvent mais le XVIIe si\u00e8cle est un grand si\u00e8cle de cr\u00e9ation artistique dans la langue d\u2019oc, alors couramment employ\u00e9e par l\u2019ensemble de la population dans le sud du royaume. Ces \u0153uvres, pour beaucoup oubli\u00e9es de nos jours, t\u00e9moignent d\u2019un dynamisme paradoxal \u2013 alors que triomphe la litt\u00e9rature de langue fran\u00e7aise \u2013 et d\u2019une \u00e9tonnante originalit\u00e9. Une des caract\u00e9ristiques les plus frappantes r\u00e9side dans l\u2019usage qui est fait, quel que soit le genre pratiqu\u00e9, de la vocalit\u00e9. Les paroles, les voix plurielles de tout un monde se font entendre et, tout en connaissant et en respectant les conventions tacites qui r\u00e9gissent la vie artistique de leur temps, les cr\u00e9ateurs de langue occitane jouent sur le d\u00e9calage, le contrepoint, voire l\u2019opposition plus ou moins directe. Le th\u00e9\u00e2tre, jou\u00e9 dans la rue, comme \u00e0 B\u00e9ziers, ou en Provence par temps de carnaval, est le lieu d\u2019\u00e9lection de ces discordances mais on per\u00e7oit \u00e9galement ce primat accord\u00e9 \u00e0 la vocalit\u00e9 aussi bien dans la po\u00e9sie que dans la chanson, religieuse ou profane. Une pr\u00e9sence de la voix occitane qui se fait entendre jusque dans le Nouveau Monde.<\/p>\n","protected":false},"excerpt":{"rendered":"<p>On l\u2019ignore souvent mais le XVIIe si\u00e8cle est un grand si\u00e8cle de cr\u00e9ation artistique dans la langue d\u2019oc, alors couramment employ\u00e9e par l\u2019ensemble de la population dans le sud du royaume. Ces \u0153uvres, pour beaucoup oubli\u00e9es de nos jours, t\u00e9moignent d\u2019un dynamisme paradoxal \u2013 alors que triomphe la litt\u00e9rature de langue fran\u00e7aise \u2013 et d\u2019une [&hellip;]<\/p>\n","protected":false},"featured_media":63307,"template":"","meta":{"_acf_changed":false,"_genesis_hide_title":false,"_genesis_hide_breadcrumbs":false,"_genesis_hide_singular_image":false,"_genesis_hide_footer_widgets":false,"_genesis_custom_body_class":"","_genesis_custom_post_class":"","_genesis_layout":""},"product_brand":[],"product_cat":[7188,7132,7174],"product_tag":[],"class_list":{"0":"post-63312","1":"product","2":"type-product","3":"status-publish","4":"has-post-thumbnail","6":"product_cat-arts-studies-en","7":"product_cat-books","8":"product_cat-literature-en","9":"pa_auteur-collectiu-en-2","10":"pa_auteur-courouau-jean-francois-en","11":"pa_editeur-pu-du-midi-en","12":"pa_langue-francais-en","13":"entry","15":"first","16":"instock","17":"shipping-taxable","18":"purchasable","19":"product-type-simple"},"acf":[],"_links":{"self":[{"href":"https:\/\/www.libraria-occitana.org\/en\/wp-json\/wp\/v2\/product\/63312","targetHints":{"allow":["GET"]}}],"collection":[{"href":"https:\/\/www.libraria-occitana.org\/en\/wp-json\/wp\/v2\/product"}],"about":[{"href":"https:\/\/www.libraria-occitana.org\/en\/wp-json\/wp\/v2\/types\/product"}],"wp:featuredmedia":[{"embeddable":true,"href":"https:\/\/www.libraria-occitana.org\/en\/wp-json\/wp\/v2\/media\/63307"}],"wp:attachment":[{"href":"https:\/\/www.libraria-occitana.org\/en\/wp-json\/wp\/v2\/media?parent=63312"}],"wp:term":[{"taxonomy":"product_brand","embeddable":true,"href":"https:\/\/www.libraria-occitana.org\/en\/wp-json\/wp\/v2\/product_brand?post=63312"},{"taxonomy":"product_cat","embeddable":true,"href":"https:\/\/www.libraria-occitana.org\/en\/wp-json\/wp\/v2\/product_cat?post=63312"},{"taxonomy":"product_tag","embeddable":true,"href":"https:\/\/www.libraria-occitana.org\/en\/wp-json\/wp\/v2\/product_tag?post=63312"}],"curies":[{"name":"wp","href":"https:\/\/api.w.org\/{rel}","templated":true}]}}

Vocalités d&#8217;oc (théâtre, chanson, poésie) / Revue Littératures classiques N°117

<p>On l’ignore souvent mais le XVIIe siècle est un grand siècle de création artistique dans la langue d’oc, alors couramment employée par l’ensemble de la population dans le sud du royaume. Ces œuvres, pour beaucoup oubliées de nos jours, témoignent d’un dynamisme paradoxal – alors que triomphe la littérature de langue française – et d’une étonnante originalité. Une des caractéristiques les plus frappantes réside dans l’usage qui est fait, quel que soit le genre pratiqué, de la vocalité. Les paroles, les voix plurielles de tout un monde se font entendre et, tout en connaissant et en respectant les conventions tacites qui régissent la vie artistique de leur temps, les créateurs de langue occitane jouent sur le décalage, le contrepoint, voire l’opposition plus ou moins directe. Le théâtre, joué dans la rue, comme à Béziers, ou en Provence par temps de carnaval, est le lieu d’élection de ces discordances mais on perçoit également ce primat accordé à la vocalité aussi bien dans la poésie que dans la chanson, religieuse ou profane. Une présence de la voix occitane qui se fait entendre jusque dans le Nouveau Monde.</p>

<p>On l’ignore souvent mais le XVIIe siècle est un grand siècle de création artistique dans la langue d’oc, alors couramment employée par l’ensemble de la population dans le sud du royaume. Ces œuvres, pour beaucoup oubliées de nos jours, témoignent d’un dynamisme paradoxal – alors que triomphe la littérature de langue française – et d’une [&hellip;]</p>
