{"id":63534,"date":"2026-03-13T18:41:40","date_gmt":"2026-03-13T17:41:40","guid":{"rendered":"https:\/\/www.libraria-occitana.org\/?post_type=product&#038;p=63534"},"modified":"2026-04-28T05:56:17","modified_gmt":"2026-04-28T03:56:17","slug":"los-contes-de-lesquirol-les-contes-de-lecureuil","status":"publish","type":"product","link":"https:\/\/www.libraria-occitana.org\/en\/product\/los-contes-de-lesquirol-les-contes-de-lecureuil\/","title":{"rendered":"Los contes de l&#8217;esquir\u00f2l &#8211; Les contes de l&#8217;\u00e9cureuil"},"content":{"rendered":"<p>\u00ab Le volume que vous tenez entre les mains vient conclure une trilogie de contes p\u00e9rigourdins bilingues, langue d&#8217;oc-fran\u00e7ais, qui me tenait \u00e0 c\u0153ur ; une s\u00e9rie d&#8217;histoires, contes ou nouvelles commenc\u00e9e avec <a href=\"https:\/\/www.libraria-occitana.org\/produit\/los-contes-de-lagaca-les-contes-de-la-pie\/\"><em>Les Contes de la pie<\/em><\/a> et poursuivie dans <a href=\"https:\/\/www.libraria-occitana.org\/produit\/los-contes-del-grelh-les-contes-du-grillon\/\"><em>Les Contes du grillon<\/em><\/a>.<\/p>\n<p>Tout est venu du travail que j&#8217;ai entrepris dans les ann\u00e9es 2010 pour mettre par \u00e9crit la langue d&#8217;oc du P\u00e9rigord Pourpre, le Bergeracois, avant que ne meurent les derniers, parmi lesquels ma m\u00e8re, dont ce dialecte \u00e9tait la langue maternelle. Il m&#8217;a paru naturel de faire suivre ce recueil m\u00e9thodique de la langue, de r\u00e9cits o\u00f9 notre parler se montrerait aussi dans ses habits de tous les jours.<\/p>\n<p>\u00c9chos de tout ce que j&#8217;entendais quand j&#8217;\u00e9tais enfant, naquirent ainsi ces contes et nouvelles, provenant presque tous de quelque \u00e9v\u00e9nement sortant un peu de l&#8217;ordinaire, dont les gens avaient parl\u00e9, dans notre langue, \u00e0 la ferme de mes grand-parents pendant mon enfance. \u00bb<\/p>\n","protected":false},"excerpt":{"rendered":"<p>\u00ab Le volume que vous tenez entre les mains vient conclure une trilogie de contes p\u00e9rigourdins bilingues, langue d&#8217;oc-fran\u00e7ais, qui me tenait \u00e0 c\u0153ur ; une s\u00e9rie d&#8217;histoires, contes ou nouvelles commenc\u00e9e avec Les Contes de la pie et poursuivie dans Les Contes du grillon. Tout est venu du travail que j&#8217;ai entrepris dans les [&hellip;]<\/p>\n","protected":false},"featured_media":63537,"template":"","meta":{"_acf_changed":false,"_genesis_hide_title":false,"_genesis_hide_breadcrumbs":false,"_genesis_hide_singular_image":false,"_genesis_hide_footer_widgets":false,"_genesis_custom_body_class":"","_genesis_custom_post_class":"","_genesis_layout":""},"product_brand":[],"product_cat":[7132,7174,7176],"product_tag":[],"class_list":{"0":"post-63534","1":"product","2":"type-product","3":"status-publish","4":"has-post-thumbnail","6":"product_cat-books","7":"product_cat-literature-en","8":"product_cat-tales-fables-en","9":"pa_auteur-chalmel-patrick-en","10":"pa_editeur-lo-bornat-dau-perigord-en","11":"pa_langue-occitan-lengadocian-en","12":"pa_langue-occitan-francais-en","13":"entry","15":"first","16":"instock","17":"shipping-taxable","18":"purchasable","19":"product-type-simple"},"acf":[],"_links":{"self":[{"href":"https:\/\/www.libraria-occitana.org\/en\/wp-json\/wp\/v2\/product\/63534","targetHints":{"allow":["GET"]}}],"collection":[{"href":"https:\/\/www.libraria-occitana.org\/en\/wp-json\/wp\/v2\/product"}],"about":[{"href":"https:\/\/www.libraria-occitana.org\/en\/wp-json\/wp\/v2\/types\/product"}],"wp:featuredmedia":[{"embeddable":true,"href":"https:\/\/www.libraria-occitana.org\/en\/wp-json\/wp\/v2\/media\/63537"}],"wp:attachment":[{"href":"https:\/\/www.libraria-occitana.org\/en\/wp-json\/wp\/v2\/media?parent=63534"}],"wp:term":[{"taxonomy":"product_brand","embeddable":true,"href":"https:\/\/www.libraria-occitana.org\/en\/wp-json\/wp\/v2\/product_brand?post=63534"},{"taxonomy":"product_cat","embeddable":true,"href":"https:\/\/www.libraria-occitana.org\/en\/wp-json\/wp\/v2\/product_cat?post=63534"},{"taxonomy":"product_tag","embeddable":true,"href":"https:\/\/www.libraria-occitana.org\/en\/wp-json\/wp\/v2\/product_tag?post=63534"}],"curies":[{"name":"wp","href":"https:\/\/api.w.org\/{rel}","templated":true}]}}

Los contes de l&#8217;esquiròl &#8211; Les contes de l&#8217;écureuil

<p>« Le volume que vous tenez entre les mains vient conclure une trilogie de contes périgourdins bilingues, langue d&#8217;oc-français, qui me tenait à cœur ; une série d&#8217;histoires, contes ou nouvelles commencée avec <a href="https://www.libraria-occitana.org/produit/los-contes-de-lagaca-les-contes-de-la-pie/"><em>Les Contes de la pie</em></a> et poursuivie dans <a href="https://www.libraria-occitana.org/produit/los-contes-del-grelh-les-contes-du-grillon/"><em>Les Contes du grillon</em></a>.</p>
<p>Tout est venu du travail que j&#8217;ai entrepris dans les années 2010 pour mettre par écrit la langue d&#8217;oc du Périgord Pourpre, le Bergeracois, avant que ne meurent les derniers, parmi lesquels ma mère, dont ce dialecte était la langue maternelle. Il m&#8217;a paru naturel de faire suivre ce recueil méthodique de la langue, de récits où notre parler se montrerait aussi dans ses habits de tous les jours.</p>
<p>Échos de tout ce que j&#8217;entendais quand j&#8217;étais enfant, naquirent ainsi ces contes et nouvelles, provenant presque tous de quelque événement sortant un peu de l&#8217;ordinaire, dont les gens avaient parlé, dans notre langue, à la ferme de mes grand-parents pendant mon enfance. »</p>

<p>« Le volume que vous tenez entre les mains vient conclure une trilogie de contes périgourdins bilingues, langue d&#8217;oc-français, qui me tenait à cœur ; une série d&#8217;histoires, contes ou nouvelles commencée avec Les Contes de la pie et poursuivie dans Les Contes du grillon. Tout est venu du travail que j&#8217;ai entrepris dans les [&hellip;]</p>
