{"id":18349,"date":"2007-01-01T14:38:08","date_gmt":"2007-01-01T13:38:08","guid":{"rendered":"http:\/\/www.libraria-occitana.org\/all-products\/les-chemins-de-saint-jacques-de-compostelle?lang=oc"},"modified":"2026-04-29T10:10:20","modified_gmt":"2026-04-29T08:10:20","slug":"les-chemins-de-saint-jacques-de-compostelle","status":"publish","type":"product","link":"https:\/\/www.libraria-occitana.org\/oc\/produch\/les-chemins-de-saint-jacques-de-compostelle\/","title":{"rendered":"Les chemins de Saint-Jacques de Compostelle"},"content":{"rendered":"<p>La d\u00e9couverte du tombeau de Jacques le Majeur, au d\u00e9but du IXe si\u00e8cle, pr\u00e8s d&#8217;Iria Flavia, au nord-ouest de la p\u00e9ninsule Ib\u00e9rique, donne naissance \u00e0 ce qui va devenir un des trois grands p\u00e8lerinages de la Chr\u00e9tient\u00e9.<\/p>\n<p>Si la figure du Matamore anime les acteurs de la Reconquista, pour les p\u00e8lerins, c&#8217;est aupr\u00e8s du tombeau de l&#8217;ap\u00f4tre, qu&#8217;ils se rendent pour prier. De toute l&#8217;Europe, hommes, femmes et enfants, nobles et manants, clercs et ribaudes se pressent sur les chemins de Compostelle avec, pour tout viatique, leur bourdon, leur besace et leur calebasse. Et dans le terreau de la foi immense de ces marcheurs de Dieu, se sont fermement ancr\u00e9es les racines de la Conscience europ\u00e9enne.<\/p>\n","protected":false},"excerpt":{"rendered":"<p>La d\u00e9couverte du tombeau de Jacques le Majeur, au d\u00e9but du IXe si\u00e8cle, pr\u00e8s d&#8217;Iria Flavia, au nord-ouest de la p\u00e9ninsule Ib\u00e9rique, donne naissance \u00e0 ce qui va devenir un des trois grands p\u00e8lerinages de la Chr\u00e9tient\u00e9. Si la figure du Matamore anime les acteurs de la Reconquista, pour les p\u00e8lerins, c&#8217;est aupr\u00e8s du tombeau [&hellip;]<\/p>\n","protected":false},"featured_media":18350,"template":"","meta":{"_acf_changed":false,"_genesis_hide_title":false,"_genesis_hide_breadcrumbs":false,"_genesis_hide_singular_image":false,"_genesis_hide_footer_widgets":false,"_genesis_custom_body_class":"","_genesis_custom_post_class":"","_genesis_layout":""},"product_brand":[],"product_cat":[7161,7149,7133],"product_tag":[],"class_list":{"0":"post-18349","1":"product","2":"type-product","3":"status-publish","4":"has-post-thumbnail","6":"product_cat-istoria-medievala-oc","7":"product_cat-istoria-geografia-oc","8":"product_cat-libres-oc","9":"pa_auteur-collectiu-oc-2","10":"pa_auteur-roux-perino-julie-oc","11":"pa_editeur-msm-oc","12":"pa_langue-francais-oc","13":"entry","15":"first","16":"outofstock","17":"shipping-taxable","18":"purchasable","19":"product-type-simple"},"acf":[],"_links":{"self":[{"href":"https:\/\/www.libraria-occitana.org\/oc\/wp-json\/wp\/v2\/product\/18349","targetHints":{"allow":["GET"]}}],"collection":[{"href":"https:\/\/www.libraria-occitana.org\/oc\/wp-json\/wp\/v2\/product"}],"about":[{"href":"https:\/\/www.libraria-occitana.org\/oc\/wp-json\/wp\/v2\/types\/product"}],"wp:featuredmedia":[{"embeddable":true,"href":"https:\/\/www.libraria-occitana.org\/oc\/wp-json\/wp\/v2\/media\/18350"}],"wp:attachment":[{"href":"https:\/\/www.libraria-occitana.org\/oc\/wp-json\/wp\/v2\/media?parent=18349"}],"wp:term":[{"taxonomy":"product_brand","embeddable":true,"href":"https:\/\/www.libraria-occitana.org\/oc\/wp-json\/wp\/v2\/product_brand?post=18349"},{"taxonomy":"product_cat","embeddable":true,"href":"https:\/\/www.libraria-occitana.org\/oc\/wp-json\/wp\/v2\/product_cat?post=18349"},{"taxonomy":"product_tag","embeddable":true,"href":"https:\/\/www.libraria-occitana.org\/oc\/wp-json\/wp\/v2\/product_tag?post=18349"}],"curies":[{"name":"wp","href":"https:\/\/api.w.org\/{rel}","templated":true}]}}

<p>La découverte du tombeau de Jacques le Majeur, au début du IXe siècle, près d&#8217;Iria Flavia, au nord-ouest de la péninsule Ibérique, donne naissance à ce qui va devenir un des trois grands pèlerinages de la Chrétienté.</p>
<p>Si la figure du Matamore anime les acteurs de la Reconquista, pour les pèlerins, c&#8217;est auprès du tombeau de l&#8217;apôtre, qu&#8217;ils se rendent pour prier. De toute l&#8217;Europe, hommes, femmes et enfants, nobles et manants, clercs et ribaudes se pressent sur les chemins de Compostelle avec, pour tout viatique, leur bourdon, leur besace et leur calebasse. Et dans le terreau de la foi immense de ces marcheurs de Dieu, se sont fermement ancrées les racines de la Conscience européenne.</p>

<p>La découverte du tombeau de Jacques le Majeur, au début du IXe siècle, près d&#8217;Iria Flavia, au nord-ouest de la péninsule Ibérique, donne naissance à ce qui va devenir un des trois grands pèlerinages de la Chrétienté. Si la figure du Matamore anime les acteurs de la Reconquista, pour les pèlerins, c&#8217;est auprès du tombeau [&hellip;]</p>
