{"id":18425,"date":"2007-10-01T16:11:42","date_gmt":"2007-10-01T15:11:42","guid":{"rendered":"http:\/\/www.libraria-occitana.org\/all-products\/grammaire-provencale-gramatica-provencala-et-atlas-linguistique-en-couleur?lang=oc"},"modified":"2026-04-27T06:56:40","modified_gmt":"2026-04-27T04:56:40","slug":"grammaire-provencale-gramatica-provencala-et-atlas-linguistique-en-couleur","status":"publish","type":"product","link":"https:\/\/www.libraria-occitana.org\/oc\/produch\/grammaire-provencale-gramatica-provencala-et-atlas-linguistique-en-couleur\/","title":{"rendered":"Grammaire proven\u00e7ale &#8211; Gramatica proven\u00e7ala (et atlas linguistique en couleur)"},"content":{"rendered":"<p>Ceci est la deuxi\u00e8me \u00e9dition de la <em>Grammaire proven\u00e7ale<\/em> du Comitat Sestian d&#8217;Estudis Occitans et du CREO-Proven\u00e7a (section proven\u00e7ale de l&#8217;Institut d&#8217;Estudis Occitans). Comme la pr\u00e9c\u00e9dente, cette \u00e9dition est illustr\u00e9e de nombreux exemples et inclut un atlas de 25 cartes linguistiques d\u00e9crivant des aspects fondamentaux de l&#8217;occitan oriental (phon\u00e9tique et morphologie).<\/p>\n<p>On y trouvera :<br \/>\n&#8211; quelques ajouts<br \/>\n&#8211; un chapitre important sur la phon\u00e9tique, et sur l&#8217;application au proven\u00e7al de la graphie classique (les prononciations sont transcrites en alphabet phon\u00e9tique international)<br \/>\n&#8211; une description d\u00e9taill\u00e9e de la morphologie (notamment des formes verbales)<br \/>\n&#8211; une \u00e9tude des points essentiels de la syntaxe (article, pronom relatif, verbe, pr\u00e9position, conjonction, etc.)<br \/>\n&#8211; des \u00e9l\u00e9ments sur la d\u00e9rivation nominale et verbale<br \/>\n&#8211; un chapitre sur les interjections<br \/>\n&#8211; une pr\u00e9sentation synth\u00e9tique du vivaro-alpin et du ni\u00e7ois<\/p>\n<p>La graphie classique facilite l&#8217;acc\u00e8s aux textes \u00e9crits dans les autres vari\u00e9t\u00e9s r\u00e9gionales de l&#8217;occitan, ainsi qu&#8217;aux textes anciens.<\/p>\n","protected":false},"excerpt":{"rendered":"<p>Ceci est la deuxi\u00e8me \u00e9dition de la Grammaire proven\u00e7ale du Comitat Sestian d&#8217;Estudis Occitans et du CREO-Proven\u00e7a (section proven\u00e7ale de l&#8217;Institut d&#8217;Estudis Occitans). Comme la pr\u00e9c\u00e9dente, cette \u00e9dition est illustr\u00e9e de nombreux exemples et inclut un atlas de 25 cartes linguistiques d\u00e9crivant des aspects fondamentaux de l&#8217;occitan oriental (phon\u00e9tique et morphologie). On y trouvera : [&hellip;]<\/p>\n","protected":false},"featured_media":18426,"template":"","meta":{"_acf_changed":false,"_genesis_hide_title":false,"_genesis_hide_breadcrumbs":false,"_genesis_hide_singular_image":false,"_genesis_hide_footer_widgets":false,"_genesis_custom_body_class":"","_genesis_custom_post_class":"","_genesis_layout":""},"product_brand":[],"product_cat":[7139,7137,7133],"product_tag":[],"class_list":{"0":"post-18425","1":"product","2":"type-product","3":"status-publish","4":"has-post-thumbnail","6":"product_cat-diccionaris-gramaticas-oc","7":"product_cat-diccionaris-lenga-escolar-oc","8":"product_cat-libres-oc","9":"pa_auteur-martin-guy-oc","10":"pa_auteur-moulin-bernard-oc","11":"pa_editeur-comit-sestian-destudis-occitans-oc","12":"pa_editeur-creo-provenca-oc-2","13":"pa_langue-occitan-provencau-oc","14":"pa_langue-occitan-francais-oc","15":"entry","17":"first","18":"outofstock","19":"shipping-taxable","20":"purchasable","21":"product-type-simple"},"acf":[],"_links":{"self":[{"href":"https:\/\/www.libraria-occitana.org\/oc\/wp-json\/wp\/v2\/product\/18425","targetHints":{"allow":["GET"]}}],"collection":[{"href":"https:\/\/www.libraria-occitana.org\/oc\/wp-json\/wp\/v2\/product"}],"about":[{"href":"https:\/\/www.libraria-occitana.org\/oc\/wp-json\/wp\/v2\/types\/product"}],"wp:featuredmedia":[{"embeddable":true,"href":"https:\/\/www.libraria-occitana.org\/oc\/wp-json\/wp\/v2\/media\/18426"}],"wp:attachment":[{"href":"https:\/\/www.libraria-occitana.org\/oc\/wp-json\/wp\/v2\/media?parent=18425"}],"wp:term":[{"taxonomy":"product_brand","embeddable":true,"href":"https:\/\/www.libraria-occitana.org\/oc\/wp-json\/wp\/v2\/product_brand?post=18425"},{"taxonomy":"product_cat","embeddable":true,"href":"https:\/\/www.libraria-occitana.org\/oc\/wp-json\/wp\/v2\/product_cat?post=18425"},{"taxonomy":"product_tag","embeddable":true,"href":"https:\/\/www.libraria-occitana.org\/oc\/wp-json\/wp\/v2\/product_tag?post=18425"}],"curies":[{"name":"wp","href":"https:\/\/api.w.org\/{rel}","templated":true}]}}

Grammaire provençale &#8211; Gramatica provençala (et atlas linguistique en couleur)

<p>Ceci est la deuxième édition de la <em>Grammaire provençale</em> du Comitat Sestian d&#8217;Estudis Occitans et du CREO-Provença (section provençale de l&#8217;Institut d&#8217;Estudis Occitans). Comme la précédente, cette édition est illustrée de nombreux exemples et inclut un atlas de 25 cartes linguistiques décrivant des aspects fondamentaux de l&#8217;occitan oriental (phonétique et morphologie).</p>
<p>On y trouvera :<br />
&#8211; quelques ajouts<br />
&#8211; un chapitre important sur la phonétique, et sur l&#8217;application au provençal de la graphie classique (les prononciations sont transcrites en alphabet phonétique international)<br />
&#8211; une description détaillée de la morphologie (notamment des formes verbales)<br />
&#8211; une étude des points essentiels de la syntaxe (article, pronom relatif, verbe, préposition, conjonction, etc.)<br />
&#8211; des éléments sur la dérivation nominale et verbale<br />
&#8211; un chapitre sur les interjections<br />
&#8211; une présentation synthétique du vivaro-alpin et du niçois</p>
<p>La graphie classique facilite l&#8217;accès aux textes écrits dans les autres variétés régionales de l&#8217;occitan, ainsi qu&#8217;aux textes anciens.</p>

<p>Ceci est la deuxième édition de la Grammaire provençale du Comitat Sestian d&#8217;Estudis Occitans et du CREO-Provença (section provençale de l&#8217;Institut d&#8217;Estudis Occitans). Comme la précédente, cette édition est illustrée de nombreux exemples et inclut un atlas de 25 cartes linguistiques décrivant des aspects fondamentaux de l&#8217;occitan oriental (phonétique et morphologie). On y trouvera : [&hellip;]</p>
