{"id":18447,"date":"2007-05-01T11:00:13","date_gmt":"2007-05-01T09:00:13","guid":{"rendered":"http:\/\/www.libraria-occitana.org\/all-products\/la-setmana-de-la-lison?lang=oc"},"modified":"2026-04-29T11:00:01","modified_gmt":"2026-04-29T09:00:01","slug":"la-setmana-de-la-lison","status":"publish","type":"product","link":"https:\/\/www.libraria-occitana.org\/oc\/produch\/la-setmana-de-la-lison\/","title":{"rendered":"La setmana de la Lison"},"content":{"rendered":"<p>Nous retrouvons ici la Lisou du Peyrat (<a title=\"La Lison dau Peirat\" href=\"http:\/\/www.libraria-occitana.org\/all-products\/la-lison-dau-peirat\">La Lison dau Peirat<\/a>, 2005), tant il restait \u00e0 dire \u00e0 sa ni\u00e8ce, l\u2019auteur. Nous l\u2019avions suivie au long d\u2019un jour particulier, nous allons vivre ici avec elle une semaine de temps, au fil des repas, la grande pr\u00e9occupation, tant ils rythment le temps, \u00e0 peine fini l\u2019un que l\u2019autre s\u2019annonce ! Regarde-les, ces vieilles, la Lisou, ses soeurs, ses amies, assises devant leur assiette ! Et la m\u00e9moire qui continue \u00e0 d\u00e9rouler son \u00e9cheveau\u2026<\/p>\n<p><strong>Colleccion \u00ab N\u00f2stre monde \u00bb :<\/strong><br \/>\nNotre monde, nos gens, les n\u00f4tres, chez nous\u2026 Souvenirs, t\u00e9moignages, une bonne tranche de vie, une miette seulement, un \u00e9v\u00e9nement, le quotidien, la personne, la maison, le lignage, tout ce qui fait m\u00e9moire d\u2019\u00eatre humain (mais pourquoi pas le chien, la vache !), de grande allure ou de petite, ce qui finit, eh oui, par faire la m\u00e9moire d\u2019un pays. N\u00f2stre monde en tricotera livres et brochures, pourvu qu\u2019ils aient le ton juste, qu\u2019ils soient n\u00e9cessaires.<\/p>\n","protected":false},"excerpt":{"rendered":"<p>Nous retrouvons ici la Lisou du Peyrat (La Lison dau Peirat, 2005), tant il restait \u00e0 dire \u00e0 sa ni\u00e8ce, l\u2019auteur. Nous l\u2019avions suivie au long d\u2019un jour particulier, nous allons vivre ici avec elle une semaine de temps, au fil des repas, la grande pr\u00e9occupation, tant ils rythment le temps, \u00e0 peine fini l\u2019un [&hellip;]<\/p>\n","protected":false},"featured_media":18448,"template":"","meta":{"_acf_changed":false,"_genesis_hide_title":false,"_genesis_hide_breadcrumbs":false,"_genesis_hide_singular_image":false,"_genesis_hide_footer_widgets":false,"_genesis_custom_body_class":"","_genesis_custom_post_class":"","_genesis_layout":""},"product_brand":[],"product_cat":[7133,7175,7187],"product_tag":[],"class_list":{"0":"post-18447","1":"product","2":"type-product","3":"status-publish","4":"has-post-thumbnail","6":"product_cat-libres-oc","7":"product_cat-literatura-oc","8":"product_cat-temonhatges-memoris-oc","9":"pa_auteur-sarrasin-monica-oc","10":"pa_editeur-lo-chamin-de-sent-jaume-oc","11":"pa_langue-occitan-lemosin-oc","12":"entry","14":"first","15":"instock","16":"shipping-taxable","17":"purchasable","18":"product-type-simple"},"acf":[],"_links":{"self":[{"href":"https:\/\/www.libraria-occitana.org\/oc\/wp-json\/wp\/v2\/product\/18447","targetHints":{"allow":["GET"]}}],"collection":[{"href":"https:\/\/www.libraria-occitana.org\/oc\/wp-json\/wp\/v2\/product"}],"about":[{"href":"https:\/\/www.libraria-occitana.org\/oc\/wp-json\/wp\/v2\/types\/product"}],"wp:featuredmedia":[{"embeddable":true,"href":"https:\/\/www.libraria-occitana.org\/oc\/wp-json\/wp\/v2\/media\/18448"}],"wp:attachment":[{"href":"https:\/\/www.libraria-occitana.org\/oc\/wp-json\/wp\/v2\/media?parent=18447"}],"wp:term":[{"taxonomy":"product_brand","embeddable":true,"href":"https:\/\/www.libraria-occitana.org\/oc\/wp-json\/wp\/v2\/product_brand?post=18447"},{"taxonomy":"product_cat","embeddable":true,"href":"https:\/\/www.libraria-occitana.org\/oc\/wp-json\/wp\/v2\/product_cat?post=18447"},{"taxonomy":"product_tag","embeddable":true,"href":"https:\/\/www.libraria-occitana.org\/oc\/wp-json\/wp\/v2\/product_tag?post=18447"}],"curies":[{"name":"wp","href":"https:\/\/api.w.org\/{rel}","templated":true}]}}

<p>Nous retrouvons ici la Lisou du Peyrat (<a title="La Lison dau Peirat" href="http://www.libraria-occitana.org/all-products/la-lison-dau-peirat">La Lison dau Peirat</a>, 2005), tant il restait à dire à sa nièce, l’auteur. Nous l’avions suivie au long d’un jour particulier, nous allons vivre ici avec elle une semaine de temps, au fil des repas, la grande préoccupation, tant ils rythment le temps, à peine fini l’un que l’autre s’annonce ! Regarde-les, ces vieilles, la Lisou, ses soeurs, ses amies, assises devant leur assiette ! Et la mémoire qui continue à dérouler son écheveau…</p>
<p><strong>Colleccion « Nòstre monde » :</strong><br />
Notre monde, nos gens, les nôtres, chez nous… Souvenirs, témoignages, une bonne tranche de vie, une miette seulement, un événement, le quotidien, la personne, la maison, le lignage, tout ce qui fait mémoire d’être humain (mais pourquoi pas le chien, la vache !), de grande allure ou de petite, ce qui finit, eh oui, par faire la mémoire d’un pays. Nòstre monde en tricotera livres et brochures, pourvu qu’ils aient le ton juste, qu’ils soient nécessaires.</p>

<p>Nous retrouvons ici la Lisou du Peyrat (La Lison dau Peirat, 2005), tant il restait à dire à sa nièce, l’auteur. Nous l’avions suivie au long d’un jour particulier, nous allons vivre ici avec elle une semaine de temps, au fil des repas, la grande préoccupation, tant ils rythment le temps, à peine fini l’un [&hellip;]</p>
