{"id":18525,"date":"2008-02-01T10:23:23","date_gmt":"2008-02-01T09:23:23","guid":{"rendered":"http:\/\/www.libraria-occitana.org\/all-products\/dun-vilatge?lang=oc"},"modified":"2026-04-29T11:00:11","modified_gmt":"2026-04-29T09:00:11","slug":"dun-vilatge","status":"publish","type":"product","link":"https:\/\/www.libraria-occitana.org\/oc\/produch\/dun-vilatge\/","title":{"rendered":"D&#8217;un vilatge"},"content":{"rendered":"<p>Ce serait un village\u2026 comme il y en a tant en Limousin (et ailleurs), le tien si tu vis dans un village (un hameau dirait-on en France). Et l\u2019on ferait un petit livre de ce qui s\u2019y raconte, de ce dont on se rappelle, ce que disent, disaient, ce qu\u2019ont dit les gens, ce qu\u2019ils faisaient, ce qu\u2019ils ont fait\u2026 Les gens ! Les gens changent, les vieux morts, on vend la maison et des nouveaux arrivent qui d\u2019un village de paysans vont faire un\u2026 comment l\u2019appeler ?\u2026 on ne saurait\u2026<\/p>\n<p>Il \u00e9tait bien temps de mettre par \u00e9crit cette petite m\u00e9moire villageoise. Il serait bien temps, o\u00f9 que ce soit ! Mais comme dans ce village, il y avait un Melhau\u2026<\/p>\n<p>Il y va \u00e0 l\u2019essentiel, en chroniqueur \u00e9conome de papier, ce qui peut se dire en quatre mots n\u2019en aura pas cinq. Et il ne s\u2019interdit rien, la vie est une, \u00e0 l\u2019occasion on y montre son cul ou son sexe\u2026 Mais il y bat aussi un c\u0153ur, s\u2019y forge une sagesse\u2026<\/p>\n<p><strong>Colleccion \u00ab N\u00f2stre monde \u00bb :<\/strong><br \/>\nNotre monde, nos gens, les n\u00f4tres, chez nous\u2026 Souvenirs, t\u00e9moignages, une bonne tranche de vie, une miette seulement, un \u00e9v\u00e9nement, le quotidien, la personne, la maison, le lignage, tout ce qui fait m\u00e9moire d\u2019\u00eatre humain (mais pourquoi pas le chien, la vache !), de grande allure ou de petite, ce qui finit, eh oui, par faire la m\u00e9moire d\u2019un pays. N\u00f2stre monde en tricotera livres et brochures, pourvu qu\u2019ils aient le ton juste, qu\u2019ils soient n\u00e9cessaires.<\/p>\n","protected":false},"excerpt":{"rendered":"<p>Ce serait un village\u2026 comme il y en a tant en Limousin (et ailleurs), le tien si tu vis dans un village (un hameau dirait-on en France). Et l\u2019on ferait un petit livre de ce qui s\u2019y raconte, de ce dont on se rappelle, ce que disent, disaient, ce qu\u2019ont dit les gens, ce qu\u2019ils [&hellip;]<\/p>\n","protected":false},"featured_media":18526,"template":"","meta":{"_acf_changed":false,"_genesis_hide_title":false,"_genesis_hide_breadcrumbs":false,"_genesis_hide_singular_image":false,"_genesis_hide_footer_widgets":false,"_genesis_custom_body_class":"","_genesis_custom_post_class":"","_genesis_layout":""},"product_brand":[],"product_cat":[7133,7175,7187],"product_tag":[],"class_list":{"0":"post-18525","1":"product","2":"type-product","3":"status-publish","4":"has-post-thumbnail","6":"product_cat-libres-oc","7":"product_cat-literatura-oc","8":"product_cat-temonhatges-memoris-oc","9":"pa_auteur-melhau-jan-dau-fr-oc","10":"pa_editeur-lo-chamin-de-sent-jaume-oc","11":"pa_langue-occitan-oc","12":"pa_langue-occitan-lemosin-oc","13":"entry","15":"first","16":"instock","17":"shipping-taxable","18":"purchasable","19":"product-type-simple"},"acf":[],"_links":{"self":[{"href":"https:\/\/www.libraria-occitana.org\/oc\/wp-json\/wp\/v2\/product\/18525","targetHints":{"allow":["GET"]}}],"collection":[{"href":"https:\/\/www.libraria-occitana.org\/oc\/wp-json\/wp\/v2\/product"}],"about":[{"href":"https:\/\/www.libraria-occitana.org\/oc\/wp-json\/wp\/v2\/types\/product"}],"wp:featuredmedia":[{"embeddable":true,"href":"https:\/\/www.libraria-occitana.org\/oc\/wp-json\/wp\/v2\/media\/18526"}],"wp:attachment":[{"href":"https:\/\/www.libraria-occitana.org\/oc\/wp-json\/wp\/v2\/media?parent=18525"}],"wp:term":[{"taxonomy":"product_brand","embeddable":true,"href":"https:\/\/www.libraria-occitana.org\/oc\/wp-json\/wp\/v2\/product_brand?post=18525"},{"taxonomy":"product_cat","embeddable":true,"href":"https:\/\/www.libraria-occitana.org\/oc\/wp-json\/wp\/v2\/product_cat?post=18525"},{"taxonomy":"product_tag","embeddable":true,"href":"https:\/\/www.libraria-occitana.org\/oc\/wp-json\/wp\/v2\/product_tag?post=18525"}],"curies":[{"name":"wp","href":"https:\/\/api.w.org\/{rel}","templated":true}]}}

<p>Ce serait un village… comme il y en a tant en Limousin (et ailleurs), le tien si tu vis dans un village (un hameau dirait-on en France). Et l’on ferait un petit livre de ce qui s’y raconte, de ce dont on se rappelle, ce que disent, disaient, ce qu’ont dit les gens, ce qu’ils faisaient, ce qu’ils ont fait… Les gens ! Les gens changent, les vieux morts, on vend la maison et des nouveaux arrivent qui d’un village de paysans vont faire un… comment l’appeler ?… on ne saurait…</p>
<p>Il était bien temps de mettre par écrit cette petite mémoire villageoise. Il serait bien temps, où que ce soit ! Mais comme dans ce village, il y avait un Melhau…</p>
<p>Il y va à l’essentiel, en chroniqueur économe de papier, ce qui peut se dire en quatre mots n’en aura pas cinq. Et il ne s’interdit rien, la vie est une, à l’occasion on y montre son cul ou son sexe… Mais il y bat aussi un cœur, s’y forge une sagesse…</p>
<p><strong>Colleccion « Nòstre monde » :</strong><br />
Notre monde, nos gens, les nôtres, chez nous… Souvenirs, témoignages, une bonne tranche de vie, une miette seulement, un événement, le quotidien, la personne, la maison, le lignage, tout ce qui fait mémoire d’être humain (mais pourquoi pas le chien, la vache !), de grande allure ou de petite, ce qui finit, eh oui, par faire la mémoire d’un pays. Nòstre monde en tricotera livres et brochures, pourvu qu’ils aient le ton juste, qu’ils soient nécessaires.</p>
