{"id":18978,"date":"2009-10-01T17:46:07","date_gmt":"2009-10-01T16:46:07","guid":{"rendered":"http:\/\/www.libraria-occitana.org\/all-products\/de-bruja-a-ciau-de-bruyere-a-ciel?lang=oc"},"modified":"2026-04-26T07:31:15","modified_gmt":"2026-04-26T05:31:15","slug":"de-bruja-a-ciau-de-bruyere-a-ciel","status":"publish","type":"product","link":"https:\/\/www.libraria-occitana.org\/oc\/produch\/de-bruja-a-ciau-de-bruyere-a-ciel\/","title":{"rendered":"De bruja a ciau &#8211; De bruy\u00e8re \u00e0 ciel"},"content":{"rendered":"<p>\u00ab\u00a0Puei, un c\u00f2p eissigadas, sur la blancha pelha de cherbe, sur ta taula de festa, tu visar\u00e0s los darriers crestians las becar, las saborar, mai se&#8217;n gorniflar, a \u00e8sser tundits coma daus belauds ; e en beure lo citre noveu per mielhs las far segre.<br \/>\nTa satisfaccion sir\u00e1 plan prunda.<br \/>\nDemorar\u00e0s aqu\u00ed sens paraula en te pensar en los veire.<br \/>\nAlaidonc te dir\u00e0s :<br \/>\n&#8220;Ieu sei&#8221;\u00a0\u00bb<\/p>\n<p>Nascuda lo 30 de genier 1964 a Sent Iri\u00e8s (Nauta-Viena), eisida de queu pais Aredius de chastenhs e fonts claras, tuquets e pradelons, Benedicta Bonnet, dins sa sinceritat e sa simplicitat, chanta son enraijament dins son terraire.<\/p>\n","protected":false},"excerpt":{"rendered":"<p>\u00ab\u00a0Puei, un c\u00f2p eissigadas, sur la blancha pelha de cherbe, sur ta taula de festa, tu visar\u00e0s los darriers crestians las becar, las saborar, mai se&#8217;n gorniflar, a \u00e8sser tundits coma daus belauds ; e en beure lo citre noveu per mielhs las far segre. Ta satisfaccion sir\u00e1 plan prunda. Demorar\u00e0s aqu\u00ed sens paraula en [&hellip;]<\/p>\n","protected":false},"featured_media":36412,"template":"","meta":{"_acf_changed":false,"_genesis_hide_title":false,"_genesis_hide_breadcrumbs":false,"_genesis_hide_singular_image":false,"_genesis_hide_footer_widgets":false,"_genesis_custom_body_class":"","_genesis_custom_post_class":"","_genesis_layout":""},"product_brand":[],"product_cat":[7133,7175,7181],"product_tag":[],"class_list":{"0":"post-18978","1":"product","2":"type-product","3":"status-publish","4":"has-post-thumbnail","6":"product_cat-libres-oc","7":"product_cat-literatura-oc","8":"product_cat-poesia-oc","9":"pa_auteur-bonnet-benedicta-oc","10":"pa_editeur-ieo-perigord-novelum-oc","11":"pa_langue-occitan-lemosin-oc","12":"pa_langue-occitan-francais-oc","13":"entry","15":"first","16":"instock","17":"shipping-taxable","18":"purchasable","19":"product-type-simple"},"acf":[],"_links":{"self":[{"href":"https:\/\/www.libraria-occitana.org\/oc\/wp-json\/wp\/v2\/product\/18978","targetHints":{"allow":["GET"]}}],"collection":[{"href":"https:\/\/www.libraria-occitana.org\/oc\/wp-json\/wp\/v2\/product"}],"about":[{"href":"https:\/\/www.libraria-occitana.org\/oc\/wp-json\/wp\/v2\/types\/product"}],"wp:featuredmedia":[{"embeddable":true,"href":"https:\/\/www.libraria-occitana.org\/oc\/wp-json\/wp\/v2\/media\/36412"}],"wp:attachment":[{"href":"https:\/\/www.libraria-occitana.org\/oc\/wp-json\/wp\/v2\/media?parent=18978"}],"wp:term":[{"taxonomy":"product_brand","embeddable":true,"href":"https:\/\/www.libraria-occitana.org\/oc\/wp-json\/wp\/v2\/product_brand?post=18978"},{"taxonomy":"product_cat","embeddable":true,"href":"https:\/\/www.libraria-occitana.org\/oc\/wp-json\/wp\/v2\/product_cat?post=18978"},{"taxonomy":"product_tag","embeddable":true,"href":"https:\/\/www.libraria-occitana.org\/oc\/wp-json\/wp\/v2\/product_tag?post=18978"}],"curies":[{"name":"wp","href":"https:\/\/api.w.org\/{rel}","templated":true}]}}

De bruja a ciau &#8211; De bruyère à ciel

<p>« Puei, un còp eissigadas, sur la blancha pelha de cherbe, sur ta taula de festa, tu visaràs los darriers crestians las becar, las saborar, mai se&#8217;n gorniflar, a èsser tundits coma daus belauds ; e en beure lo citre noveu per mielhs las far segre.<br />
Ta satisfaccion sirá plan prunda.<br />
Demoraràs aquí sens paraula en te pensar en los veire.<br />
Alaidonc te diràs :<br />
&#8220;Ieu sei&#8221; »</p>
<p>Nascuda lo 30 de genier 1964 a Sent Iriès (Nauta-Viena), eisida de queu pais Aredius de chastenhs e fonts claras, tuquets e pradelons, Benedicta Bonnet, dins sa sinceritat e sa simplicitat, chanta son enraijament dins son terraire.</p>

<p>« Puei, un còp eissigadas, sur la blancha pelha de cherbe, sur ta taula de festa, tu visaràs los darriers crestians las becar, las saborar, mai se&#8217;n gorniflar, a èsser tundits coma daus belauds ; e en beure lo citre noveu per mielhs las far segre. Ta satisfaccion sirá plan prunda. Demoraràs aquí sens paraula en [&hellip;]</p>
