{"id":23053,"date":"2012-10-01T18:13:53","date_gmt":"2012-10-01T16:13:53","guid":{"rendered":"http:\/\/www.libraria-occitana.org\/all-products\/la-legenda-daus-vinhairac-libre-cd?lang=oc"},"modified":"2026-04-29T01:06:55","modified_gmt":"2026-04-28T23:06:55","slug":"la-legenda-daus-vinhairac-libre-cd","status":"publish","type":"product","link":"https:\/\/www.libraria-occitana.org\/oc\/produch\/la-legenda-daus-vinhairac-libre-cd\/","title":{"rendered":"La legenda daus Vinhairac (libre + CD)"},"content":{"rendered":"<p><strong>[oc]<\/strong><br \/>\nMon nom es Sicari. Dem\u00f2re au vilatge de La Bordari\u00e1, dins lo c\u00f2r de Perig\u00f2rd. Qu\u00f2 fai quatre-vint-dotze ans que sei nascut dins quela maison que uei enquera es meuna\u2026.<br \/>\n\u2026Vegu\u00ed la creatura estranha qu&#8217;entrava dins los charrierons dau borg e que passava jos lo clochier dau temps que dindavan los dotze c\u00f2ps de mianuech\u2026<br \/>\nE c\u00f2p-sec qu\u00f2 me tornet ! Qu\u00f2 podi\u00e1 nonm\u00e0s \u00e8sser un leberon !<\/p>\n<p>Acompanhat d&#8217;un CD emb lo conte legit per l&#8217;autor.<\/p>\n<p><strong>[fr]<\/strong><br \/>\nJe m&#8217;appelle Sicaire. J&#8217;habite au village de Laborderie, au c\u0153ur du P\u00e9rigord. Je suis n\u00e9 il y a quatre-vingt-douze ans dans cette maison qui est toujours mienne aujourd&#8217;hui. Alors moi, Sicaire de Laborderie, je vais vous raconter ce que j&#8217;ai vu, ce que j&#8217;ai entendu, en un mot ce que je sais&#8230;<br \/>\n&#8230; Je vis l&#8217;\u00e9trange cr\u00e9ature p\u00e9n\u00e9trer dans les ruelles du bourg et passer sous le clocher au moment o\u00f9 sonnaient les douze coups de minuit&#8230;<br \/>\nEt aussit\u00f4t je me souvins ! Ce ne pouvait \u00eatre qu&#8217;un l\u00e9b\u00e9rou !<\/p>\n<p>Accompagn\u00e9 d&#8217;un CD sur lequel le conte est lu en occitan par l&#8217;auteur.<\/p>\n","protected":false},"excerpt":{"rendered":"<p>[oc] Mon nom es Sicari. Dem\u00f2re au vilatge de La Bordari\u00e1, dins lo c\u00f2r de Perig\u00f2rd. Qu\u00f2 fai quatre-vint-dotze ans que sei nascut dins quela maison que uei enquera es meuna\u2026. \u2026Vegu\u00ed la creatura estranha qu&#8217;entrava dins los charrierons dau borg e que passava jos lo clochier dau temps que dindavan los dotze c\u00f2ps de [&hellip;]<\/p>\n","protected":false},"featured_media":23054,"template":"","meta":{"_acf_changed":false,"_genesis_hide_title":false,"_genesis_hide_breadcrumbs":false,"_genesis_hide_singular_image":false,"_genesis_hide_footer_widgets":false,"_genesis_custom_body_class":"","_genesis_custom_post_class":"","_genesis_layout":""},"product_brand":[],"product_cat":[7167,7165,7133],"product_tag":[],"class_list":{"0":"post-23053","1":"product","2":"type-product","3":"status-publish","4":"has-post-thumbnail","6":"product_cat-ados-oc","7":"product_cat-jounessa-bd-umor","8":"product_cat-libres-oc","9":"pa_auteur-leveque-joan-lois-oc","10":"pa_editeur-ieo-perigord-novelum-oc","11":"pa_illustrateur-saraben-jaume-oc","12":"pa_langue-occitan-lemosin-oc","13":"pa_langue-occitan-francais-oc","14":"entry","16":"first","17":"instock","18":"shipping-taxable","19":"purchasable","20":"product-type-simple"},"acf":[],"_links":{"self":[{"href":"https:\/\/www.libraria-occitana.org\/oc\/wp-json\/wp\/v2\/product\/23053","targetHints":{"allow":["GET"]}}],"collection":[{"href":"https:\/\/www.libraria-occitana.org\/oc\/wp-json\/wp\/v2\/product"}],"about":[{"href":"https:\/\/www.libraria-occitana.org\/oc\/wp-json\/wp\/v2\/types\/product"}],"wp:featuredmedia":[{"embeddable":true,"href":"https:\/\/www.libraria-occitana.org\/oc\/wp-json\/wp\/v2\/media\/23054"}],"wp:attachment":[{"href":"https:\/\/www.libraria-occitana.org\/oc\/wp-json\/wp\/v2\/media?parent=23053"}],"wp:term":[{"taxonomy":"product_brand","embeddable":true,"href":"https:\/\/www.libraria-occitana.org\/oc\/wp-json\/wp\/v2\/product_brand?post=23053"},{"taxonomy":"product_cat","embeddable":true,"href":"https:\/\/www.libraria-occitana.org\/oc\/wp-json\/wp\/v2\/product_cat?post=23053"},{"taxonomy":"product_tag","embeddable":true,"href":"https:\/\/www.libraria-occitana.org\/oc\/wp-json\/wp\/v2\/product_tag?post=23053"}],"curies":[{"name":"wp","href":"https:\/\/api.w.org\/{rel}","templated":true}]}}

<p><strong>[oc]</strong><br />
Mon nom es Sicari. Demòre au vilatge de La Bordariá, dins lo còr de Perigòrd. Quò fai quatre-vint-dotze ans que sei nascut dins quela maison que uei enquera es meuna….<br />
…Veguí la creatura estranha qu&#8217;entrava dins los charrierons dau borg e que passava jos lo clochier dau temps que dindavan los dotze còps de mianuech…<br />
E còp-sec quò me tornet ! Quò podiá nonmàs èsser un leberon !</p>
<p>Acompanhat d&#8217;un CD emb lo conte legit per l&#8217;autor.</p>
<p><strong>[fr]</strong><br />
Je m&#8217;appelle Sicaire. J&#8217;habite au village de Laborderie, au cœur du Périgord. Je suis né il y a quatre-vingt-douze ans dans cette maison qui est toujours mienne aujourd&#8217;hui. Alors moi, Sicaire de Laborderie, je vais vous raconter ce que j&#8217;ai vu, ce que j&#8217;ai entendu, en un mot ce que je sais&#8230;<br />
&#8230; Je vis l&#8217;étrange créature pénétrer dans les ruelles du bourg et passer sous le clocher au moment où sonnaient les douze coups de minuit&#8230;<br />
Et aussitôt je me souvins ! Ce ne pouvait être qu&#8217;un lébérou !</p>
<p>Accompagné d&#8217;un CD sur lequel le conte est lu en occitan par l&#8217;auteur.</p>

<p>[oc] Mon nom es Sicari. Demòre au vilatge de La Bordariá, dins lo còr de Perigòrd. Quò fai quatre-vint-dotze ans que sei nascut dins quela maison que uei enquera es meuna…. …Veguí la creatura estranha qu&#8217;entrava dins los charrierons dau borg e que passava jos lo clochier dau temps que dindavan los dotze còps de [&hellip;]</p>
