{"id":23121,"date":"2026-08-31T16:52:49","date_gmt":"2026-08-31T14:52:49","guid":{"rendered":"http:\/\/www.libraria-occitana.org\/all-products\/les-noms-de-lieux-du-canton-de-saint-pardoux-la-riviere?lang=oc"},"modified":"2026-08-31T16:52:57","modified_gmt":"2026-08-31T14:52:57","slug":"les-noms-de-lieux-du-canton-de-saint-pardoux-la-riviere","status":"publish","type":"product","link":"https:\/\/www.libraria-occitana.org\/oc\/produch\/les-noms-de-lieux-du-canton-de-saint-pardoux-la-riviere\/","title":{"rendered":"LES NOMS DE LIEUX DU CANTON DE SAINT-PARDOUX-LA-RIVIERE"},"content":{"rendered":"<p style=\"margin:0;\"><span style=\"font-family:'Times New Roman';font-size:12pt;\">Un millier de noms de lieux pars\u00e8ment le canton de Saint-Pardoux-la-Rivi\u00e8re ; ce qui repr\u00e9sente un tr\u00e8s bon \u00e9chantillonnage pour acc\u00e9der \u00e0 l&#8217;intime connaissance du pays, tant pour les gens d&#8217;ici que pour nos visiteurs.<br \/>V\u00e9ritable code g\u00e9n\u00e9tique o\u00f9 se succ\u00e8dent les apports pr\u00e9latins : la Dronne, Bord ; la contribution celtique : Breuil, Nauves, Coudert, Neuil, Vaures ; l&#8217;appoint germanique : Bordes, Lanolphie ; et l&#8217;immense synth\u00e8se gallo-romaine : Paugnac, Coupiat, Pauliac, Milhac, Magnac, Chabrillac ; puis romane : Miallet, Feyte, Roudarie, La Gar\u00e9lie, Vigerie, La Sudrie&#8230; Que compl\u00e8te le foisonnement de centaines de noms cadastraux. Toute une mati\u00e8re culturelle et identitaire, acclimat\u00e9e puis \u00e9labor\u00e9e au sein de la langue occitane et qui nous est transmise aujourd&#8217;hui de fa\u00e7on bien vivante par l&#8217;oralit\u00e9 et par l&#8217;\u00e9crit.<\/p>\n<p>Complement de titre : Champs-Romain, Firbeix, Miallet, Milhac-de-Nontron, Saint-Front-la-Rivi\u00e8re, Saint-Pardoux-la-Rivi\u00e8re, Saint-Saud<br \/>Autor : Lavalade, Yves<br \/>Linga : Franc\u00e9s<br \/>Parucion : 02\/2013<br \/>Editor : Union Occitana Camila Chabaneu<br \/>Nb de pajas : 105<br \/>Format : 15 x 21 cm<br \/>P\u00e9s : 174 g<br \/><\/span><\/p>\n","protected":false},"excerpt":{"rendered":"<p>Un millier de noms de lieux pars\u00e8ment le canton de Saint-Pardoux-la-Rivi\u00e8re ; ce qui repr\u00e9sente un tr\u00e8s bon \u00e9chantillonnage pour acc\u00e9der \u00e0 l&#8217;intime connaissance du pays, tant pour les gens d&#8217;ici que pour nos visiteurs.V\u00e9ritable code g\u00e9n\u00e9tique o\u00f9 se succ\u00e8dent les apports pr\u00e9latins : la Dronne, Bord ; la contribution celtique : Breuil, Nauves, Coudert, [&hellip;]<\/p>\n","protected":false},"featured_media":0,"template":"","meta":{"_acf_changed":false,"_genesis_hide_title":false,"_genesis_hide_breadcrumbs":false,"_genesis_hide_singular_image":false,"_genesis_hide_footer_widgets":false,"_genesis_custom_body_class":"","_genesis_custom_post_class":"","_genesis_layout":""},"product_brand":[],"product_cat":[7149,7133,7163,16136],"product_tag":[],"class_list":["post-23121","product","type-product","status-publish","product_cat-istoria-geografia-oc","product_cat-libres-oc","product_cat-noms-de-luocs-noms-de-personas-oc","product_cat-non-classe-oc","pa_auteur-lavalada-ives-oc","pa_auteurs-lavalade-yves","pa_editeur-union-occitana-camila-chabaneu-oc","pa_langue-francais-oc","entry","has-post-thumbnail","first","outofstock","purchasable","product-type-simple"],"acf":[],"_links":{"self":[{"href":"https:\/\/www.libraria-occitana.org\/oc\/wp-json\/wp\/v2\/product\/23121","targetHints":{"allow":["GET"]}}],"collection":[{"href":"https:\/\/www.libraria-occitana.org\/oc\/wp-json\/wp\/v2\/product"}],"about":[{"href":"https:\/\/www.libraria-occitana.org\/oc\/wp-json\/wp\/v2\/types\/product"}],"wp:attachment":[{"href":"https:\/\/www.libraria-occitana.org\/oc\/wp-json\/wp\/v2\/media?parent=23121"}],"wp:term":[{"taxonomy":"product_brand","embeddable":true,"href":"https:\/\/www.libraria-occitana.org\/oc\/wp-json\/wp\/v2\/product_brand?post=23121"},{"taxonomy":"product_cat","embeddable":true,"href":"https:\/\/www.libraria-occitana.org\/oc\/wp-json\/wp\/v2\/product_cat?post=23121"},{"taxonomy":"product_tag","embeddable":true,"href":"https:\/\/www.libraria-occitana.org\/oc\/wp-json\/wp\/v2\/product_tag?post=23121"}],"curies":[{"name":"wp","href":"https:\/\/api.w.org\/{rel}","templated":true}]}}

<p style="margin:0;"><span style="font-family:'Times New Roman';font-size:12pt;">Un millier de noms de lieux parsèment le canton de Saint-Pardoux-la-Rivière ; ce qui représente un très bon échantillonnage pour accéder à l&#8217;intime connaissance du pays, tant pour les gens d&#8217;ici que pour nos visiteurs.<br />Véritable code génétique où se succèdent les apports prélatins : la Dronne, Bord ; la contribution celtique : Breuil, Nauves, Coudert, Neuil, Vaures ; l&#8217;appoint germanique : Bordes, Lanolphie ; et l&#8217;immense synthèse gallo-romaine : Paugnac, Coupiat, Pauliac, Milhac, Magnac, Chabrillac ; puis romane : Miallet, Feyte, Roudarie, La Garélie, Vigerie, La Sudrie&#8230; Que complète le foisonnement de centaines de noms cadastraux. Toute une matière culturelle et identitaire, acclimatée puis élaborée au sein de la langue occitane et qui nous est transmise aujourd&#8217;hui de façon bien vivante par l&#8217;oralité et par l&#8217;écrit.</p>
<p>Complement de titre : Champs-Romain, Firbeix, Miallet, Milhac-de-Nontron, Saint-Front-la-Rivière, Saint-Pardoux-la-Rivière, Saint-Saud<br />Autor : Lavalade, Yves<br />Linga : Francés<br />Parucion : 02/2013<br />Editor : Union Occitana Camila Chabaneu<br />Nb de pajas : 105<br />Format : 15 x 21 cm<br />Pés : 174 g<br /></span></p>

<p>Un millier de noms de lieux parsèment le canton de Saint-Pardoux-la-Rivière ; ce qui représente un très bon échantillonnage pour accéder à l&#8217;intime connaissance du pays, tant pour les gens d&#8217;ici que pour nos visiteurs.Véritable code génétique où se succèdent les apports prélatins : la Dronne, Bord ; la contribution celtique : Breuil, Nauves, Coudert, [&hellip;]</p>
