{"id":23261,"date":"2014-01-01T11:09:41","date_gmt":"2014-01-01T10:09:41","guid":{"rendered":"http:\/\/www.libraria-occitana.org\/all-products\/lo-gerbo-baudo-ambassadrice-de-la-charente-limousine-libre-cd?lang=oc"},"modified":"2026-04-26T02:16:37","modified_gmt":"2026-04-26T00:16:37","slug":"lo-gerbo-baudo-ambassadrice-de-la-charente-limousine-libre-cd","status":"publish","type":"product","link":"https:\/\/www.libraria-occitana.org\/oc\/produch\/lo-gerbo-baudo-ambassadrice-de-la-charente-limousine-libre-cd\/","title":{"rendered":"Lo Gerbo Baudo : Ambassadrice de la Charente limousine (libre + CD)"},"content":{"rendered":"<p>Plus d&#8217;un demi-si\u00e8cle d&#8217;existence ! Que de souvenirs inoubliables, d&#8217;anecdotes, de p\u00e9rip\u00e9ties aussi, qu&#8217;on aime \u00e0 se raconter en mainte occasion. Les quelque deux cents pages de cet ouvrage en donneront un aper\u00e7u.<br \/>\nLo Gerbo Baudo, c&#8217;est deux et bient\u00f4t trois g\u00e9n\u00e9rations de danseurs, danseuses et musiciens. C&#8217;est une grande famille, anim\u00e9e d&#8217;une m\u00eame passion : la danse et la musique traditionnelles.<br \/>\nC&#8217;est une formidable aventure qui a permis, gr\u00e2ce surtout au festival mondial de folklore de Confolens, \u00e0 des centaines &#8211; pour ne pas dire des milliers &#8211; de Confolentais de d\u00e9couvrir de nouveaux horizons, de s&#8217;ouvrir aux autres, de rencontrer des gens extraordinaires, de tisser des liens d&#8217;amiti\u00e9 au fil des nombreux voyages \u00e0 travers le monde et de faire conna\u00eetre parfois fort loin notre culture occitane limousine.<\/p>\n<p>Livre + CD d&#8217;airs traditionnels de Charente limousine et d&#8217;ailleurs.<\/p>\n","protected":false},"excerpt":{"rendered":"<p>Plus d&#8217;un demi-si\u00e8cle d&#8217;existence ! Que de souvenirs inoubliables, d&#8217;anecdotes, de p\u00e9rip\u00e9ties aussi, qu&#8217;on aime \u00e0 se raconter en mainte occasion. Les quelque deux cents pages de cet ouvrage en donneront un aper\u00e7u. Lo Gerbo Baudo, c&#8217;est deux et bient\u00f4t trois g\u00e9n\u00e9rations de danseurs, danseuses et musiciens. C&#8217;est une grande famille, anim\u00e9e d&#8217;une m\u00eame passion [&hellip;]<\/p>\n","protected":false},"featured_media":23262,"template":"","meta":{"_acf_changed":false,"_genesis_hide_title":false,"_genesis_hide_breadcrumbs":false,"_genesis_hide_singular_image":false,"_genesis_hide_footer_widgets":false,"_genesis_custom_body_class":"","_genesis_custom_post_class":"","_genesis_layout":""},"product_brand":[],"product_cat":[7195,7133,7191],"product_tag":[],"class_list":{"0":"post-23261","1":"product","2":"type-product","3":"status-publish","4":"has-post-thumbnail","6":"product_cat-estudis-oc","7":"product_cat-libres-oc","8":"product_cat-musica-danca-oc","9":"pa_auteur-queriaud-jean-louis-oc","10":"pa_editeur-transmettre-oc","11":"pa_langue-francais-oc","12":"entry","14":"first","15":"outofstock","16":"shipping-taxable","17":"purchasable","18":"product-type-simple"},"acf":[],"_links":{"self":[{"href":"https:\/\/www.libraria-occitana.org\/oc\/wp-json\/wp\/v2\/product\/23261","targetHints":{"allow":["GET"]}}],"collection":[{"href":"https:\/\/www.libraria-occitana.org\/oc\/wp-json\/wp\/v2\/product"}],"about":[{"href":"https:\/\/www.libraria-occitana.org\/oc\/wp-json\/wp\/v2\/types\/product"}],"wp:featuredmedia":[{"embeddable":true,"href":"https:\/\/www.libraria-occitana.org\/oc\/wp-json\/wp\/v2\/media\/23262"}],"wp:attachment":[{"href":"https:\/\/www.libraria-occitana.org\/oc\/wp-json\/wp\/v2\/media?parent=23261"}],"wp:term":[{"taxonomy":"product_brand","embeddable":true,"href":"https:\/\/www.libraria-occitana.org\/oc\/wp-json\/wp\/v2\/product_brand?post=23261"},{"taxonomy":"product_cat","embeddable":true,"href":"https:\/\/www.libraria-occitana.org\/oc\/wp-json\/wp\/v2\/product_cat?post=23261"},{"taxonomy":"product_tag","embeddable":true,"href":"https:\/\/www.libraria-occitana.org\/oc\/wp-json\/wp\/v2\/product_tag?post=23261"}],"curies":[{"name":"wp","href":"https:\/\/api.w.org\/{rel}","templated":true}]}}

<p>Plus d&#8217;un demi-siècle d&#8217;existence ! Que de souvenirs inoubliables, d&#8217;anecdotes, de péripéties aussi, qu&#8217;on aime à se raconter en mainte occasion. Les quelque deux cents pages de cet ouvrage en donneront un aperçu.<br />
Lo Gerbo Baudo, c&#8217;est deux et bientôt trois générations de danseurs, danseuses et musiciens. C&#8217;est une grande famille, animée d&#8217;une même passion : la danse et la musique traditionnelles.<br />
C&#8217;est une formidable aventure qui a permis, grâce surtout au festival mondial de folklore de Confolens, à des centaines &#8211; pour ne pas dire des milliers &#8211; de Confolentais de découvrir de nouveaux horizons, de s&#8217;ouvrir aux autres, de rencontrer des gens extraordinaires, de tisser des liens d&#8217;amitié au fil des nombreux voyages à travers le monde et de faire connaître parfois fort loin notre culture occitane limousine.</p>
<p>Livre + CD d&#8217;airs traditionnels de Charente limousine et d&#8217;ailleurs.</p>

<p>Plus d&#8217;un demi-siècle d&#8217;existence ! Que de souvenirs inoubliables, d&#8217;anecdotes, de péripéties aussi, qu&#8217;on aime à se raconter en mainte occasion. Les quelque deux cents pages de cet ouvrage en donneront un aperçu. Lo Gerbo Baudo, c&#8217;est deux et bientôt trois générations de danseurs, danseuses et musiciens. C&#8217;est une grande famille, animée d&#8217;une même passion [&hellip;]</p>
