{"id":23369,"date":"2026-08-31T17:38:34","date_gmt":"2026-08-31T15:38:34","guid":{"rendered":"http:\/\/www.libraria-occitana.org\/all-products\/toponymie-en-bas-berry-lourdoueix-saint-michel-saint-plantaire-orsennes?lang=oc"},"modified":"2026-08-31T17:39:01","modified_gmt":"2026-08-31T15:39:01","slug":"toponymie-en-bas-berry-lourdoueix-saint-michel-saint-plantaire-orsennes","status":"publish","type":"product","link":"https:\/\/www.libraria-occitana.org\/oc\/produch\/toponymie-en-bas-berry-lourdoueix-saint-michel-saint-plantaire-orsennes\/","title":{"rendered":"TOPONYMIE EN BAS-BERRY : LOURDOUEIX-SAINT-MICHEL, SAINT-PLANTAIRE, ORSENNES"},"content":{"rendered":"<p style=\"margin:0;\"><span style=\"font-family:'Times New Roman';font-size:12pt;\">Au coeur du &#8220;Croissant&#8221; linguistique, entre Limousin et Berry, o\u00f9 s&#8217;entrem\u00ealent la langue d&#8217;oc et la langue d&#8217;o\u00efl, le fran\u00e7ais, il est int\u00e9ressant de voir de quoi est constitu\u00e9e la trame dense des noms de lieux des trois communes de Lourdoueix-Saint-Michel, Orsennes et Saint-Plantaire.<br \/>L&#8217;analyse r\u00e9v\u00e8le que ces communes, bien arrim\u00e9es au centre de cette \u00e9charpe territoriale qui court de l&#8217;ouest charentais jusqu&#8217;\u00e0 l&#8217;Auvergne septentrionale en s&#8217;\u00e9tr\u00e9cissant \u00e0 ses deux extr\u00e9mit\u00e9s, se rattachent majoritairement au substrat toponymique limousin-marchois ; tant en ce qui concerne les lieux habit\u00e9s que les noms parcellaires inscrits sur les plans cadastraux.<br \/>Chaque toponyme est riche de sens, s&#8217;inscrit dans une longue histoire et se lie \u00e0 notre environnement paysager, \u00e0 notre vie rurale, \u00e9conomique et quotidienne.<\/p>\n<p>Autor : Lavalade, Yves<br \/>Linga : Franc\u00e9s<br \/>Parucion : 09\/2014<br \/>Editor : L&#8217;Esperluette<br \/>Nb de pajas : 110<br \/>Format : 15 x 21 cm<br \/>P\u00e9s : 164 g<br \/>EAN 13 : 9791090784253<br \/><\/span><\/p>\n","protected":false},"excerpt":{"rendered":"<p>Au coeur du &#8220;Croissant&#8221; linguistique, entre Limousin et Berry, o\u00f9 s&#8217;entrem\u00ealent la langue d&#8217;oc et la langue d&#8217;o\u00efl, le fran\u00e7ais, il est int\u00e9ressant de voir de quoi est constitu\u00e9e la trame dense des noms de lieux des trois communes de Lourdoueix-Saint-Michel, Orsennes et Saint-Plantaire.L&#8217;analyse r\u00e9v\u00e8le que ces communes, bien arrim\u00e9es au centre de cette \u00e9charpe [&hellip;]<\/p>\n","protected":false},"featured_media":0,"template":"","meta":{"_acf_changed":false,"_genesis_hide_title":false,"_genesis_hide_breadcrumbs":false,"_genesis_hide_singular_image":false,"_genesis_hide_footer_widgets":false,"_genesis_custom_body_class":"","_genesis_custom_post_class":"","_genesis_layout":""},"product_brand":[],"product_cat":[7149,7133,7163,16136],"product_tag":[],"class_list":["post-23369","product","type-product","status-publish","product_cat-istoria-geografia-oc","product_cat-libres-oc","product_cat-noms-de-luocs-noms-de-personas-oc","product_cat-non-classe-oc","pa_auteur-lavalada-ives-oc","pa_auteurs-lavalade-yves","pa_editeur-lesperluette-oc","pa_langue-francais-oc","entry","has-post-thumbnail","first","outofstock","purchasable","product-type-simple"],"acf":[],"_links":{"self":[{"href":"https:\/\/www.libraria-occitana.org\/oc\/wp-json\/wp\/v2\/product\/23369","targetHints":{"allow":["GET"]}}],"collection":[{"href":"https:\/\/www.libraria-occitana.org\/oc\/wp-json\/wp\/v2\/product"}],"about":[{"href":"https:\/\/www.libraria-occitana.org\/oc\/wp-json\/wp\/v2\/types\/product"}],"wp:attachment":[{"href":"https:\/\/www.libraria-occitana.org\/oc\/wp-json\/wp\/v2\/media?parent=23369"}],"wp:term":[{"taxonomy":"product_brand","embeddable":true,"href":"https:\/\/www.libraria-occitana.org\/oc\/wp-json\/wp\/v2\/product_brand?post=23369"},{"taxonomy":"product_cat","embeddable":true,"href":"https:\/\/www.libraria-occitana.org\/oc\/wp-json\/wp\/v2\/product_cat?post=23369"},{"taxonomy":"product_tag","embeddable":true,"href":"https:\/\/www.libraria-occitana.org\/oc\/wp-json\/wp\/v2\/product_tag?post=23369"}],"curies":[{"name":"wp","href":"https:\/\/api.w.org\/{rel}","templated":true}]}}

<p style="margin:0;"><span style="font-family:'Times New Roman';font-size:12pt;">Au coeur du &#8220;Croissant&#8221; linguistique, entre Limousin et Berry, où s&#8217;entremêlent la langue d&#8217;oc et la langue d&#8217;oïl, le français, il est intéressant de voir de quoi est constituée la trame dense des noms de lieux des trois communes de Lourdoueix-Saint-Michel, Orsennes et Saint-Plantaire.<br />L&#8217;analyse révèle que ces communes, bien arrimées au centre de cette écharpe territoriale qui court de l&#8217;ouest charentais jusqu&#8217;à l&#8217;Auvergne septentrionale en s&#8217;étrécissant à ses deux extrémités, se rattachent majoritairement au substrat toponymique limousin-marchois ; tant en ce qui concerne les lieux habités que les noms parcellaires inscrits sur les plans cadastraux.<br />Chaque toponyme est riche de sens, s&#8217;inscrit dans une longue histoire et se lie à notre environnement paysager, à notre vie rurale, économique et quotidienne.</p>
<p>Autor : Lavalade, Yves<br />Linga : Francés<br />Parucion : 09/2014<br />Editor : L&#8217;Esperluette<br />Nb de pajas : 110<br />Format : 15 x 21 cm<br />Pés : 164 g<br />EAN 13 : 9791090784253<br /></span></p>

<p>Au coeur du &#8220;Croissant&#8221; linguistique, entre Limousin et Berry, où s&#8217;entremêlent la langue d&#8217;oc et la langue d&#8217;oïl, le français, il est intéressant de voir de quoi est constituée la trame dense des noms de lieux des trois communes de Lourdoueix-Saint-Michel, Orsennes et Saint-Plantaire.L&#8217;analyse révèle que ces communes, bien arrimées au centre de cette écharpe [&hellip;]</p>
