{"id":23373,"date":"2026-08-31T17:38:34","date_gmt":"2026-08-31T15:38:34","guid":{"rendered":"http:\/\/www.libraria-occitana.org\/all-products\/les-noms-de-lieux-du-canton-de-tulle-nord-correze?lang=oc"},"modified":"2026-08-31T17:39:06","modified_gmt":"2026-08-31T15:39:06","slug":"les-noms-de-lieux-du-canton-de-tulle-nord-correze","status":"publish","type":"product","link":"https:\/\/www.libraria-occitana.org\/oc\/produch\/les-noms-de-lieux-du-canton-de-tulle-nord-correze\/","title":{"rendered":"LES NOMS DE LIEUX DU CANTON DE TULLE-NORD (CORREZE)"},"content":{"rendered":"<p style=\"margin:0;\"><span style=\"font-family:'Times New Roman';font-size:12pt;\">La superposition des noms de lieux sur un territoire et au fil du temps est semblable \u00e0 une coupe g\u00e9ologique. Quelques 500 lieux de vie sont ici assembl\u00e9s, sans compter les innombrables noms cadastraux qui quadrillent l&#8217;espace. Les s\u00e9diments les plus anciens se prolongent par exemple dans La Serre, Le Touron, Lascaux, Lachamp <wbr>(qui n&#8217;est pas un champ). La celtitude trouvera des \u00e9chos dans Combroux, Druliolles, Lagorce, Le Chambon, La Combotte. Restes des invasions germaniques seront La Borde, Les Escures&#8230; Et la romanit\u00e9, telle une vague puissante, viendra abreuver la terre de ses multiples limons. Mais qu&#8217;est-ce qui r\u00e9unit, en toponymie limousine, Poissac, Chameyrat, Chaunac et Leyrat, Tintignac et Br\u00e9nat ? Qu&#8217;ont en commun Costelade, Le Rioulat, Bouchelade et Les Peyrelades ? Que cachent La Font Soubranne, Bossoubrot et Le Massoutrot ? Et le curieux Bois-du-Lait ? Et L&#8217;Echamel, belle image ; ou Pompeyry ; ou Moussours, qui n&#8217;est pas un mossur, un bourgeois ? Et ce si commun Sourie corr\u00e9zien ? Il est temps de lever le voile ; d&#8217;avoir la joie de comprendre et de partager.<\/p>\n<p>Complement de titre : Chameyrat, Favars, Naves, Saint-Germain-les-Vergnes, Saint-Hilaire-Peyroux, Saint-Mexant, Tulle<br \/>Autor : Lavalade, Yves<br \/>Linga : Franc\u00e9s<br \/>Parucion : 09\/2014<br \/>Editor : L&#8217;Esperluette<br \/>Nb de pajas : 143<br \/>Format : 15 x 21 cm<br \/>P\u00e9s : 200 g<br \/>EAN 13 : 9791090784260<br \/><\/span><\/p>\n","protected":false},"excerpt":{"rendered":"<p>La superposition des noms de lieux sur un territoire et au fil du temps est semblable \u00e0 une coupe g\u00e9ologique. Quelques 500 lieux de vie sont ici assembl\u00e9s, sans compter les innombrables noms cadastraux qui quadrillent l&#8217;espace. Les s\u00e9diments les plus anciens se prolongent par exemple dans La Serre, Le Touron, Lascaux, Lachamp (qui n&#8217;est [&hellip;]<\/p>\n","protected":false},"featured_media":0,"template":"","meta":{"_acf_changed":false,"_genesis_hide_title":false,"_genesis_hide_breadcrumbs":false,"_genesis_hide_singular_image":false,"_genesis_hide_footer_widgets":false,"_genesis_custom_body_class":"","_genesis_custom_post_class":"","_genesis_layout":""},"product_brand":[],"product_cat":[7149,7133,7163,16136],"product_tag":[],"class_list":["post-23373","product","type-product","status-publish","product_cat-istoria-geografia-oc","product_cat-libres-oc","product_cat-noms-de-luocs-noms-de-personas-oc","product_cat-non-classe-oc","pa_auteur-lavalada-ives-oc","pa_auteurs-lavalade-yves","pa_editeur-lesperluette-oc","pa_langue-francais-oc","entry","has-post-thumbnail","first","outofstock","purchasable","product-type-simple"],"acf":[],"_links":{"self":[{"href":"https:\/\/www.libraria-occitana.org\/oc\/wp-json\/wp\/v2\/product\/23373","targetHints":{"allow":["GET"]}}],"collection":[{"href":"https:\/\/www.libraria-occitana.org\/oc\/wp-json\/wp\/v2\/product"}],"about":[{"href":"https:\/\/www.libraria-occitana.org\/oc\/wp-json\/wp\/v2\/types\/product"}],"wp:attachment":[{"href":"https:\/\/www.libraria-occitana.org\/oc\/wp-json\/wp\/v2\/media?parent=23373"}],"wp:term":[{"taxonomy":"product_brand","embeddable":true,"href":"https:\/\/www.libraria-occitana.org\/oc\/wp-json\/wp\/v2\/product_brand?post=23373"},{"taxonomy":"product_cat","embeddable":true,"href":"https:\/\/www.libraria-occitana.org\/oc\/wp-json\/wp\/v2\/product_cat?post=23373"},{"taxonomy":"product_tag","embeddable":true,"href":"https:\/\/www.libraria-occitana.org\/oc\/wp-json\/wp\/v2\/product_tag?post=23373"}],"curies":[{"name":"wp","href":"https:\/\/api.w.org\/{rel}","templated":true}]}}

<p style="margin:0;"><span style="font-family:'Times New Roman';font-size:12pt;">La superposition des noms de lieux sur un territoire et au fil du temps est semblable à une coupe géologique. Quelques 500 lieux de vie sont ici assemblés, sans compter les innombrables noms cadastraux qui quadrillent l&#8217;espace. Les sédiments les plus anciens se prolongent par exemple dans La Serre, Le Touron, Lascaux, Lachamp <wbr>(qui n&#8217;est pas un champ). La celtitude trouvera des échos dans Combroux, Druliolles, Lagorce, Le Chambon, La Combotte. Restes des invasions germaniques seront La Borde, Les Escures&#8230; Et la romanité, telle une vague puissante, viendra abreuver la terre de ses multiples limons. Mais qu&#8217;est-ce qui réunit, en toponymie limousine, Poissac, Chameyrat, Chaunac et Leyrat, Tintignac et Brénat ? Qu&#8217;ont en commun Costelade, Le Rioulat, Bouchelade et Les Peyrelades ? Que cachent La Font Soubranne, Bossoubrot et Le Massoutrot ? Et le curieux Bois-du-Lait ? Et L&#8217;Echamel, belle image ; ou Pompeyry ; ou Moussours, qui n&#8217;est pas un mossur, un bourgeois ? Et ce si commun Sourie corrézien ? Il est temps de lever le voile ; d&#8217;avoir la joie de comprendre et de partager.</p>
<p>Complement de titre : Chameyrat, Favars, Naves, Saint-Germain-les-Vergnes, Saint-Hilaire-Peyroux, Saint-Mexant, Tulle<br />Autor : Lavalade, Yves<br />Linga : Francés<br />Parucion : 09/2014<br />Editor : L&#8217;Esperluette<br />Nb de pajas : 143<br />Format : 15 x 21 cm<br />Pés : 200 g<br />EAN 13 : 9791090784260<br /></span></p>

<p>La superposition des noms de lieux sur un territoire et au fil du temps est semblable à une coupe géologique. Quelques 500 lieux de vie sont ici assemblés, sans compter les innombrables noms cadastraux qui quadrillent l&#8217;espace. Les sédiments les plus anciens se prolongent par exemple dans La Serre, Le Touron, Lascaux, Lachamp (qui n&#8217;est [&hellip;]</p>
