{"id":23404,"date":"2014-07-01T10:12:03","date_gmt":"2014-07-01T08:12:03","guid":{"rendered":"http:\/\/www.libraria-occitana.org\/all-products\/a-qui-es-t-ela-libre-cd?lang=oc"},"modified":"2026-04-29T10:47:32","modified_gmt":"2026-04-29T08:47:32","slug":"a-qui-es-t-ela-libre-cd","status":"publish","type":"product","link":"https:\/\/www.libraria-occitana.org\/oc\/produch\/a-qui-es-t-ela-libre-cd\/","title":{"rendered":"A qui es-t-ela ? (libre + CD)"},"content":{"rendered":"<p>Era un c\u00f2p, une rata que vivia en montanha.<br \/>\nUn jorn que se permenava, trobet una clocheta, piti\u00f2ta, plan brava.<br \/>\n&#8211; A qui p\u00f2t esser ? se demandet la rata.<\/p>\n<p>Escrich en partir d&#8217;un conte d&#8217;Armelle\u00a0Raillon. Cicles 1 &amp; 2.<br \/>\nLibreton pedagogic\u00a0<a href=\"http:\/\/capoc.crdp-aquitaine.fr\/articles.php?lng=en&amp;pg=450&amp;mnuid=304&amp;tconfig=0\">sus lo site dau CAP&#8217;\u00d2C<\/a>.<\/p>\n","protected":false},"excerpt":{"rendered":"<p>Era un c\u00f2p, une rata que vivia en montanha. Un jorn que se permenava, trobet una clocheta, piti\u00f2ta, plan brava. &#8211; A qui p\u00f2t esser ? se demandet la rata. Escrich en partir d&#8217;un conte d&#8217;Armelle\u00a0Raillon. Cicles 1 &amp; 2. Libreton pedagogic\u00a0sus lo site dau CAP&#8217;\u00d2C.<\/p>\n","protected":false},"featured_media":36248,"template":"","meta":{"_acf_changed":false,"_genesis_hide_title":false,"_genesis_hide_breadcrumbs":false,"_genesis_hide_singular_image":false,"_genesis_hide_footer_widgets":false,"_genesis_custom_body_class":"","_genesis_custom_post_class":"","_genesis_layout":""},"product_brand":[],"product_cat":[7171,7165,7133],"product_tag":[],"class_list":{"0":"post-23404","1":"product","2":"type-product","3":"status-publish","4":"has-post-thumbnail","6":"product_cat-drolles-oc","7":"product_cat-jounessa-bd-umor","8":"product_cat-libres-oc","9":"pa_auteur-capoc-oc","10":"pa_auteur-raillon-armelle-oc","11":"pa_editeur-canope-editions-oc","12":"pa_illustrateur-itoiz-mayana-oc","13":"pa_illustrateur-ratinaud-patrick-ratineaud-patrick-oc","14":"pa_langue-occitan-lemosin-oc","15":"pa_langue-occitan-francais-oc","16":"entry","18":"first","19":"instock","20":"shipping-taxable","21":"purchasable","22":"product-type-simple"},"acf":[],"_links":{"self":[{"href":"https:\/\/www.libraria-occitana.org\/oc\/wp-json\/wp\/v2\/product\/23404","targetHints":{"allow":["GET"]}}],"collection":[{"href":"https:\/\/www.libraria-occitana.org\/oc\/wp-json\/wp\/v2\/product"}],"about":[{"href":"https:\/\/www.libraria-occitana.org\/oc\/wp-json\/wp\/v2\/types\/product"}],"wp:featuredmedia":[{"embeddable":true,"href":"https:\/\/www.libraria-occitana.org\/oc\/wp-json\/wp\/v2\/media\/36248"}],"wp:attachment":[{"href":"https:\/\/www.libraria-occitana.org\/oc\/wp-json\/wp\/v2\/media?parent=23404"}],"wp:term":[{"taxonomy":"product_brand","embeddable":true,"href":"https:\/\/www.libraria-occitana.org\/oc\/wp-json\/wp\/v2\/product_brand?post=23404"},{"taxonomy":"product_cat","embeddable":true,"href":"https:\/\/www.libraria-occitana.org\/oc\/wp-json\/wp\/v2\/product_cat?post=23404"},{"taxonomy":"product_tag","embeddable":true,"href":"https:\/\/www.libraria-occitana.org\/oc\/wp-json\/wp\/v2\/product_tag?post=23404"}],"curies":[{"name":"wp","href":"https:\/\/api.w.org\/{rel}","templated":true}]}}

<p>Era un còp, une rata que vivia en montanha.<br />
Un jorn que se permenava, trobet una clocheta, pitiòta, plan brava.<br />
&#8211; A qui pòt esser ? se demandet la rata.</p>
<p>Escrich en partir d&#8217;un conte d&#8217;Armelle Raillon. Cicles 1 &amp; 2.<br />
Libreton pedagogic <a href="http://capoc.crdp-aquitaine.fr/articles.php?lng=en&amp;pg=450&amp;mnuid=304&amp;tconfig=0">sus lo site dau CAP&#8217;ÒC</a>.</p>

<p>Era un còp, une rata que vivia en montanha. Un jorn que se permenava, trobet una clocheta, pitiòta, plan brava. &#8211; A qui pòt esser ? se demandet la rata. Escrich en partir d&#8217;un conte d&#8217;Armelle Raillon. Cicles 1 &amp; 2. Libreton pedagogic sus lo site dau CAP&#8217;ÒC.</p>
