{"id":23464,"date":"2026-08-31T16:52:49","date_gmt":"2026-08-31T14:52:49","guid":{"rendered":"http:\/\/www.libraria-occitana.org\/all-products\/les-noms-de-lieux-du-canton-de-jumilhac-le-grand?lang=oc"},"modified":"2026-08-31T16:52:52","modified_gmt":"2026-08-31T14:52:52","slug":"les-noms-de-lieux-du-canton-de-jumilhac-le-grand","status":"publish","type":"product","link":"https:\/\/www.libraria-occitana.org\/oc\/produch\/les-noms-de-lieux-du-canton-de-jumilhac-le-grand\/","title":{"rendered":"LES NOMS DE LIEUX DU CANTON DE JUMILHAC-LE-GRAND"},"content":{"rendered":"<p style=\"margin:0;\"><span style=\"font-family:'Times New Roman';font-size:12pt;\">Le Pays de Jumilhac a fait partie du Limousin d&#8217;origine, celui des L\u00e9movices et du dioc\u00e8se de Limoges. Il en est donc un prolongement historique naturel. Les noms de lieux qui lui conf\u00e8rent un fondement de son identit\u00e9 culturelle compl\u00e8tent une panoplie nord-occitane d&#8217;une extr\u00eame richesse par sa densit\u00e9 et par sa vari\u00e9t\u00e9. En t\u00e9moignent les classiques Chirolle, Cheyrou, Lage, Mas, Couderc, Rivaille, Sazerat, Vauriac, Combeyrol, La Roulandie ; Fayemendy, plus local, et tant d&#8217;autres. Certains ont pouvoir de nous entra\u00eener plus loin encore dans le temps : les Colle, Valouse, Touroulet, Puygers ; et pourquoi pas dans l&#8217;espace, quand on pense que notre Puyssechien a peut-\u00eatre son \u00e9quivalent en Sicile avec le Monte Pisciacane de 517 m\u00e8tres ? Serait-ce si \u00e9trange, apr\u00e8s tout ?<\/p>\n<p>Complement de titre : Chalais, La Coquille, Jumilhac-le-Grand, Saint-Jory-de-Chalais, Saint-Paul-la-Roche, Saint-Pierre-de-Frugie, Saint-Priest-les-Foug\u00e8res<br \/>Autor : Lavalade, Yves<br \/>Linga : Franc\u00e9s<br \/>Parucion : 2014<br \/>Editor : Union Occitana Camila Chabaneu<br \/>Nb de pajas : 122<br \/>Format : 15 x 21 cm<br \/>P\u00e9s : 196 g<br \/><\/span><\/p>\n","protected":false},"excerpt":{"rendered":"<p>Le Pays de Jumilhac a fait partie du Limousin d&#8217;origine, celui des L\u00e9movices et du dioc\u00e8se de Limoges. Il en est donc un prolongement historique naturel. Les noms de lieux qui lui conf\u00e8rent un fondement de son identit\u00e9 culturelle compl\u00e8tent une panoplie nord-occitane d&#8217;une extr\u00eame richesse par sa densit\u00e9 et par sa vari\u00e9t\u00e9. En t\u00e9moignent [&hellip;]<\/p>\n","protected":false},"featured_media":0,"template":"","meta":{"_acf_changed":false,"_genesis_hide_title":false,"_genesis_hide_breadcrumbs":false,"_genesis_hide_singular_image":false,"_genesis_hide_footer_widgets":false,"_genesis_custom_body_class":"","_genesis_custom_post_class":"","_genesis_layout":""},"product_brand":[],"product_cat":[7149,7133,7163,16136],"product_tag":[],"class_list":["post-23464","product","type-product","status-publish","product_cat-istoria-geografia-oc","product_cat-libres-oc","product_cat-noms-de-luocs-noms-de-personas-oc","product_cat-non-classe-oc","pa_auteur-lavalada-ives-oc","pa_auteurs-lavalade-yves","pa_editeur-union-occitana-camila-chabaneu-oc","pa_langue-francais-oc","entry","first","outofstock","purchasable","product-type-simple"],"acf":[],"_links":{"self":[{"href":"https:\/\/www.libraria-occitana.org\/oc\/wp-json\/wp\/v2\/product\/23464","targetHints":{"allow":["GET"]}}],"collection":[{"href":"https:\/\/www.libraria-occitana.org\/oc\/wp-json\/wp\/v2\/product"}],"about":[{"href":"https:\/\/www.libraria-occitana.org\/oc\/wp-json\/wp\/v2\/types\/product"}],"wp:attachment":[{"href":"https:\/\/www.libraria-occitana.org\/oc\/wp-json\/wp\/v2\/media?parent=23464"}],"wp:term":[{"taxonomy":"product_brand","embeddable":true,"href":"https:\/\/www.libraria-occitana.org\/oc\/wp-json\/wp\/v2\/product_brand?post=23464"},{"taxonomy":"product_cat","embeddable":true,"href":"https:\/\/www.libraria-occitana.org\/oc\/wp-json\/wp\/v2\/product_cat?post=23464"},{"taxonomy":"product_tag","embeddable":true,"href":"https:\/\/www.libraria-occitana.org\/oc\/wp-json\/wp\/v2\/product_tag?post=23464"}],"curies":[{"name":"wp","href":"https:\/\/api.w.org\/{rel}","templated":true}]}}

<p style="margin:0;"><span style="font-family:'Times New Roman';font-size:12pt;">Le Pays de Jumilhac a fait partie du Limousin d&#8217;origine, celui des Lémovices et du diocèse de Limoges. Il en est donc un prolongement historique naturel. Les noms de lieux qui lui confèrent un fondement de son identité culturelle complètent une panoplie nord-occitane d&#8217;une extrême richesse par sa densité et par sa variété. En témoignent les classiques Chirolle, Cheyrou, Lage, Mas, Couderc, Rivaille, Sazerat, Vauriac, Combeyrol, La Roulandie ; Fayemendy, plus local, et tant d&#8217;autres. Certains ont pouvoir de nous entraîner plus loin encore dans le temps : les Colle, Valouse, Touroulet, Puygers ; et pourquoi pas dans l&#8217;espace, quand on pense que notre Puyssechien a peut-être son équivalent en Sicile avec le Monte Pisciacane de 517 mètres ? Serait-ce si étrange, après tout ?</p>
<p>Complement de titre : Chalais, La Coquille, Jumilhac-le-Grand, Saint-Jory-de-Chalais, Saint-Paul-la-Roche, Saint-Pierre-de-Frugie, Saint-Priest-les-Fougères<br />Autor : Lavalade, Yves<br />Linga : Francés<br />Parucion : 2014<br />Editor : Union Occitana Camila Chabaneu<br />Nb de pajas : 122<br />Format : 15 x 21 cm<br />Pés : 196 g<br /></span></p>

<p>Le Pays de Jumilhac a fait partie du Limousin d&#8217;origine, celui des Lémovices et du diocèse de Limoges. Il en est donc un prolongement historique naturel. Les noms de lieux qui lui confèrent un fondement de son identité culturelle complètent une panoplie nord-occitane d&#8217;une extrême richesse par sa densité et par sa variété. En témoignent [&hellip;]</p>
