{"id":23524,"date":"2015-03-01T17:56:18","date_gmt":"2015-03-01T16:56:18","guid":{"rendered":"http:\/\/www.libraria-occitana.org\/all-products\/contes-de-la-calandreta?lang=oc"},"modified":"2026-04-29T00:46:36","modified_gmt":"2026-04-28T22:46:36","slug":"contes-de-la-calandreta","status":"publish","type":"product","link":"https:\/\/www.libraria-occitana.org\/oc\/produch\/contes-de-la-calandreta\/","title":{"rendered":"Contes de la calandreta"},"content":{"rendered":"<p><strong>[oc]<\/strong><br \/>\nDins una lenga simpla e aisida, Andrieu Lagarda a recampats pels enfants de racontes agradius tirats de la tradicion populara occitana coma Lo conte de la dentilha, Quequerequet, Lo lop penjat, la l\u00e8bre e l&#8217;eiri\u00e7on, La fava de Sant P\u00e8ire, Lo p\u00f2t de la m\u00e8l, Las crabidetas\u2026 o d&#8217;autras tradicions d&#8217;Eur\u00f2pa coma La galineta roja, Lo c\u00e8l tomba, Saurineta e los tres orses, Poleta rosseta, L&#8217;\u00f2rre tironet, Los s\u00e8t corbasses\u2026<br \/>\nUn libre dedicat als escolans de las calandretas coma de las esc\u00f2las publicas.<br \/>\nAcompanhat d&#8217;un lexic.<\/p>\n<p>Illustracion de cuberta de Sofia Vissi\u00e8re.<\/p>\n<p><strong>[fr]<\/strong><br \/>\nPour les enfants qui apprennent l&#8217;occitan, que ce soit dans les \u00e9coles Calandreta ou dans les \u00e9coles publiques, Andr\u00e9 Lagarde a rassembl\u00e9 des contes de la tradition populaire occitane comme de l&#8217;ensemble des traditions europ\u00e9ennes.<br \/>\n\u00c9crits dans une langue simple qui les met \u00e0 la port\u00e9e des enfants, ces contes sont un excellent moyen pour les enseignants comme pour les parents de donner \u00e0 lire ou \u00e0 entendre des r\u00e9cits captivants et merveilleux.<br \/>\nLivre accompagn\u00e9 d&#8217;un lexique.<\/p>\n<p>Illustration de couverture de Sophie Vissi\u00e8re.<\/p>\n","protected":false},"excerpt":{"rendered":"<p>[oc] Dins una lenga simpla e aisida, Andrieu Lagarda a recampats pels enfants de racontes agradius tirats de la tradicion populara occitana coma Lo conte de la dentilha, Quequerequet, Lo lop penjat, la l\u00e8bre e l&#8217;eiri\u00e7on, La fava de Sant P\u00e8ire, Lo p\u00f2t de la m\u00e8l, Las crabidetas\u2026 o d&#8217;autras tradicions d&#8217;Eur\u00f2pa coma La galineta [&hellip;]<\/p>\n","protected":false},"featured_media":23525,"template":"","meta":{"_acf_changed":false,"_genesis_hide_title":false,"_genesis_hide_breadcrumbs":false,"_genesis_hide_singular_image":false,"_genesis_hide_footer_widgets":false,"_genesis_custom_body_class":"","_genesis_custom_post_class":"","_genesis_layout":""},"product_brand":[],"product_cat":[7177,7133,7175],"product_tag":[],"class_list":{"0":"post-23524","1":"product","2":"type-product","3":"status-publish","4":"has-post-thumbnail","6":"product_cat-contes-fablas-oc","7":"product_cat-libres-oc","8":"product_cat-literatura-oc","9":"pa_auteur-lagarda-andrieu-oc","10":"pa_editeur-letras-doc-oc","11":"pa_langue-occitan-oc","12":"pa_langue-occitan-lengadocian-oc","13":"entry","15":"first","16":"outofstock","17":"shipping-taxable","18":"purchasable","19":"product-type-simple"},"acf":[],"_links":{"self":[{"href":"https:\/\/www.libraria-occitana.org\/oc\/wp-json\/wp\/v2\/product\/23524","targetHints":{"allow":["GET"]}}],"collection":[{"href":"https:\/\/www.libraria-occitana.org\/oc\/wp-json\/wp\/v2\/product"}],"about":[{"href":"https:\/\/www.libraria-occitana.org\/oc\/wp-json\/wp\/v2\/types\/product"}],"wp:featuredmedia":[{"embeddable":true,"href":"https:\/\/www.libraria-occitana.org\/oc\/wp-json\/wp\/v2\/media\/23525"}],"wp:attachment":[{"href":"https:\/\/www.libraria-occitana.org\/oc\/wp-json\/wp\/v2\/media?parent=23524"}],"wp:term":[{"taxonomy":"product_brand","embeddable":true,"href":"https:\/\/www.libraria-occitana.org\/oc\/wp-json\/wp\/v2\/product_brand?post=23524"},{"taxonomy":"product_cat","embeddable":true,"href":"https:\/\/www.libraria-occitana.org\/oc\/wp-json\/wp\/v2\/product_cat?post=23524"},{"taxonomy":"product_tag","embeddable":true,"href":"https:\/\/www.libraria-occitana.org\/oc\/wp-json\/wp\/v2\/product_tag?post=23524"}],"curies":[{"name":"wp","href":"https:\/\/api.w.org\/{rel}","templated":true}]}}

<p><strong>[oc]</strong><br />
Dins una lenga simpla e aisida, Andrieu Lagarda a recampats pels enfants de racontes agradius tirats de la tradicion populara occitana coma Lo conte de la dentilha, Quequerequet, Lo lop penjat, la lèbre e l&#8217;eiriçon, La fava de Sant Pèire, Lo pòt de la mèl, Las crabidetas… o d&#8217;autras tradicions d&#8217;Euròpa coma La galineta roja, Lo cèl tomba, Saurineta e los tres orses, Poleta rosseta, L&#8217;òrre tironet, Los sèt corbasses…<br />
Un libre dedicat als escolans de las calandretas coma de las escòlas publicas.<br />
Acompanhat d&#8217;un lexic.</p>
<p>Illustracion de cuberta de Sofia Vissière.</p>
<p><strong>[fr]</strong><br />
Pour les enfants qui apprennent l&#8217;occitan, que ce soit dans les écoles Calandreta ou dans les écoles publiques, André Lagarde a rassemblé des contes de la tradition populaire occitane comme de l&#8217;ensemble des traditions européennes.<br />
Écrits dans une langue simple qui les met à la portée des enfants, ces contes sont un excellent moyen pour les enseignants comme pour les parents de donner à lire ou à entendre des récits captivants et merveilleux.<br />
Livre accompagné d&#8217;un lexique.</p>
<p>Illustration de couverture de Sophie Vissière.</p>

<p>[oc] Dins una lenga simpla e aisida, Andrieu Lagarda a recampats pels enfants de racontes agradius tirats de la tradicion populara occitana coma Lo conte de la dentilha, Quequerequet, Lo lop penjat, la lèbre e l&#8217;eiriçon, La fava de Sant Pèire, Lo pòt de la mèl, Las crabidetas… o d&#8217;autras tradicions d&#8217;Euròpa coma La galineta [&hellip;]</p>
