{"id":23544,"date":"2026-08-31T17:39:29","date_gmt":"2026-08-31T15:39:29","guid":{"rendered":"http:\/\/www.libraria-occitana.org\/all-products\/les-noms-de-lieux-du-pays-de-vigeois-correze?lang=oc"},"modified":"2026-08-31T17:39:37","modified_gmt":"2026-08-31T15:39:37","slug":"les-noms-de-lieux-du-pays-de-vigeois-correze","status":"publish","type":"product","link":"https:\/\/www.libraria-occitana.org\/oc\/produch\/les-noms-de-lieux-du-pays-de-vigeois-correze\/","title":{"rendered":"LES NOMS DE LIEUX DU PAYS DE VIGEOIS (CORREZE)"},"content":{"rendered":"<p style=\"margin:0;\"><span style=\"font-family:'Times New Roman';font-size:12pt;\">Ce qui surprend, lorsqu&#8217;on regarde de pr\u00e8s le territoire limousin, c&#8217;est l&#8217;immense diversit\u00e9 des noms de lieux qui en font sa parure. On pourrait se croire face \u00e0 une vaste symphonie o\u00f9 se bouscule sur la partition une infinit\u00e9 de notes qui nous enchantent et nous \u00e9meuvent. Le Pays de Vigeois n&#8217;\u00e9chappe pas \u00e0 ce concert. Les lieux tintent \u00e0 nos oreilles, dans un assemblage musical, dans une tessiture paysag\u00e8re : Sirieix, Charliaguet, Fage, Sivadiau, Mournetas, Rouffignac, Freyssinet, La Nauche, Bouillaguet, Peyrade, Orgnac, Poujol, Chatras, Vergnolle, Le Jargassou, Javerliac, La Salvie, Jenouillac, Reyrolles&#8230; Ces sonorit\u00e9s s&#8217;enlacent avec le timbre des cours d&#8217;eau : Loyre, V\u00e9z\u00e8re, Br\u00e9zou. Et l&#8217;on a envie de savoir si Vigeois, Chantegril, Meypiau, Fr\u00e8gemouche ou Le Puy de Gr\u00e2ce ne sont pas des fausses notes, des couacs. Que non ! \u00c0 chacun son myst\u00e8re et sa voix.<\/p>\n<p>Complement de titre : Estivaux, Orgnac-sur-V\u00e9z\u00e8re, Perpezac-le-Noir, Saint-Bonnet-L&#8217;Enfantier, Troche, Vigeois<br \/>Autor : Lavalade, Yves<br \/>Linga : Franc\u00e9s<br \/>Parucion : 03\/2015<br \/>Editor : L&#8217;Esperluette<br \/>Nb de pajas : 99<br \/>Format : 15 x 21 cm<br \/>P\u00e9s : 156 g<br \/>EAN 13 : 979-10-90784-36-9<br \/><\/span><\/p>\n","protected":false},"excerpt":{"rendered":"<p>Ce qui surprend, lorsqu&#8217;on regarde de pr\u00e8s le territoire limousin, c&#8217;est l&#8217;immense diversit\u00e9 des noms de lieux qui en font sa parure. On pourrait se croire face \u00e0 une vaste symphonie o\u00f9 se bouscule sur la partition une infinit\u00e9 de notes qui nous enchantent et nous \u00e9meuvent. Le Pays de Vigeois n&#8217;\u00e9chappe pas \u00e0 ce [&hellip;]<\/p>\n","protected":false},"featured_media":0,"template":"","meta":{"_acf_changed":false,"_genesis_hide_title":false,"_genesis_hide_breadcrumbs":false,"_genesis_hide_singular_image":false,"_genesis_hide_footer_widgets":false,"_genesis_custom_body_class":"","_genesis_custom_post_class":"","_genesis_layout":""},"product_brand":[],"product_cat":[7149,7133,7163,16136],"product_tag":[],"class_list":["post-23544","product","type-product","status-publish","product_cat-istoria-geografia-oc","product_cat-libres-oc","product_cat-noms-de-luocs-noms-de-personas-oc","product_cat-non-classe-oc","pa_auteur-lavalada-ives-oc","pa_auteurs-lavalade-yves","pa_editeur-lesperluette-oc","pa_langue-francais-oc","entry","first","outofstock","purchasable","product-type-simple"],"acf":[],"_links":{"self":[{"href":"https:\/\/www.libraria-occitana.org\/oc\/wp-json\/wp\/v2\/product\/23544","targetHints":{"allow":["GET"]}}],"collection":[{"href":"https:\/\/www.libraria-occitana.org\/oc\/wp-json\/wp\/v2\/product"}],"about":[{"href":"https:\/\/www.libraria-occitana.org\/oc\/wp-json\/wp\/v2\/types\/product"}],"wp:attachment":[{"href":"https:\/\/www.libraria-occitana.org\/oc\/wp-json\/wp\/v2\/media?parent=23544"}],"wp:term":[{"taxonomy":"product_brand","embeddable":true,"href":"https:\/\/www.libraria-occitana.org\/oc\/wp-json\/wp\/v2\/product_brand?post=23544"},{"taxonomy":"product_cat","embeddable":true,"href":"https:\/\/www.libraria-occitana.org\/oc\/wp-json\/wp\/v2\/product_cat?post=23544"},{"taxonomy":"product_tag","embeddable":true,"href":"https:\/\/www.libraria-occitana.org\/oc\/wp-json\/wp\/v2\/product_tag?post=23544"}],"curies":[{"name":"wp","href":"https:\/\/api.w.org\/{rel}","templated":true}]}}

<p style="margin:0;"><span style="font-family:'Times New Roman';font-size:12pt;">Ce qui surprend, lorsqu&#8217;on regarde de près le territoire limousin, c&#8217;est l&#8217;immense diversité des noms de lieux qui en font sa parure. On pourrait se croire face à une vaste symphonie où se bouscule sur la partition une infinité de notes qui nous enchantent et nous émeuvent. Le Pays de Vigeois n&#8217;échappe pas à ce concert. Les lieux tintent à nos oreilles, dans un assemblage musical, dans une tessiture paysagère : Sirieix, Charliaguet, Fage, Sivadiau, Mournetas, Rouffignac, Freyssinet, La Nauche, Bouillaguet, Peyrade, Orgnac, Poujol, Chatras, Vergnolle, Le Jargassou, Javerliac, La Salvie, Jenouillac, Reyrolles&#8230; Ces sonorités s&#8217;enlacent avec le timbre des cours d&#8217;eau : Loyre, Vézère, Brézou. Et l&#8217;on a envie de savoir si Vigeois, Chantegril, Meypiau, Frègemouche ou Le Puy de Grâce ne sont pas des fausses notes, des couacs. Que non ! À chacun son mystère et sa voix.</p>
<p>Complement de titre : Estivaux, Orgnac-sur-Vézère, Perpezac-le-Noir, Saint-Bonnet-L&#8217;Enfantier, Troche, Vigeois<br />Autor : Lavalade, Yves<br />Linga : Francés<br />Parucion : 03/2015<br />Editor : L&#8217;Esperluette<br />Nb de pajas : 99<br />Format : 15 x 21 cm<br />Pés : 156 g<br />EAN 13 : 979-10-90784-36-9<br /></span></p>

<p>Ce qui surprend, lorsqu&#8217;on regarde de près le territoire limousin, c&#8217;est l&#8217;immense diversité des noms de lieux qui en font sa parure. On pourrait se croire face à une vaste symphonie où se bouscule sur la partition une infinité de notes qui nous enchantent et nous émeuvent. Le Pays de Vigeois n&#8217;échappe pas à ce [&hellip;]</p>
