{"id":24054,"date":"2015-07-01T20:47:47","date_gmt":"2015-07-01T18:47:47","guid":{"rendered":"http:\/\/www.libraria-occitana.org\/all-products\/vaque-libre-cd?lang=oc"},"modified":"2026-04-27T05:51:50","modified_gmt":"2026-04-27T03:51:50","slug":"vaque-libre-cd","status":"publish","type":"product","link":"https:\/\/www.libraria-occitana.org\/oc\/produch\/vaque-libre-cd\/","title":{"rendered":"Vaque (libre + CD)"},"content":{"rendered":"<p>Un lapin blu que veu passar d&#8217;autras bestias a la sega, aitot elas, un pauc diferentas de las bestias conegudas.<br \/>\nL&#8217;una apres l&#8217;autra, li damanden de venir, de las segre.<br \/>\nSemblari\u00e1 que s&#8217;avian balhat rendetz-vos. Mas ente ? Coma qui e perqu\u00e9 ?<br \/>\nUna pita ist\u00f2ria per sensibilisar los mainatges au carnaval&#8230;<\/p>\n<p>Cicles 1-2. Per aprener a legir.<br \/>\nLibreton pedagogic de venir <a href=\"http:\/\/capoc.crdp-aquitaine.fr\/articles.php?lng=en&amp;pg=450&amp;mnuid=304&amp;tconfig=0\">sus lo site dau CAP&#8217;\u00d2C<\/a>.<\/p>\n","protected":false},"excerpt":{"rendered":"<p>Un lapin blu que veu passar d&#8217;autras bestias a la sega, aitot elas, un pauc diferentas de las bestias conegudas. L&#8217;una apres l&#8217;autra, li damanden de venir, de las segre. Semblari\u00e1 que s&#8217;avian balhat rendetz-vos. Mas ente ? Coma qui e perqu\u00e9 ? Una pita ist\u00f2ria per sensibilisar los mainatges au carnaval&#8230; Cicles 1-2. Per [&hellip;]<\/p>\n","protected":false},"featured_media":24055,"template":"","meta":{"_acf_changed":false,"_genesis_hide_title":false,"_genesis_hide_breadcrumbs":false,"_genesis_hide_singular_image":false,"_genesis_hide_footer_widgets":false,"_genesis_custom_body_class":"","_genesis_custom_post_class":"","_genesis_layout":""},"product_brand":[],"product_cat":[7171,7165,7133],"product_tag":[],"class_list":{"0":"post-24054","1":"product","2":"type-product","3":"status-publish","4":"has-post-thumbnail","6":"product_cat-drolles-oc","7":"product_cat-jounessa-bd-umor","8":"product_cat-libres-oc","9":"pa_auteur-capoc-oc","10":"pa_editeur-canope-editions-oc","11":"pa_illustrateur-le-tande-prisca-oc","12":"pa_illustrateur-ratinaud-patrick-ratineaud-patrick-oc","13":"pa_langue-occitan-lemosin-oc","14":"pa_langue-occitan-francais-oc","15":"entry","17":"first","18":"instock","19":"shipping-taxable","20":"purchasable","21":"product-type-simple"},"acf":[],"_links":{"self":[{"href":"https:\/\/www.libraria-occitana.org\/oc\/wp-json\/wp\/v2\/product\/24054","targetHints":{"allow":["GET"]}}],"collection":[{"href":"https:\/\/www.libraria-occitana.org\/oc\/wp-json\/wp\/v2\/product"}],"about":[{"href":"https:\/\/www.libraria-occitana.org\/oc\/wp-json\/wp\/v2\/types\/product"}],"wp:featuredmedia":[{"embeddable":true,"href":"https:\/\/www.libraria-occitana.org\/oc\/wp-json\/wp\/v2\/media\/24055"}],"wp:attachment":[{"href":"https:\/\/www.libraria-occitana.org\/oc\/wp-json\/wp\/v2\/media?parent=24054"}],"wp:term":[{"taxonomy":"product_brand","embeddable":true,"href":"https:\/\/www.libraria-occitana.org\/oc\/wp-json\/wp\/v2\/product_brand?post=24054"},{"taxonomy":"product_cat","embeddable":true,"href":"https:\/\/www.libraria-occitana.org\/oc\/wp-json\/wp\/v2\/product_cat?post=24054"},{"taxonomy":"product_tag","embeddable":true,"href":"https:\/\/www.libraria-occitana.org\/oc\/wp-json\/wp\/v2\/product_tag?post=24054"}],"curies":[{"name":"wp","href":"https:\/\/api.w.org\/{rel}","templated":true}]}}

<p>Un lapin blu que veu passar d&#8217;autras bestias a la sega, aitot elas, un pauc diferentas de las bestias conegudas.<br />
L&#8217;una apres l&#8217;autra, li damanden de venir, de las segre.<br />
Semblariá que s&#8217;avian balhat rendetz-vos. Mas ente ? Coma qui e perqué ?<br />
Una pita istòria per sensibilisar los mainatges au carnaval&#8230;</p>
<p>Cicles 1-2. Per aprener a legir.<br />
Libreton pedagogic de venir <a href="http://capoc.crdp-aquitaine.fr/articles.php?lng=en&amp;pg=450&amp;mnuid=304&amp;tconfig=0">sus lo site dau CAP&#8217;ÒC</a>.</p>

<p>Un lapin blu que veu passar d&#8217;autras bestias a la sega, aitot elas, un pauc diferentas de las bestias conegudas. L&#8217;una apres l&#8217;autra, li damanden de venir, de las segre. Semblariá que s&#8217;avian balhat rendetz-vos. Mas ente ? Coma qui e perqué ? Una pita istòria per sensibilisar los mainatges au carnaval&#8230; Cicles 1-2. Per [&hellip;]</p>
