{"id":24176,"date":"2017-09-20T15:45:49","date_gmt":"2017-09-20T13:45:49","guid":{"rendered":"http:\/\/www.libraria-occitana.org\/all-products\/patrimoine-extraordinaire-du-chemin-de-fer-en-auvergne-et-limousin?lang=oc"},"modified":"2026-04-29T10:46:22","modified_gmt":"2026-04-29T08:46:22","slug":"patrimoine-extraordinaire-du-chemin-de-fer-en-auvergne-et-limousin","status":"publish","type":"product","link":"https:\/\/www.libraria-occitana.org\/oc\/produch\/patrimoine-extraordinaire-du-chemin-de-fer-en-auvergne-et-limousin\/","title":{"rendered":"Patrimoine extraordinaire du chemin de fer en Auvergne et Limousin"},"content":{"rendered":"<p>Une pr\u00e9sentation fouill\u00e9e du patrimoine ferroviaire en Auvergne et Limousin.<br \/>\nPlus de 200 lieux pr\u00e9sent\u00e9s pour un voyage au c\u0153ur de la grande aventure humaine du rail : ouvrages d&#8217;art monumentaux, gares charg\u00e9es d&#8217;atmosph\u00e8re, sites pittoresques monopolis\u00e9s par le rail, petit patrimoine insolite, etc.<br \/>\nUn format semi poche \u00e0 glisser dans la bo\u00eete \u00e0 gants.<br \/>\nLes auteurs : Pascal Desmichel et Fr\u00e9d\u00e9ric faucon sont g\u00e9ographes et ma\u00eetres de conf\u00e9rences \u00e0 l&#8217;universit\u00e9 Blaise-Pascal de Clermont-Ferrand.<\/p>\n","protected":false},"excerpt":{"rendered":"<p>Une pr\u00e9sentation fouill\u00e9e du patrimoine ferroviaire en Auvergne et Limousin. Plus de 200 lieux pr\u00e9sent\u00e9s pour un voyage au c\u0153ur de la grande aventure humaine du rail : ouvrages d&#8217;art monumentaux, gares charg\u00e9es d&#8217;atmosph\u00e8re, sites pittoresques monopolis\u00e9s par le rail, petit patrimoine insolite, etc. Un format semi poche \u00e0 glisser dans la bo\u00eete \u00e0 gants. [&hellip;]<\/p>\n","protected":false},"featured_media":60183,"template":"","meta":{"_acf_changed":false,"_genesis_hide_title":false,"_genesis_hide_breadcrumbs":false,"_genesis_hide_singular_image":false,"_genesis_hide_footer_widgets":false,"_genesis_custom_body_class":"","_genesis_custom_post_class":"","_genesis_layout":""},"product_brand":[],"product_cat":[7199,7133,7197],"product_tag":[],"class_list":{"0":"post-24176","1":"product","2":"type-product","3":"status-publish","4":"has-post-thumbnail","6":"product_cat-guides-torisme-viatge-oc","7":"product_cat-libres-oc","8":"product_cat-natura-torisme-oc","9":"pa_auteur-desmichel-pascal-oc","10":"pa_auteur-faucon-frederic-oc","11":"pa_editeur-christine-bonneton-oc","12":"pa_langue-francais-oc","13":"entry","15":"first","16":"instock","17":"shipping-taxable","18":"purchasable","19":"product-type-simple"},"acf":[],"_links":{"self":[{"href":"https:\/\/www.libraria-occitana.org\/oc\/wp-json\/wp\/v2\/product\/24176","targetHints":{"allow":["GET"]}}],"collection":[{"href":"https:\/\/www.libraria-occitana.org\/oc\/wp-json\/wp\/v2\/product"}],"about":[{"href":"https:\/\/www.libraria-occitana.org\/oc\/wp-json\/wp\/v2\/types\/product"}],"wp:featuredmedia":[{"embeddable":true,"href":"https:\/\/www.libraria-occitana.org\/oc\/wp-json\/wp\/v2\/media\/60183"}],"wp:attachment":[{"href":"https:\/\/www.libraria-occitana.org\/oc\/wp-json\/wp\/v2\/media?parent=24176"}],"wp:term":[{"taxonomy":"product_brand","embeddable":true,"href":"https:\/\/www.libraria-occitana.org\/oc\/wp-json\/wp\/v2\/product_brand?post=24176"},{"taxonomy":"product_cat","embeddable":true,"href":"https:\/\/www.libraria-occitana.org\/oc\/wp-json\/wp\/v2\/product_cat?post=24176"},{"taxonomy":"product_tag","embeddable":true,"href":"https:\/\/www.libraria-occitana.org\/oc\/wp-json\/wp\/v2\/product_tag?post=24176"}],"curies":[{"name":"wp","href":"https:\/\/api.w.org\/{rel}","templated":true}]}}

<p>Une présentation fouillée du patrimoine ferroviaire en Auvergne et Limousin.<br />
Plus de 200 lieux présentés pour un voyage au cœur de la grande aventure humaine du rail : ouvrages d&#8217;art monumentaux, gares chargées d&#8217;atmosphère, sites pittoresques monopolisés par le rail, petit patrimoine insolite, etc.<br />
Un format semi poche à glisser dans la boîte à gants.<br />
Les auteurs : Pascal Desmichel et Frédéric faucon sont géographes et maîtres de conférences à l&#8217;université Blaise-Pascal de Clermont-Ferrand.</p>

<p>Une présentation fouillée du patrimoine ferroviaire en Auvergne et Limousin. Plus de 200 lieux présentés pour un voyage au cœur de la grande aventure humaine du rail : ouvrages d&#8217;art monumentaux, gares chargées d&#8217;atmosphère, sites pittoresques monopolisés par le rail, petit patrimoine insolite, etc. Un format semi poche à glisser dans la boîte à gants. [&hellip;]</p>
