{"id":24203,"date":"2015-12-23T12:02:06","date_gmt":"2015-12-23T11:02:06","guid":{"rendered":"http:\/\/www.libraria-occitana.org\/all-products\/arbres-portfolio-de-12-cartes-photo-poesie?lang=oc"},"modified":"2026-04-26T07:22:04","modified_gmt":"2026-04-26T05:22:04","slug":"arbres-portfolio-de-12-cartes-photo-poesie","status":"publish","type":"product","link":"https:\/\/www.libraria-occitana.org\/oc\/produch\/arbres-portfolio-de-12-cartes-photo-poesie\/","title":{"rendered":"Arbres : Portfolio de 12 cartes photo \/ po\u00e9sie"},"content":{"rendered":"<p>Mini-livre ? Portfolio de photographies ? Cartes postales ? Cette nouvelle production du photographe Georges Souche est un peu tout cela \u00e0 la fois. C&#8217;est avant tout un bel objet, d\u00e9di\u00e9 \u00e0 la fois \u00e0 la figure embl\u00e9matique de l&#8217;arbre et \u00e0 la po\u00e9sie de langue d&#8217;oc. Dans un \u00e9l\u00e9gant \u00e9tui cartonn\u00e9 en forme de petit livre, sont rassembl\u00e9es 12 cartes postales de format 10 x 21. Sur chacune d&#8217;elles, une photographie d&#8217;arbre dialogue avec le po\u00e8me d&#8217;un \u00e9crivain occitan (avec traduction fran\u00e7aise), choisi parmi les plus grands du XXe si\u00e8cle : Bernard Manciet, Max Rouquette, Marcelle Delpastre, Robert Lafont, Ren\u00e9 Nelli, L\u00e9on Cordes, Louisa Paulin, Yves Rouquette, Serge Bec, Jean-Marie Petit&#8230; 12 cartes que l&#8217;on peut aussi choisir d&#8217;utiliser comme cartes de voeux.<\/p>\n<p><strong>Une coproduction Cardabelle \/ CIRDOC<\/strong><\/p>\n<p>Gr\u00e2ce \u00e0 la pr\u00e9sence de flashcodes au dos de chaque carte, la d\u00e9couverte se prolonge en ligne avec l&#8217;exposition &#8220;Voses de la modernitat&#8221; sur le site du CIRDOC.<\/p>\n","protected":false},"excerpt":{"rendered":"<p>Mini-livre ? Portfolio de photographies ? Cartes postales ? Cette nouvelle production du photographe Georges Souche est un peu tout cela \u00e0 la fois. C&#8217;est avant tout un bel objet, d\u00e9di\u00e9 \u00e0 la fois \u00e0 la figure embl\u00e9matique de l&#8217;arbre et \u00e0 la po\u00e9sie de langue d&#8217;oc. Dans un \u00e9l\u00e9gant \u00e9tui cartonn\u00e9 en forme de [&hellip;]<\/p>\n","protected":false},"featured_media":24205,"template":"","meta":{"_acf_changed":false,"_genesis_hide_title":false,"_genesis_hide_breadcrumbs":false,"_genesis_hide_singular_image":false,"_genesis_hide_footer_widgets":false,"_genesis_custom_body_class":"","_genesis_custom_post_class":"","_genesis_layout":""},"product_brand":[],"product_cat":[7131],"product_tag":[],"class_list":{"0":"post-24203","1":"product","2":"type-product","3":"status-publish","4":"has-post-thumbnail","6":"product_cat-autre-oc","7":"pa_editeur-cardabelle-oc","8":"pa_langue-occitan-francais-oc","9":"entry","11":"first","12":"outofstock","13":"shipping-taxable","14":"purchasable","15":"product-type-simple"},"acf":[],"_links":{"self":[{"href":"https:\/\/www.libraria-occitana.org\/oc\/wp-json\/wp\/v2\/product\/24203","targetHints":{"allow":["GET"]}}],"collection":[{"href":"https:\/\/www.libraria-occitana.org\/oc\/wp-json\/wp\/v2\/product"}],"about":[{"href":"https:\/\/www.libraria-occitana.org\/oc\/wp-json\/wp\/v2\/types\/product"}],"wp:featuredmedia":[{"embeddable":true,"href":"https:\/\/www.libraria-occitana.org\/oc\/wp-json\/wp\/v2\/media\/24205"}],"wp:attachment":[{"href":"https:\/\/www.libraria-occitana.org\/oc\/wp-json\/wp\/v2\/media?parent=24203"}],"wp:term":[{"taxonomy":"product_brand","embeddable":true,"href":"https:\/\/www.libraria-occitana.org\/oc\/wp-json\/wp\/v2\/product_brand?post=24203"},{"taxonomy":"product_cat","embeddable":true,"href":"https:\/\/www.libraria-occitana.org\/oc\/wp-json\/wp\/v2\/product_cat?post=24203"},{"taxonomy":"product_tag","embeddable":true,"href":"https:\/\/www.libraria-occitana.org\/oc\/wp-json\/wp\/v2\/product_tag?post=24203"}],"curies":[{"name":"wp","href":"https:\/\/api.w.org\/{rel}","templated":true}]}}

Arbres : Portfolio de 12 cartes photo / poésie

<p>Mini-livre ? Portfolio de photographies ? Cartes postales ? Cette nouvelle production du photographe Georges Souche est un peu tout cela à la fois. C&#8217;est avant tout un bel objet, dédié à la fois à la figure emblématique de l&#8217;arbre et à la poésie de langue d&#8217;oc. Dans un élégant étui cartonné en forme de petit livre, sont rassemblées 12 cartes postales de format 10 x 21. Sur chacune d&#8217;elles, une photographie d&#8217;arbre dialogue avec le poème d&#8217;un écrivain occitan (avec traduction française), choisi parmi les plus grands du XXe siècle : Bernard Manciet, Max Rouquette, Marcelle Delpastre, Robert Lafont, René Nelli, Léon Cordes, Louisa Paulin, Yves Rouquette, Serge Bec, Jean-Marie Petit&#8230; 12 cartes que l&#8217;on peut aussi choisir d&#8217;utiliser comme cartes de voeux.</p>
<p><strong>Une coproduction Cardabelle / CIRDOC</strong></p>
<p>Grâce à la présence de flashcodes au dos de chaque carte, la découverte se prolonge en ligne avec l&#8217;exposition &#8220;Voses de la modernitat&#8221; sur le site du CIRDOC.</p>

<p>Mini-livre ? Portfolio de photographies ? Cartes postales ? Cette nouvelle production du photographe Georges Souche est un peu tout cela à la fois. C&#8217;est avant tout un bel objet, dédié à la fois à la figure emblématique de l&#8217;arbre et à la poésie de langue d&#8217;oc. Dans un élégant étui cartonné en forme de [&hellip;]</p>
