{"id":27223,"date":"2026-08-31T17:03:09","date_gmt":"2026-08-31T15:03:09","guid":{"rendered":"http:\/\/www.libraria-occitana.org\/all-products\/lo-leberaubre-n4?lang=oc"},"modified":"2026-08-31T17:03:21","modified_gmt":"2026-08-31T15:03:21","slug":"lo-leberaubre-n4","status":"publish","type":"product","link":"https:\/\/www.libraria-occitana.org\/oc\/produch\/lo-leberaubre-n4\/","title":{"rendered":"LO LEBERAUBRE N\u00b04"},"content":{"rendered":"<p style=\"margin:0;\"><span style=\"font-family:'Times New Roman';font-size:12pt;\">Taula :<\/p>\n<p>&#8211; Jan dau Melhau :<br \/>Lo libre<\/p>\n<p>&#8211; Peir Parot :<br \/>La machina<\/p>\n<p>&#8211; Micheu Chapduelh :<br \/>La n\u00f2via dau clar de luna<\/p>\n<p>&#8211; Miquel Solhier :<br \/>Sus las planas del bras de l&#8217;\u00f2me<\/p>\n<p>&#8211; Micheu Chapduelh :<br \/>Un temps per viure : Mem\u00f2ria<\/p>\n<p>&#8211; Joan-Ives Rocheta :<br \/>Supersticion<\/p>\n<p>&#8211; Marcela Delpastre :<br \/>Lo libre de l&#8217;erba e daus aubres<\/p>\n<p>Revuda Lo Leberaubre N\u00b0 4<br \/>Autor : Collectiu<br \/>Linga : Occitan <wbr>(lemosin)<br \/>Parucion : 10\/1977<br \/>Editor : Literatura e Cultura Populara Lemosinas<br \/>Nb de pajas : 52<br \/>Format : 10 x 26 cm<br \/>P\u00e9s : 62 g<\/span><\/p>\n","protected":false},"excerpt":{"rendered":"<p>Taula : &#8211; Jan dau Melhau :Lo libre &#8211; Peir Parot :La machina &#8211; Micheu Chapduelh :La n\u00f2via dau clar de luna &#8211; Miquel Solhier :Sus las planas del bras de l&#8217;\u00f2me &#8211; Micheu Chapduelh :Un temps per viure : Mem\u00f2ria &#8211; Joan-Ives Rocheta :Supersticion &#8211; Marcela Delpastre :Lo libre de l&#8217;erba e daus aubres [&hellip;]<\/p>\n","protected":false},"featured_media":0,"template":"","meta":{"_acf_changed":false,"_genesis_hide_title":false,"_genesis_hide_breadcrumbs":false,"_genesis_hide_singular_image":false,"_genesis_hide_footer_widgets":false,"_genesis_custom_body_class":"","_genesis_custom_post_class":"","_genesis_layout":""},"product_brand":[],"product_cat":[7133,7175,16136],"product_tag":[],"class_list":["post-27223","product","type-product","status-publish","product_cat-libres-oc","product_cat-literatura-oc","product_cat-non-classe-oc","pa_auteur-collectiu-oc-2","pa_editeur-literatura-e-cultura-populara-lemosinas-oc","pa_langue-occitan-oc","pa_langue-occitan-lemosin-oc","entry","first","outofstock","purchasable","product-type-simple"],"acf":[],"_links":{"self":[{"href":"https:\/\/www.libraria-occitana.org\/oc\/wp-json\/wp\/v2\/product\/27223","targetHints":{"allow":["GET"]}}],"collection":[{"href":"https:\/\/www.libraria-occitana.org\/oc\/wp-json\/wp\/v2\/product"}],"about":[{"href":"https:\/\/www.libraria-occitana.org\/oc\/wp-json\/wp\/v2\/types\/product"}],"wp:attachment":[{"href":"https:\/\/www.libraria-occitana.org\/oc\/wp-json\/wp\/v2\/media?parent=27223"}],"wp:term":[{"taxonomy":"product_brand","embeddable":true,"href":"https:\/\/www.libraria-occitana.org\/oc\/wp-json\/wp\/v2\/product_brand?post=27223"},{"taxonomy":"product_cat","embeddable":true,"href":"https:\/\/www.libraria-occitana.org\/oc\/wp-json\/wp\/v2\/product_cat?post=27223"},{"taxonomy":"product_tag","embeddable":true,"href":"https:\/\/www.libraria-occitana.org\/oc\/wp-json\/wp\/v2\/product_tag?post=27223"}],"curies":[{"name":"wp","href":"https:\/\/api.w.org\/{rel}","templated":true}]}}

<p style="margin:0;"><span style="font-family:'Times New Roman';font-size:12pt;">Taula :</p>
<p>&#8211; Jan dau Melhau :<br />Lo libre</p>
<p>&#8211; Peir Parot :<br />La machina</p>
<p>&#8211; Micheu Chapduelh :<br />La nòvia dau clar de luna</p>
<p>&#8211; Miquel Solhier :<br />Sus las planas del bras de l&#8217;òme</p>
<p>&#8211; Micheu Chapduelh :<br />Un temps per viure : Memòria</p>
<p>&#8211; Joan-Ives Rocheta :<br />Supersticion</p>
<p>&#8211; Marcela Delpastre :<br />Lo libre de l&#8217;erba e daus aubres</p>
<p>Revuda Lo Leberaubre N° 4<br />Autor : Collectiu<br />Linga : Occitan <wbr>(lemosin)<br />Parucion : 10/1977<br />Editor : Literatura e Cultura Populara Lemosinas<br />Nb de pajas : 52<br />Format : 10 x 26 cm<br />Pés : 62 g</span></p>

<p>Taula : &#8211; Jan dau Melhau :Lo libre &#8211; Peir Parot :La machina &#8211; Micheu Chapduelh :La nòvia dau clar de luna &#8211; Miquel Solhier :Sus las planas del bras de l&#8217;òme &#8211; Micheu Chapduelh :Un temps per viure : Memòria &#8211; Joan-Ives Rocheta :Supersticion &#8211; Marcela Delpastre :Lo libre de l&#8217;erba e daus aubres [&hellip;]</p>
