{"id":27306,"date":"1983-01-01T11:28:18","date_gmt":"1983-01-01T10:28:18","guid":{"rendered":"http:\/\/www.libraria-occitana.org\/all-products\/larquibau-e-autres-nobiliconofatz?lang=oc"},"modified":"2026-04-29T03:51:07","modified_gmt":"2026-04-29T01:51:07","slug":"larquibau-e-autres-nobiliconofatz","status":"publish","type":"product","link":"https:\/\/www.libraria-occitana.org\/oc\/produch\/larquibau-e-autres-nobiliconofatz\/","title":{"rendered":"L&#8217;Arquibau&#8230; e autres&#8230; nobiliconofatz"},"content":{"rendered":"<p>\u00ab A Tots Junior \u00bb presenta aqueste recu\u00e8lh de nov\u00e8las que, per sa diversitat linguistica, permet as joves de viatjar a trav\u00e8rs de la lenga e lo pa\u00efs, mas tanben la realitat e lo meravilh\u00f2s.<\/p>\n<p>\u00ab\u00a0\u2026Qu\u00f2 es a queu moment que Robinson comprengu\u00e8t que podri\u00e1 jamai dire son amor. Decid\u00e8t de far quauqua res de subrebeu per que la dr\u00f2lla lo descubrissa ela-mesma\u2026 Fari\u00e1 una flor\u2026. La batejari\u00e1 l&#8217;arquibaunobiliconofatz\u2026\u00a0\u00bb<\/p>\n<p style=\"text-align: right\">Micheu Chapduelh<\/p>\n<p>\u00ab\u00a0\u2026Aquesta setmana fogu\u00e8t marcada d&#8217;una p\u00e8ira blanca, qu&#8217;amb\u00e9 Monica la passeriam a se regardar dins los blancs deis u\u00e8lhs. Lo matin, de la fen\u00e8stra de l&#8217;estudi, agachavi l&#8217;intrada deis ext\u00e8rnes. E vaqu\u00ed qu&#8217;\u00e8ra l&#8217;illuminacion : darri\u00e8r l&#8217;\u00f2ume de la cort d&#8217;onor, Monica amb\u00e9 son cartable sota lo bra\u00e7\u2026\u00a0\u00bb<\/p>\n<p style=\"text-align: right\">P\u00e8ire Pessamessa<\/p>\n<p>\u00ab\u00a0Entendiam la messa de n\u00f2u oras, la messa dels enfants\u2026 Podiam pas parlar que plan pauc. Profit\u00e8ri del moment de l&#8217;elevacion per marmolar a Miqu\u00e8la :<br \/>\n&#8211; Sabes \u00e7\u00f2 que dison de ta maire ?<br \/>\n&#8211; Non.<br \/>\n&#8211; Dison qu&#8217;es una puta\u2026\u00a0\u00bb<\/p>\n<p style=\"text-align: right\">Maria Roanet<\/p>\n<p>\u00ab\u00a0\u2026L&#8217;Alb\u00e8rt \u00e8ra pas mai biaissut que los autres ordinators que la tanta avi\u00e1 trevats\u2026 E alara, se produsigu\u00e8t l&#8217;eveniment. Natalia i prest\u00e8t pas cas, lo primi\u00e8r c\u00f2p qu&#8217;a la fin d&#8217;un poema automatic, sortissent de l&#8217;anonimat acostumat, avia escrich : &#8221; I love you. Je vous aime. Te quiero. Te voglio bene. T&#8217;estimi. T&#8217;aimi. Ich liebe dich\u2026&#8221;\u00a0\u00bb<\/p>\n<p style=\"text-align: right\">Florian Vernet<\/p>\n<p>\u00ab\u00a0\u2026Que soi lo Hadet d&#8217;aquera lag\u00faa, e qu&#8217;ei pietat de tu, Jaus\u00e8p ! Que&#8217;t p\u00f2di bien balhar lo mejan de&#8217;t har minjar dinc a la b\u00e8ra sason, m\u00e8s que ser\u00e0s aperat a sofrir dens lo ton c\u00f2r. Donc, s&#8217;at v\u00f2s, que&#8217;t cambii ua plaga d&#8217;estomac e de vente contra ua pena de c\u00f2r\u2026\u00a0\u00bb<\/p>\n<p style=\"text-align: right\">Miqu\u00e8u Baris<\/p>\n","protected":false},"excerpt":{"rendered":"<p>\u00ab A Tots Junior \u00bb presenta aqueste recu\u00e8lh de nov\u00e8las que, per sa diversitat linguistica, permet as joves de viatjar a trav\u00e8rs de la lenga e lo pa\u00efs, mas tanben la realitat e lo meravilh\u00f2s. \u00ab\u00a0\u2026Qu\u00f2 es a queu moment que Robinson comprengu\u00e8t que podri\u00e1 jamai dire son amor. Decid\u00e8t de far quauqua res de [&hellip;]<\/p>\n","protected":false},"featured_media":27307,"template":"","meta":{"_acf_changed":false,"_genesis_hide_title":false,"_genesis_hide_breadcrumbs":false,"_genesis_hide_singular_image":false,"_genesis_hide_footer_widgets":false,"_genesis_custom_body_class":"","_genesis_custom_post_class":"","_genesis_layout":""},"product_brand":[],"product_cat":[7133,7175,7183],"product_tag":[],"class_list":{"0":"post-27306","1":"product","2":"type-product","3":"status-publish","4":"has-post-thumbnail","6":"product_cat-libres-oc","7":"product_cat-literatura-oc","8":"product_cat-romans-novelas-oc","9":"pa_auteur-baris-miqueu-oc","10":"pa_auteur-chapduelh-micheu-oc","11":"pa_auteur-pessamessa-peire-oc","12":"pa_auteur-roanet-maria-oc","13":"pa_auteur-vernet-florian-oc","14":"pa_editeur-ieo-fr-oc","15":"pa_langue-occitan-oc","16":"entry","18":"first","19":"instock","20":"shipping-taxable","21":"purchasable","22":"product-type-simple"},"acf":[],"_links":{"self":[{"href":"https:\/\/www.libraria-occitana.org\/oc\/wp-json\/wp\/v2\/product\/27306","targetHints":{"allow":["GET"]}}],"collection":[{"href":"https:\/\/www.libraria-occitana.org\/oc\/wp-json\/wp\/v2\/product"}],"about":[{"href":"https:\/\/www.libraria-occitana.org\/oc\/wp-json\/wp\/v2\/types\/product"}],"wp:featuredmedia":[{"embeddable":true,"href":"https:\/\/www.libraria-occitana.org\/oc\/wp-json\/wp\/v2\/media\/27307"}],"wp:attachment":[{"href":"https:\/\/www.libraria-occitana.org\/oc\/wp-json\/wp\/v2\/media?parent=27306"}],"wp:term":[{"taxonomy":"product_brand","embeddable":true,"href":"https:\/\/www.libraria-occitana.org\/oc\/wp-json\/wp\/v2\/product_brand?post=27306"},{"taxonomy":"product_cat","embeddable":true,"href":"https:\/\/www.libraria-occitana.org\/oc\/wp-json\/wp\/v2\/product_cat?post=27306"},{"taxonomy":"product_tag","embeddable":true,"href":"https:\/\/www.libraria-occitana.org\/oc\/wp-json\/wp\/v2\/product_tag?post=27306"}],"curies":[{"name":"wp","href":"https:\/\/api.w.org\/{rel}","templated":true}]}}

<p>« A Tots Junior » presenta aqueste recuèlh de novèlas que, per sa diversitat linguistica, permet as joves de viatjar a travèrs de la lenga e lo païs, mas tanben la realitat e lo meravilhòs.</p>
<p>« …Quò es a queu moment que Robinson comprenguèt que podriá jamai dire son amor. Decidèt de far quauqua res de subrebeu per que la dròlla lo descubrissa ela-mesma… Fariá una flor…. La batejariá l&#8217;arquibaunobiliconofatz… »</p>
<p style="text-align: right">Micheu Chapduelh</p>
<p>« …Aquesta setmana foguèt marcada d&#8217;una pèira blanca, qu&#8217;ambé Monica la passeriam a se regardar dins los blancs deis uèlhs. Lo matin, de la fenèstra de l&#8217;estudi, agachavi l&#8217;intrada deis extèrnes. E vaquí qu&#8217;èra l&#8217;illuminacion : darrièr l&#8217;òume de la cort d&#8217;onor, Monica ambé son cartable sota lo braç… »</p>
<p style="text-align: right">Pèire Pessamessa</p>
<p>« Entendiam la messa de nòu oras, la messa dels enfants… Podiam pas parlar que plan pauc. Profitèri del moment de l&#8217;elevacion per marmolar a Miquèla :<br />
&#8211; Sabes çò que dison de ta maire ?<br />
&#8211; Non.<br />
&#8211; Dison qu&#8217;es una puta… »</p>
<p style="text-align: right">Maria Roanet</p>
<p>« …L&#8217;Albèrt èra pas mai biaissut que los autres ordinators que la tanta aviá trevats… E alara, se produsiguèt l&#8217;eveniment. Natalia i prestèt pas cas, lo primièr còp qu&#8217;a la fin d&#8217;un poema automatic, sortissent de l&#8217;anonimat acostumat, avia escrich : &#8221; I love you. Je vous aime. Te quiero. Te voglio bene. T&#8217;estimi. T&#8217;aimi. Ich liebe dich…&#8221; »</p>
<p style="text-align: right">Florian Vernet</p>
<p>« …Que soi lo Hadet d&#8217;aquera lagúa, e qu&#8217;ei pietat de tu, Jausèp ! Que&#8217;t pòdi bien balhar lo mejan de&#8217;t har minjar dinc a la bèra sason, mès que seràs aperat a sofrir dens lo ton còr. Donc, s&#8217;at vòs, que&#8217;t cambii ua plaga d&#8217;estomac e de vente contra ua pena de còr… »</p>
<p style="text-align: right">Miquèu Baris</p>

<p>« A Tots Junior » presenta aqueste recuèlh de novèlas que, per sa diversitat linguistica, permet as joves de viatjar a travèrs de la lenga e lo païs, mas tanben la realitat e lo meravilhòs. « …Quò es a queu moment que Robinson comprenguèt que podriá jamai dire son amor. Decidèt de far quauqua res de [&hellip;]</p>
