{"id":27355,"date":"2026-08-31T16:56:01","date_gmt":"2026-08-31T14:56:01","guid":{"rendered":"http:\/\/www.libraria-occitana.org\/all-products\/aglands-doblauds?lang=oc"},"modified":"2026-08-31T16:56:42","modified_gmt":"2026-08-31T14:56:42","slug":"aglands-doblauds","status":"publish","type":"product","link":"https:\/\/www.libraria-occitana.org\/oc\/produch\/aglands-doblauds\/","title":{"rendered":"AGLANDS DOBLAUDS"},"content":{"rendered":"<p style=\"margin:0;\"><span style=\"font-family:'Times New Roman';font-size:12pt;\"><wbr>[&#8230;]<br \/>Marc\u00e8u Vielhavilla, nascut a Dozillac a las rivas de Dobla, a sempre viscut dins aquel pa\u00efs dintre Eila e Dr\u00f2nna, l&#8217;esc\u00f2la comunala fugu\u00e8t son universitat emb una regenta que tota sa longua vita quit\u00e8t pas d&#8217;un elh l&#8217;enfant vengut \u00f2me que portava tant d&#8217;esperen\u00e7a.<br \/>Fagu\u00e8t sa vita de mestieiral &#8211; obri\u00e8r del bastiment &#8211; per lo trabalh lo coratge e la volontat vengu\u00e8t l&#8217;\u00f2me qu&#8217;es, cofla de benvolen\u00e7a.<br \/>Dins aquel pa\u00efs d&#8217;albres e d&#8217;aigas ont solet lo vent e los crids de salvatgina venan treblar lo siaud ; pa\u00efs paure, rufe, sorna ont lo p\u00e8s del silenci covida al soscament, Marc\u00e8u Vielhavilla pass\u00e8t tota sa vita en avisar lo mond e lo temps que fugis. Quit\u00e8t pas de parlar sa lenga naturala e vengu\u00e8t, coma se deu, al Bornat e al Felibrige ont prengu\u00e8t sa bona pla\u00e7a en tota modestia. Actur del teatre d&#8217;Oc, chafrat &#8220;prosper&#8221;, animatur deus &#8220;Leberons de la Dobla&#8221;, era l&#8217;\u00f2me que calia per menar la Mantenen\u00e7a de Guiana-Peirig\u00f2rd e dire &#8220;Perque sem felibres&#8221; &#8230;<br \/>M&#8217;aqu\u00f2 fasia pas lo compte, volgu\u00e8t temonhar enquera mai per n\u00f2stra lenga occitana en escriure \u00e7\u00f2 que sentissia ta prigondament ; dins la patz deus b\u00f2scs jos bel garric fagu\u00e8t son aglandage !<br \/>Una lenga viu quora l&#8217;\u00f2me l&#8217;a en boca coma al cur, lo parlar doblaud troba en Marc\u00e8u Vielhavilla son temonh dins aquela fin del vinti\u00e8ma si\u00e8cl\u00e8 : del trefond deus grands b\u00f2scs nos fai auvir coma un resson del famus vers de Victor Balaguer &#8220;Morta dihuen qu&#8217;es, mes Jo la creich bien viva&#8221;.<br \/>Veici l&#8217;\u00f2bra d&#8217;un felibre que viu son terraire dins sa lenga, li cal pas cercar de las rasons farlabicadas, canta coma viu, naturalament.<br \/>Legissetz Aglands doblauds, aqu\u00f2&#8217;s una aura de prima que veng alenar l&#8217;esper.<br \/>Joan Monesti\u00e8r, Majoral del Felibrige<\/p>\n<p>Revuda Lo Bornat N\u00b01 bis<br \/>Autor : Vielhavilla, Marc\u00e8u<br \/>Linga : Occitan <wbr>(lemosin)<br \/>Parucion : 03\/1989<br \/>Editor : Lo Bornat<br \/>Nb de pajas : 69<br \/>Format : 17 x 23 cm<br \/>P\u00e9s : 146 g<br \/>ISSN : 01526227<\/span><\/p>\n","protected":false},"excerpt":{"rendered":"<p>[&#8230;]Marc\u00e8u Vielhavilla, nascut a Dozillac a las rivas de Dobla, a sempre viscut dins aquel pa\u00efs dintre Eila e Dr\u00f2nna, l&#8217;esc\u00f2la comunala fugu\u00e8t son universitat emb una regenta que tota sa longua vita quit\u00e8t pas d&#8217;un elh l&#8217;enfant vengut \u00f2me que portava tant d&#8217;esperen\u00e7a.Fagu\u00e8t sa vita de mestieiral &#8211; obri\u00e8r del bastiment &#8211; per lo [&hellip;]<\/p>\n","protected":false},"featured_media":0,"template":"","meta":{"_acf_changed":false,"_genesis_hide_title":false,"_genesis_hide_breadcrumbs":false,"_genesis_hide_singular_image":false,"_genesis_hide_footer_widgets":false,"_genesis_custom_body_class":"","_genesis_custom_post_class":"","_genesis_layout":""},"product_brand":[],"product_cat":[7133,7175,16136,7181],"product_tag":[],"class_list":["post-27355","product","type-product","status-publish","product_cat-libres-oc","product_cat-literatura-oc","product_cat-non-classe-oc","product_cat-poesia-oc","pa_auteur-vielhavilla-marceu-oc","pa_editeur-lo-bornat-dau-perigord-oc","pa_langue-occitan-oc","pa_langue-occitan-lemosin-oc","entry","has-post-thumbnail","first","outofstock","purchasable","product-type-simple"],"acf":[],"_links":{"self":[{"href":"https:\/\/www.libraria-occitana.org\/oc\/wp-json\/wp\/v2\/product\/27355","targetHints":{"allow":["GET"]}}],"collection":[{"href":"https:\/\/www.libraria-occitana.org\/oc\/wp-json\/wp\/v2\/product"}],"about":[{"href":"https:\/\/www.libraria-occitana.org\/oc\/wp-json\/wp\/v2\/types\/product"}],"wp:attachment":[{"href":"https:\/\/www.libraria-occitana.org\/oc\/wp-json\/wp\/v2\/media?parent=27355"}],"wp:term":[{"taxonomy":"product_brand","embeddable":true,"href":"https:\/\/www.libraria-occitana.org\/oc\/wp-json\/wp\/v2\/product_brand?post=27355"},{"taxonomy":"product_cat","embeddable":true,"href":"https:\/\/www.libraria-occitana.org\/oc\/wp-json\/wp\/v2\/product_cat?post=27355"},{"taxonomy":"product_tag","embeddable":true,"href":"https:\/\/www.libraria-occitana.org\/oc\/wp-json\/wp\/v2\/product_tag?post=27355"}],"curies":[{"name":"wp","href":"https:\/\/api.w.org\/{rel}","templated":true}]}}

<p style="margin:0;"><span style="font-family:'Times New Roman';font-size:12pt;"><wbr>[&#8230;]<br />Marcèu Vielhavilla, nascut a Dozillac a las rivas de Dobla, a sempre viscut dins aquel païs dintre Eila e Drònna, l&#8217;escòla comunala fuguèt son universitat emb una regenta que tota sa longua vita quitèt pas d&#8217;un elh l&#8217;enfant vengut òme que portava tant d&#8217;esperença.<br />Faguèt sa vita de mestieiral &#8211; obrièr del bastiment &#8211; per lo trabalh lo coratge e la volontat venguèt l&#8217;òme qu&#8217;es, cofla de benvolença.<br />Dins aquel païs d&#8217;albres e d&#8217;aigas ont solet lo vent e los crids de salvatgina venan treblar lo siaud ; païs paure, rufe, sorna ont lo pès del silenci covida al soscament, Marcèu Vielhavilla passèt tota sa vita en avisar lo mond e lo temps que fugis. Quitèt pas de parlar sa lenga naturala e venguèt, coma se deu, al Bornat e al Felibrige ont prenguèt sa bona plaça en tota modestia. Actur del teatre d&#8217;Oc, chafrat &#8220;prosper&#8221;, animatur deus &#8220;Leberons de la Dobla&#8221;, era l&#8217;òme que calia per menar la Mantenença de Guiana-Peirigòrd e dire &#8220;Perque sem felibres&#8221; &#8230;<br />M&#8217;aquò fasia pas lo compte, volguèt temonhar enquera mai per nòstra lenga occitana en escriure çò que sentissia ta prigondament ; dins la patz deus bòscs jos bel garric faguèt son aglandage !<br />Una lenga viu quora l&#8217;òme l&#8217;a en boca coma al cur, lo parlar doblaud troba en Marcèu Vielhavilla son temonh dins aquela fin del vintièma sièclè : del trefond deus grands bòscs nos fai auvir coma un resson del famus vers de Victor Balaguer &#8220;Morta dihuen qu&#8217;es, mes Jo la creich bien viva&#8221;.<br />Veici l&#8217;òbra d&#8217;un felibre que viu son terraire dins sa lenga, li cal pas cercar de las rasons farlabicadas, canta coma viu, naturalament.<br />Legissetz Aglands doblauds, aquò&#8217;s una aura de prima que veng alenar l&#8217;esper.<br />Joan Monestièr, Majoral del Felibrige</p>
<p>Revuda Lo Bornat N°1 bis<br />Autor : Vielhavilla, Marcèu<br />Linga : Occitan <wbr>(lemosin)<br />Parucion : 03/1989<br />Editor : Lo Bornat<br />Nb de pajas : 69<br />Format : 17 x 23 cm<br />Pés : 146 g<br />ISSN : 01526227</span></p>

<p>[&#8230;]Marcèu Vielhavilla, nascut a Dozillac a las rivas de Dobla, a sempre viscut dins aquel païs dintre Eila e Drònna, l&#8217;escòla comunala fuguèt son universitat emb una regenta que tota sa longua vita quitèt pas d&#8217;un elh l&#8217;enfant vengut òme que portava tant d&#8217;esperença.Faguèt sa vita de mestieiral &#8211; obrièr del bastiment &#8211; per lo [&hellip;]</p>
