{"id":27428,"date":"1994-10-01T14:49:34","date_gmt":"1994-10-01T13:49:34","guid":{"rendered":"http:\/\/www.libraria-occitana.org\/all-products\/les-paysages-du-bassin-de-brive-vus-par-un-geographe-lemouzi-n131-bis?lang=oc"},"modified":"2026-04-26T03:36:33","modified_gmt":"2026-04-26T01:36:33","slug":"les-paysages-du-bassin-de-brive-vus-par-un-geographe-lemouzi-n131-bis","status":"publish","type":"product","link":"https:\/\/www.libraria-occitana.org\/oc\/produch\/les-paysages-du-bassin-de-brive-vus-par-un-geographe-lemouzi-n131-bis\/","title":{"rendered":"Les paysages du bassin de Brive vus par un g\u00e9ographe \/ Lemouzi N\u00b0131 bis"},"content":{"rendered":"<p>Enjeu de soci\u00e9t\u00e9 et concept \u00e9minemment culturel, le paysage devient, en cette fin de si\u00e8cle, un puissant instrument d&#8217;am\u00e9nagement du territoire. Cette \u00e9tude sur les paysages du bassin de Brive vise, par-del\u00e0 les images qu&#8217;elle pr\u00e9sente ou sugg\u00e8re, \u00e0 promouvoir un d\u00e9bat \u00e9conomique, social, voire politique, qui, presque \u00e9puis\u00e9 au d\u00e9but des ann\u00e9es 80, resurgit au c\u0153ur de l&#8217;actualit\u00e9.<\/p>\n<p>L&#8217;auteur met ici en relation paysages ruraux et soci\u00e9t\u00e9s rurales, parce qu&#8217;un paysage est d&#8217;abord le produit d&#8217;une soci\u00e9t\u00e9 qui am\u00e9nage les lieux en fonction de ses besoins, de ses capacit\u00e9s techniques&#8230; Si villes et villages composent une \u00e9tonnante mosa\u00efque de tons rouges, blancs, roses, gris, noirs ou dor\u00e9s, c&#8217;est parce le bassin de Brive participe, \u00e0 la fois, du Limousin, de l&#8217;Auvergne, du Quercy et du P\u00e9rigord.<\/p>\n<p>Caprice de la nature, v\u00e9ritable creuset o\u00f9 viennent s&#8217;unir et s&#8217;harmoniser les caract\u00e8res originaux des r\u00e9gions voisines, toute de langue et de civilisation d&#8217;oc, le &#8220;Pays de Brive&#8221; ou &#8220;Bas Pays&#8221; rayonne, \u00e0 son tour, sur ses bordures, devenant, progressivement, une entit\u00e9 g\u00e9ographique et culturelle&#8230;<\/p>\n","protected":false},"excerpt":{"rendered":"<p>Enjeu de soci\u00e9t\u00e9 et concept \u00e9minemment culturel, le paysage devient, en cette fin de si\u00e8cle, un puissant instrument d&#8217;am\u00e9nagement du territoire. Cette \u00e9tude sur les paysages du bassin de Brive vise, par-del\u00e0 les images qu&#8217;elle pr\u00e9sente ou sugg\u00e8re, \u00e0 promouvoir un d\u00e9bat \u00e9conomique, social, voire politique, qui, presque \u00e9puis\u00e9 au d\u00e9but des ann\u00e9es 80, resurgit [&hellip;]<\/p>\n","protected":false},"featured_media":27429,"template":"","meta":{"_acf_changed":false,"_genesis_hide_title":false,"_genesis_hide_breadcrumbs":false,"_genesis_hide_singular_image":false,"_genesis_hide_footer_widgets":false,"_genesis_custom_body_class":"","_genesis_custom_post_class":"","_genesis_layout":""},"product_brand":[],"product_cat":[7153,7149,7133],"product_tag":[],"class_list":{"0":"post-27428","1":"product","2":"type-product","3":"status-publish","4":"has-post-thumbnail","6":"product_cat-geografia-oc","7":"product_cat-istoria-geografia-oc","8":"product_cat-libres-oc","9":"pa_auteur-perigord-michel-oc","10":"pa_editeur-lemouzi-oc","11":"pa_langue-francais-oc","12":"entry","14":"first","15":"outofstock","16":"shipping-taxable","17":"purchasable","18":"product-type-simple"},"acf":[],"_links":{"self":[{"href":"https:\/\/www.libraria-occitana.org\/oc\/wp-json\/wp\/v2\/product\/27428","targetHints":{"allow":["GET"]}}],"collection":[{"href":"https:\/\/www.libraria-occitana.org\/oc\/wp-json\/wp\/v2\/product"}],"about":[{"href":"https:\/\/www.libraria-occitana.org\/oc\/wp-json\/wp\/v2\/types\/product"}],"wp:featuredmedia":[{"embeddable":true,"href":"https:\/\/www.libraria-occitana.org\/oc\/wp-json\/wp\/v2\/media\/27429"}],"wp:attachment":[{"href":"https:\/\/www.libraria-occitana.org\/oc\/wp-json\/wp\/v2\/media?parent=27428"}],"wp:term":[{"taxonomy":"product_brand","embeddable":true,"href":"https:\/\/www.libraria-occitana.org\/oc\/wp-json\/wp\/v2\/product_brand?post=27428"},{"taxonomy":"product_cat","embeddable":true,"href":"https:\/\/www.libraria-occitana.org\/oc\/wp-json\/wp\/v2\/product_cat?post=27428"},{"taxonomy":"product_tag","embeddable":true,"href":"https:\/\/www.libraria-occitana.org\/oc\/wp-json\/wp\/v2\/product_tag?post=27428"}],"curies":[{"name":"wp","href":"https:\/\/api.w.org\/{rel}","templated":true}]}}

Les paysages du bassin de Brive vus par un géographe / Lemouzi N°131 bis

<p>Enjeu de société et concept éminemment culturel, le paysage devient, en cette fin de siècle, un puissant instrument d&#8217;aménagement du territoire. Cette étude sur les paysages du bassin de Brive vise, par-delà les images qu&#8217;elle présente ou suggère, à promouvoir un débat économique, social, voire politique, qui, presque épuisé au début des années 80, resurgit au cœur de l&#8217;actualité.</p>
<p>L&#8217;auteur met ici en relation paysages ruraux et sociétés rurales, parce qu&#8217;un paysage est d&#8217;abord le produit d&#8217;une société qui aménage les lieux en fonction de ses besoins, de ses capacités techniques&#8230; Si villes et villages composent une étonnante mosaïque de tons rouges, blancs, roses, gris, noirs ou dorés, c&#8217;est parce le bassin de Brive participe, à la fois, du Limousin, de l&#8217;Auvergne, du Quercy et du Périgord.</p>
<p>Caprice de la nature, véritable creuset où viennent s&#8217;unir et s&#8217;harmoniser les caractères originaux des régions voisines, toute de langue et de civilisation d&#8217;oc, le &#8220;Pays de Brive&#8221; ou &#8220;Bas Pays&#8221; rayonne, à son tour, sur ses bordures, devenant, progressivement, une entité géographique et culturelle&#8230;</p>

<p>Enjeu de société et concept éminemment culturel, le paysage devient, en cette fin de siècle, un puissant instrument d&#8217;aménagement du territoire. Cette étude sur les paysages du bassin de Brive vise, par-delà les images qu&#8217;elle présente ou suggère, à promouvoir un débat économique, social, voire politique, qui, presque épuisé au début des années 80, resurgit [&hellip;]</p>
