{"id":27463,"date":"2019-02-01T17:31:05","date_gmt":"2019-02-01T16:31:05","guid":{"rendered":"http:\/\/www.libraria-occitana.org\/all-products\/22-chants-traditionnels-gascons?lang=oc"},"modified":"2026-04-29T10:31:30","modified_gmt":"2026-04-29T08:31:30","slug":"22-chants-traditionnels-gascons","status":"publish","type":"product","link":"https:\/\/www.libraria-occitana.org\/oc\/produch\/22-chants-traditionnels-gascons\/","title":{"rendered":"22 chants traditionnels gascons"},"content":{"rendered":"<p>Aqueth liberet de cantas tradicionaus, se p\u00f2t interessar lo qui v\u00f2u cantar o lo qui v\u00f2u aver ua id\u00e8ia bona deu patrim\u00f2ni musicau gascon, qu&#8217;es tot particul\u00e0riament dedicat aus ensenhaires qui&#8217;s c\u00e8rcann uns repert\u00f2ris de can\u00e7ons tradicionaus de Gasconha ent\u00e0 las ensenhar a la mainadau.<\/p>\n<p>Per tant d&#8217;esvitar los trabucs de lenga, qu&#8217;es presentat, lo t\u00e8ste gascon, en grafia classica e en grafia \u00ab fonetica \u00bb adobada de la deu franc\u00e9s.<\/p>\n","protected":false},"excerpt":{"rendered":"<p>Aqueth liberet de cantas tradicionaus, se p\u00f2t interessar lo qui v\u00f2u cantar o lo qui v\u00f2u aver ua id\u00e8ia bona deu patrim\u00f2ni musicau gascon, qu&#8217;es tot particul\u00e0riament dedicat aus ensenhaires qui&#8217;s c\u00e8rcann uns repert\u00f2ris de can\u00e7ons tradicionaus de Gasconha ent\u00e0 las ensenhar a la mainadau. Per tant d&#8217;esvitar los trabucs de lenga, qu&#8217;es presentat, lo [&hellip;]<\/p>\n","protected":false},"featured_media":45494,"template":"","meta":{"_acf_changed":false,"_genesis_hide_title":false,"_genesis_hide_breadcrumbs":false,"_genesis_hide_singular_image":false,"_genesis_hide_footer_widgets":false,"_genesis_custom_body_class":"","_genesis_custom_post_class":"","_genesis_layout":""},"product_brand":[],"product_cat":[7133,7191,7193],"product_tag":[],"class_list":{"0":"post-27463","1":"product","2":"type-product","3":"status-publish","4":"has-post-thumbnail","6":"product_cat-libres-oc","7":"product_cat-musica-danca-oc","8":"product_cat-particions-paraulas-de-chancons-oc","9":"pa_auteur-marliangeas-henri-oc","10":"pa_editeur-editions-des-regionalismes-oc","11":"pa_langue-occitan-gascon-oc","12":"pa_langue-occitan-francais-oc","13":"entry","15":"first","16":"instock","17":"shipping-taxable","18":"purchasable","19":"product-type-simple"},"acf":[],"_links":{"self":[{"href":"https:\/\/www.libraria-occitana.org\/oc\/wp-json\/wp\/v2\/product\/27463","targetHints":{"allow":["GET"]}}],"collection":[{"href":"https:\/\/www.libraria-occitana.org\/oc\/wp-json\/wp\/v2\/product"}],"about":[{"href":"https:\/\/www.libraria-occitana.org\/oc\/wp-json\/wp\/v2\/types\/product"}],"wp:featuredmedia":[{"embeddable":true,"href":"https:\/\/www.libraria-occitana.org\/oc\/wp-json\/wp\/v2\/media\/45494"}],"wp:attachment":[{"href":"https:\/\/www.libraria-occitana.org\/oc\/wp-json\/wp\/v2\/media?parent=27463"}],"wp:term":[{"taxonomy":"product_brand","embeddable":true,"href":"https:\/\/www.libraria-occitana.org\/oc\/wp-json\/wp\/v2\/product_brand?post=27463"},{"taxonomy":"product_cat","embeddable":true,"href":"https:\/\/www.libraria-occitana.org\/oc\/wp-json\/wp\/v2\/product_cat?post=27463"},{"taxonomy":"product_tag","embeddable":true,"href":"https:\/\/www.libraria-occitana.org\/oc\/wp-json\/wp\/v2\/product_tag?post=27463"}],"curies":[{"name":"wp","href":"https:\/\/api.w.org\/{rel}","templated":true}]}}

<p>Aqueth liberet de cantas tradicionaus, se pòt interessar lo qui vòu cantar o lo qui vòu aver ua idèia bona deu patrimòni musicau gascon, qu&#8217;es tot particulàriament dedicat aus ensenhaires qui&#8217;s cèrcann uns repertòris de cançons tradicionaus de Gasconha entà las ensenhar a la mainadau.</p>
<p>Per tant d&#8217;esvitar los trabucs de lenga, qu&#8217;es presentat, lo tèste gascon, en grafia classica e en grafia « fonetica » adobada de la deu francés.</p>

<p>Aqueth liberet de cantas tradicionaus, se pòt interessar lo qui vòu cantar o lo qui vòu aver ua idèia bona deu patrimòni musicau gascon, qu&#8217;es tot particulàriament dedicat aus ensenhaires qui&#8217;s cèrcann uns repertòris de cançons tradicionaus de Gasconha entà las ensenhar a la mainadau. Per tant d&#8217;esvitar los trabucs de lenga, qu&#8217;es presentat, lo [&hellip;]</p>
