{"id":27553,"date":"2000-01-01T10:30:53","date_gmt":"2000-01-01T09:30:53","guid":{"rendered":"http:\/\/www.libraria-occitana.org\/all-products\/los-chants-de-bada-luna-e-autras-patofias?lang=oc"},"modified":"2026-04-29T10:58:09","modified_gmt":"2026-04-29T08:58:09","slug":"los-chants-de-bada-luna-e-autras-patofias","status":"publish","type":"product","link":"https:\/\/www.libraria-occitana.org\/oc\/produch\/los-chants-de-bada-luna-e-autras-patofias\/","title":{"rendered":"Los chants de Bada-Luna e autras pat\u00f2fias"},"content":{"rendered":"<p><strong>[oc]<\/strong><br \/>\nLo Bernat Combi, \u00f2m p\u00f2t pas dire que sa pluma li eschape, mai que la laisse corre ni desgerpar. En quinze ans cent pitas pajas &#8211; en &#8216;nar sovent a la linha -, li chau mai de bois per se chaufar que per plejar son \u00f2bra de papi\u00f2u. (Si m&#8217;auvia parlar d&#8217;\u00f2bra ! &#8230;)<\/p>\n<p>Son pair era d&#8217;aquilhs Combi d&#8217;a Sent-Ibard, sa mair d&#8217;aquilhs Desagulhier d&#8217;Usercha. Podia mas far de naisser dins quilhs ranvers, se&#8217;n gardet pas. Sa vita ? Segur &#8211; l&#8217;avetz beleu auvit quauqu&#8217;un c\u00f2p &#8211; li &#8216;rieba de chantar, musicar mai dire, mas zo fai mas de temps qu&#8217;autre de tras de broa, &#8216;laidonc qu&#8217;au raive &#8211; au melhor, lo meschaent &#8211; l&#8217;i se ten, e coma bargaire de colors sornas, per li trobar un mestre !&#8230;<\/p>\n<p>Ne&#8217;n naissen quilhs mots. Lo desesper l&#8217;i se neja de desriseia, d&#8217;un pam de nas, d&#8217;una pingraula, l&#8217;i s&#8217;esniura mai que mai d&#8217;una lenga de sabor, d&#8217;imatge, de perfum, que lo Combi, plen c\u00f2rs, &#8216;trapa d&#8217;amor.<\/p>\n<p>Vos dam\u00f2ra pus mas l&#8217;i &#8216;nar veire.<\/p>\n<p><strong>[fr]<\/strong><br \/>\nLe Bernard Comby, on ne peut pas dire que sa plume lui \u00e9chappe, ni qu&#8217;il la laisse courir ou d\u00e9raper. En quinze ans cent petites pages &#8211; en allant souvent \u00e0 la ligne -, il lui faut plus de bois pour se chauffer que pour v\u00eatir son oeuvre de papier. (S&#8217;il m&#8217;entendait parler d&#8217;oeuvre !&#8230;)<\/p>\n<p>Son p\u00e8re \u00e9tait de ces Comby de Saint-Ybard, sa m\u00e8re de ces D\u00e9saguiller d&#8217;Uzerche. Il ne pouvait na\u00eetre que par l\u00e0, il ne s&#8217;en priva pas. Sa vie ? Bien s\u00fbr &#8211; peut-\u00eatre avez-vous eu l&#8217;occasion de l&#8217;entendre &#8211; il lui arrive de chanter, jouer ou dire, mais il ne le fait que de temps \u00e0 autre en bordure de marge, alors qu&#8217;au r\u00eave &#8211; au meilleur, le mauvais &#8211; il se tient, et comme broyeur de couleurs sombres, pour lui trouver un ma\u00eetre !&#8230;<\/p>\n<p>En naissent ces textes. Le d\u00e9sespoir s&#8217;y noie de d\u00e9rision, d&#8217;un pied de nez, d&#8217;une pirouette, il s&#8217;y enivre plus encore d&#8217;une langue de saveur, d&#8217;image, de parfum, que le Comby, \u00e0 plein corps, prend d&#8217;amour.<\/p>\n<p>Il ne vous reste plus qu&#8217;\u00e0 y aller voir.<\/p>\n<p>En occitan, avec traduction fran\u00e7aise en regard.<\/p>\n","protected":false},"excerpt":{"rendered":"<p>[oc] Lo Bernat Combi, \u00f2m p\u00f2t pas dire que sa pluma li eschape, mai que la laisse corre ni desgerpar. En quinze ans cent pitas pajas &#8211; en &#8216;nar sovent a la linha -, li chau mai de bois per se chaufar que per plejar son \u00f2bra de papi\u00f2u. (Si m&#8217;auvia parlar d&#8217;\u00f2bra ! &#8230;) [&hellip;]<\/p>\n","protected":false},"featured_media":27554,"template":"","meta":{"_acf_changed":false,"_genesis_hide_title":false,"_genesis_hide_breadcrumbs":false,"_genesis_hide_singular_image":false,"_genesis_hide_footer_widgets":false,"_genesis_custom_body_class":"","_genesis_custom_post_class":"","_genesis_layout":""},"product_brand":[],"product_cat":[7133,7175,7181],"product_tag":[],"class_list":{"0":"post-27553","1":"product","2":"type-product","3":"status-publish","4":"has-post-thumbnail","6":"product_cat-libres-oc","7":"product_cat-literatura-oc","8":"product_cat-poesia-oc","9":"pa_auteur-combi-bernat-oc","10":"pa_editeur-lo-chamin-de-sent-jaume-oc","11":"pa_illustrateur-simeonin-jan-marc-oc","12":"pa_langue-occitan-lemosin-oc","13":"pa_langue-occitan-francais-oc","14":"entry","16":"first","17":"instock","18":"shipping-taxable","19":"purchasable","20":"product-type-simple"},"acf":[],"_links":{"self":[{"href":"https:\/\/www.libraria-occitana.org\/oc\/wp-json\/wp\/v2\/product\/27553","targetHints":{"allow":["GET"]}}],"collection":[{"href":"https:\/\/www.libraria-occitana.org\/oc\/wp-json\/wp\/v2\/product"}],"about":[{"href":"https:\/\/www.libraria-occitana.org\/oc\/wp-json\/wp\/v2\/types\/product"}],"wp:featuredmedia":[{"embeddable":true,"href":"https:\/\/www.libraria-occitana.org\/oc\/wp-json\/wp\/v2\/media\/27554"}],"wp:attachment":[{"href":"https:\/\/www.libraria-occitana.org\/oc\/wp-json\/wp\/v2\/media?parent=27553"}],"wp:term":[{"taxonomy":"product_brand","embeddable":true,"href":"https:\/\/www.libraria-occitana.org\/oc\/wp-json\/wp\/v2\/product_brand?post=27553"},{"taxonomy":"product_cat","embeddable":true,"href":"https:\/\/www.libraria-occitana.org\/oc\/wp-json\/wp\/v2\/product_cat?post=27553"},{"taxonomy":"product_tag","embeddable":true,"href":"https:\/\/www.libraria-occitana.org\/oc\/wp-json\/wp\/v2\/product_tag?post=27553"}],"curies":[{"name":"wp","href":"https:\/\/api.w.org\/{rel}","templated":true}]}}

Los chants de Bada-Luna e autras patòfias

<p><strong>[oc]</strong><br />
Lo Bernat Combi, òm pòt pas dire que sa pluma li eschape, mai que la laisse corre ni desgerpar. En quinze ans cent pitas pajas &#8211; en &#8216;nar sovent a la linha -, li chau mai de bois per se chaufar que per plejar son òbra de papiòu. (Si m&#8217;auvia parlar d&#8217;òbra ! &#8230;)</p>
<p>Son pair era d&#8217;aquilhs Combi d&#8217;a Sent-Ibard, sa mair d&#8217;aquilhs Desagulhier d&#8217;Usercha. Podia mas far de naisser dins quilhs ranvers, se&#8217;n gardet pas. Sa vita ? Segur &#8211; l&#8217;avetz beleu auvit quauqu&#8217;un còp &#8211; li &#8216;rieba de chantar, musicar mai dire, mas zo fai mas de temps qu&#8217;autre de tras de broa, &#8216;laidonc qu&#8217;au raive &#8211; au melhor, lo meschaent &#8211; l&#8217;i se ten, e coma bargaire de colors sornas, per li trobar un mestre !&#8230;</p>
<p>Ne&#8217;n naissen quilhs mots. Lo desesper l&#8217;i se neja de desriseia, d&#8217;un pam de nas, d&#8217;una pingraula, l&#8217;i s&#8217;esniura mai que mai d&#8217;una lenga de sabor, d&#8217;imatge, de perfum, que lo Combi, plen còrs, &#8216;trapa d&#8217;amor.</p>
<p>Vos damòra pus mas l&#8217;i &#8216;nar veire.</p>
<p><strong>[fr]</strong><br />
Le Bernard Comby, on ne peut pas dire que sa plume lui échappe, ni qu&#8217;il la laisse courir ou déraper. En quinze ans cent petites pages &#8211; en allant souvent à la ligne -, il lui faut plus de bois pour se chauffer que pour vêtir son oeuvre de papier. (S&#8217;il m&#8217;entendait parler d&#8217;oeuvre !&#8230;)</p>
<p>Son père était de ces Comby de Saint-Ybard, sa mère de ces Désaguiller d&#8217;Uzerche. Il ne pouvait naître que par là, il ne s&#8217;en priva pas. Sa vie ? Bien sûr &#8211; peut-être avez-vous eu l&#8217;occasion de l&#8217;entendre &#8211; il lui arrive de chanter, jouer ou dire, mais il ne le fait que de temps à autre en bordure de marge, alors qu&#8217;au rêve &#8211; au meilleur, le mauvais &#8211; il se tient, et comme broyeur de couleurs sombres, pour lui trouver un maître !&#8230;</p>
<p>En naissent ces textes. Le désespoir s&#8217;y noie de dérision, d&#8217;un pied de nez, d&#8217;une pirouette, il s&#8217;y enivre plus encore d&#8217;une langue de saveur, d&#8217;image, de parfum, que le Comby, à plein corps, prend d&#8217;amour.</p>
<p>Il ne vous reste plus qu&#8217;à y aller voir.</p>
<p>En occitan, avec traduction française en regard.</p>

<p>[oc] Lo Bernat Combi, òm pòt pas dire que sa pluma li eschape, mai que la laisse corre ni desgerpar. En quinze ans cent pitas pajas &#8211; en &#8216;nar sovent a la linha -, li chau mai de bois per se chaufar que per plejar son òbra de papiòu. (Si m&#8217;auvia parlar d&#8217;òbra ! &#8230;) [&hellip;]</p>
