{"id":27643,"date":"2003-01-01T15:01:42","date_gmt":"2003-01-01T14:01:42","guid":{"rendered":"http:\/\/www.libraria-occitana.org\/all-products\/toponymie-nord-occitane-perigord-limousin-auvergne-vivarais-dauphine?lang=oc"},"modified":"2026-04-25T23:51:22","modified_gmt":"2026-04-25T21:51:22","slug":"toponymie-nord-occitane-perigord-limousin-auvergne-vivarais-dauphine","status":"publish","type":"product","link":"https:\/\/www.libraria-occitana.org\/oc\/produch\/toponymie-nord-occitane-perigord-limousin-auvergne-vivarais-dauphine\/","title":{"rendered":"Toponymie nord-occitane : P\u00e9rigord, Limousin, Auvergne, Vivarais, Dauphin\u00e9"},"content":{"rendered":"<p>L&#8217;Auvergne, Brive, les &#8220;cheyres&#8221;, la Combraille, Condat-en-F\u00e9niers, les Couzes, \u00c9gletons, Franc-Alleu et Nigremontois, la Jasse, la Limagne, le Limousin, le Livradois, la Plan\u00e8ze de Saint-Flour, le plateau de Millevaches, le Plomb du Cantal, Uzerche, le Vercors, le Vivarais, la Xaintrie&#8230; Autant de communes, de lieux-dits, de rivi\u00e8res ou de pays aux noms souvent \u00e9tonnants, parfois \u00e9nigmatiques.<\/p>\n<p>La toponymie, discipline passionnante mais d\u00e9licate, utilise les apports de la linguistique, de la g\u00e9ographie et de l&#8217;histoire. Les racines des noms de hauteurs, des villages ou des hameaux vont souvent chercher loin dans le pass\u00e9.<br \/>\nDe l&#8217;est de la Charente aux cimes \u00e9lev\u00e9es du Dauphin\u00e9 en passant par le Limousin et l&#8217;Auvergne, les contr\u00e9es septentrionales du Massif central, ainsi qu&#8217;une large partie du P\u00e9rigord et des reliefs compliqu\u00e9s de la zone centrale des Alpes fran\u00e7aises, portent aussi la marque de la langue d&#8217;oc.<\/p>\n<p>Les noms de lieux y refl\u00e8tent l&#8217;ancienne occupation du sol par les hommes, parfois depuis la plus lointaine Antiquit\u00e9. Ce sont des t\u00e9moins, parfois menac\u00e9s, d&#8217;un riche patrimoine.<\/p>\n","protected":false},"excerpt":{"rendered":"<p>L&#8217;Auvergne, Brive, les &#8220;cheyres&#8221;, la Combraille, Condat-en-F\u00e9niers, les Couzes, \u00c9gletons, Franc-Alleu et Nigremontois, la Jasse, la Limagne, le Limousin, le Livradois, la Plan\u00e8ze de Saint-Flour, le plateau de Millevaches, le Plomb du Cantal, Uzerche, le Vercors, le Vivarais, la Xaintrie&#8230; Autant de communes, de lieux-dits, de rivi\u00e8res ou de pays aux noms souvent \u00e9tonnants, parfois [&hellip;]<\/p>\n","protected":false},"featured_media":37867,"template":"","meta":{"_acf_changed":false,"_genesis_hide_title":false,"_genesis_hide_breadcrumbs":false,"_genesis_hide_singular_image":false,"_genesis_hide_footer_widgets":false,"_genesis_custom_body_class":"","_genesis_custom_post_class":"","_genesis_layout":""},"product_brand":[],"product_cat":[7149,7133,7163],"product_tag":[],"class_list":{"0":"post-27643","1":"product","2":"type-product","3":"status-publish","4":"has-post-thumbnail","6":"product_cat-istoria-geografia-oc","7":"product_cat-libres-oc","8":"product_cat-noms-de-luocs-noms-de-personas-oc","9":"pa_auteur-fenie-benedicte-oc","10":"pa_auteur-fenie-jean-jacques-oc","11":"pa_editeur-sud-ouest-oc","12":"pa_langue-francais-oc","13":"entry","15":"first","16":"outofstock","17":"shipping-taxable","18":"purchasable","19":"product-type-simple"},"acf":[],"_links":{"self":[{"href":"https:\/\/www.libraria-occitana.org\/oc\/wp-json\/wp\/v2\/product\/27643","targetHints":{"allow":["GET"]}}],"collection":[{"href":"https:\/\/www.libraria-occitana.org\/oc\/wp-json\/wp\/v2\/product"}],"about":[{"href":"https:\/\/www.libraria-occitana.org\/oc\/wp-json\/wp\/v2\/types\/product"}],"wp:featuredmedia":[{"embeddable":true,"href":"https:\/\/www.libraria-occitana.org\/oc\/wp-json\/wp\/v2\/media\/37867"}],"wp:attachment":[{"href":"https:\/\/www.libraria-occitana.org\/oc\/wp-json\/wp\/v2\/media?parent=27643"}],"wp:term":[{"taxonomy":"product_brand","embeddable":true,"href":"https:\/\/www.libraria-occitana.org\/oc\/wp-json\/wp\/v2\/product_brand?post=27643"},{"taxonomy":"product_cat","embeddable":true,"href":"https:\/\/www.libraria-occitana.org\/oc\/wp-json\/wp\/v2\/product_cat?post=27643"},{"taxonomy":"product_tag","embeddable":true,"href":"https:\/\/www.libraria-occitana.org\/oc\/wp-json\/wp\/v2\/product_tag?post=27643"}],"curies":[{"name":"wp","href":"https:\/\/api.w.org\/{rel}","templated":true}]}}

Toponymie nord-occitane : Périgord, Limousin, Auvergne, Vivarais, Dauphiné

<p>L&#8217;Auvergne, Brive, les &#8220;cheyres&#8221;, la Combraille, Condat-en-Féniers, les Couzes, Égletons, Franc-Alleu et Nigremontois, la Jasse, la Limagne, le Limousin, le Livradois, la Planèze de Saint-Flour, le plateau de Millevaches, le Plomb du Cantal, Uzerche, le Vercors, le Vivarais, la Xaintrie&#8230; Autant de communes, de lieux-dits, de rivières ou de pays aux noms souvent étonnants, parfois énigmatiques.</p>
<p>La toponymie, discipline passionnante mais délicate, utilise les apports de la linguistique, de la géographie et de l&#8217;histoire. Les racines des noms de hauteurs, des villages ou des hameaux vont souvent chercher loin dans le passé.<br />
De l&#8217;est de la Charente aux cimes élevées du Dauphiné en passant par le Limousin et l&#8217;Auvergne, les contrées septentrionales du Massif central, ainsi qu&#8217;une large partie du Périgord et des reliefs compliqués de la zone centrale des Alpes françaises, portent aussi la marque de la langue d&#8217;oc.</p>
<p>Les noms de lieux y reflètent l&#8217;ancienne occupation du sol par les hommes, parfois depuis la plus lointaine Antiquité. Ce sont des témoins, parfois menacés, d&#8217;un riche patrimoine.</p>

<p>L&#8217;Auvergne, Brive, les &#8220;cheyres&#8221;, la Combraille, Condat-en-Féniers, les Couzes, Égletons, Franc-Alleu et Nigremontois, la Jasse, la Limagne, le Limousin, le Livradois, la Planèze de Saint-Flour, le plateau de Millevaches, le Plomb du Cantal, Uzerche, le Vercors, le Vivarais, la Xaintrie&#8230; Autant de communes, de lieux-dits, de rivières ou de pays aux noms souvent étonnants, parfois [&hellip;]</p>
