{"id":28162,"date":"2006-02-01T18:49:40","date_gmt":"2006-02-01T17:49:40","guid":{"rendered":"http:\/\/www.libraria-occitana.org\/all-products\/bestiari-florilegi-occitan-libre-cd?lang=oc"},"modified":"2020-06-11T10:06:01","modified_gmt":"2020-06-11T08:06:01","slug":"bestiari-florilegi-occitan-libre-cd","status":"publish","type":"product","link":"https:\/\/www.libraria-occitana.org\/oc\/produch\/bestiari-florilegi-occitan-libre-cd\/","title":{"rendered":"Bestiari : Floril\u00e8gi occitan (libre + CD)"},"content":{"rendered":"<p>La langue occitane a des tr\u00e9sors pour dire les b\u00eates les plus humbles. L\u00e9zards, cigales, crapauds, coccinelles sont pr\u00e9sents dans les comptines et les chansons populaires aussi bien que dans la po\u00e9sie moderne. \u00c9coutons et lisons ces brefs portraits sur des rythmes, des sons, des cadences et dans une grande vari\u00e9t\u00e9 de styles et de registres, de La Fare-Alais \u00e0 Ren\u00e9 Nelli, Charles Camproux ou Max Rouquette.<\/p>\n<p>CD audio (39 min) avec un livret bilingue occitan-fran\u00e7ais de 64 pages.<\/p>\n<p>Pistes p\u00e9dagogiques sur le site du CRDP Montpellier (en occitan).<br \/>\nEcole primaire &gt; Lyc\u00e9e.<\/p>\n","protected":false},"excerpt":{"rendered":"<p>La langue occitane a des tr\u00e9sors pour dire les b\u00eates les plus humbles. L\u00e9zards, cigales, crapauds, coccinelles sont pr\u00e9sents dans les comptines et les chansons populaires aussi bien que dans la po\u00e9sie moderne. \u00c9coutons et lisons ces brefs portraits sur des rythmes, des sons, des cadences et dans une grande vari\u00e9t\u00e9 de styles et de [&hellip;]<\/p>\n","protected":false},"featured_media":36510,"template":"","meta":{"_acf_changed":false,"_genesis_hide_title":false,"_genesis_hide_breadcrumbs":false,"_genesis_hide_singular_image":false,"_genesis_hide_footer_widgets":false,"_genesis_custom_body_class":"","_genesis_custom_post_class":"","_genesis_layout":""},"product_brand":[],"product_cat":[7133,7175,7181],"product_tag":[],"class_list":{"0":"post-28162","1":"product","2":"type-product","3":"status-publish","4":"has-post-thumbnail","6":"product_cat-libres-oc","7":"product_cat-literatura-oc","8":"product_cat-poesia-oc","9":"pa_auteur-collectiu-oc-2","10":"pa_editeur-crdp-montpellier-fr-oc","11":"pa_langue-occitan-francais-oc","12":"entry","14":"first","15":"outofstock","16":"shipping-taxable","17":"purchasable","18":"product-type-simple"},"acf":[],"_links":{"self":[{"href":"https:\/\/www.libraria-occitana.org\/oc\/wp-json\/wp\/v2\/product\/28162","targetHints":{"allow":["GET"]}}],"collection":[{"href":"https:\/\/www.libraria-occitana.org\/oc\/wp-json\/wp\/v2\/product"}],"about":[{"href":"https:\/\/www.libraria-occitana.org\/oc\/wp-json\/wp\/v2\/types\/product"}],"wp:featuredmedia":[{"embeddable":true,"href":"https:\/\/www.libraria-occitana.org\/oc\/wp-json\/wp\/v2\/media\/36510"}],"wp:attachment":[{"href":"https:\/\/www.libraria-occitana.org\/oc\/wp-json\/wp\/v2\/media?parent=28162"}],"wp:term":[{"taxonomy":"product_brand","embeddable":true,"href":"https:\/\/www.libraria-occitana.org\/oc\/wp-json\/wp\/v2\/product_brand?post=28162"},{"taxonomy":"product_cat","embeddable":true,"href":"https:\/\/www.libraria-occitana.org\/oc\/wp-json\/wp\/v2\/product_cat?post=28162"},{"taxonomy":"product_tag","embeddable":true,"href":"https:\/\/www.libraria-occitana.org\/oc\/wp-json\/wp\/v2\/product_tag?post=28162"}],"curies":[{"name":"wp","href":"https:\/\/api.w.org\/{rel}","templated":true}]}}

Bestiari : Florilègi occitan (libre + CD)

<p>La langue occitane a des trésors pour dire les bêtes les plus humbles. Lézards, cigales, crapauds, coccinelles sont présents dans les comptines et les chansons populaires aussi bien que dans la poésie moderne. Écoutons et lisons ces brefs portraits sur des rythmes, des sons, des cadences et dans une grande variété de styles et de registres, de La Fare-Alais à René Nelli, Charles Camproux ou Max Rouquette.</p>
<p>CD audio (39 min) avec un livret bilingue occitan-français de 64 pages.</p>
<p>Pistes pédagogiques sur le site du CRDP Montpellier (en occitan).<br />
Ecole primaire &gt; Lycée.</p>

<p>La langue occitane a des trésors pour dire les bêtes les plus humbles. Lézards, cigales, crapauds, coccinelles sont présents dans les comptines et les chansons populaires aussi bien que dans la poésie moderne. Écoutons et lisons ces brefs portraits sur des rythmes, des sons, des cadences et dans une grande variété de styles et de [&hellip;]</p>
