{"id":28785,"date":"2015-05-12T15:34:28","date_gmt":"2015-05-12T14:34:28","guid":{"rendered":"http:\/\/www.libraria-occitana.org\/all-products\/de-cada-jorn?lang=oc"},"modified":"2026-04-29T10:41:38","modified_gmt":"2026-04-29T08:41:38","slug":"de-cada-jorn","status":"publish","type":"product","link":"https:\/\/www.libraria-occitana.org\/oc\/produch\/de-cada-jorn\/","title":{"rendered":"De cada jorn"},"content":{"rendered":"<p><em>De cada jorn<\/em>, un recu\u00e8lh de nov\u00e8las pastadas d\u2019umanitat. De personatges vertadi\u00e8rs, marcats per la vida, als sentiments bruts, sensibles. De mat\u00e8ria per dintrar dins un univ\u00e8rs ont l\u2019\u00d2me a la pla\u00e7a que li balham, e que luta per existir. Entre Marina e Clamen\u00e7, dos univ\u00e8rses encrosilhats, parad\u00f2xa d\u2019un pa\u00eds occitan ont se costejan banl\u00e8ga besierenca e prigondor dels camp\u00e8stres. Un pa\u00eds ont \u00e7aquel\u00e0 l\u2019err\u00e0ncia n\u2019es pas pr\u00f2pria ni al uns ni als autres, ont se mescla pr\u2019aqu\u00f2 a l\u2019esp\u00e8r coma l\u2019\u00e8rba que buta al mitant del beton.<\/p>\n<p>Sieis racontes de quatre m\u00e8stres de la literatura occitana, sup\u00e8rbament illustrats per Bernat Cauhap\u00e9 :<\/p>\n<p>&#8211; <em>Lo rambulatge escolar<\/em>, de Bernat Berg\u00e9<br \/>\n&#8211; <em>Los vers volonts<\/em>, de Joan Escafit<br \/>\n&#8211; <em>Marina<\/em>, de Florian Vernet<br \/>\n&#8211; <em>Jove c\u00e8rca pla\u00e7a de dom\u00e8rgue<\/em>, de Joan Escafit<br \/>\n&#8211; <em>Lo manescrich<\/em>, de Joan-Claudi S\u00e8rras<br \/>\n&#8211; <em>La granda vent\u00f2ria<\/em>, de Bernat Berg\u00e9<\/p>\n","protected":false},"excerpt":{"rendered":"<p>De cada jorn, un recu\u00e8lh de nov\u00e8las pastadas d\u2019umanitat. De personatges vertadi\u00e8rs, marcats per la vida, als sentiments bruts, sensibles. De mat\u00e8ria per dintrar dins un univ\u00e8rs ont l\u2019\u00d2me a la pla\u00e7a que li balham, e que luta per existir. Entre Marina e Clamen\u00e7, dos univ\u00e8rses encrosilhats, parad\u00f2xa d\u2019un pa\u00eds occitan ont se costejan banl\u00e8ga [&hellip;]<\/p>\n","protected":false},"featured_media":28783,"template":"","meta":{"_acf_changed":false,"_genesis_hide_title":false,"_genesis_hide_breadcrumbs":false,"_genesis_hide_singular_image":false,"_genesis_hide_footer_widgets":false,"_genesis_custom_body_class":"","_genesis_custom_post_class":"","_genesis_layout":""},"product_brand":[],"product_cat":[7167,7165,7133],"product_tag":[],"class_list":{"0":"post-28785","1":"product","2":"type-product","3":"status-publish","4":"has-post-thumbnail","6":"product_cat-ados-oc","7":"product_cat-jounessa-bd-umor","8":"product_cat-libres-oc","9":"pa_auteur-berge-bernat-oc","10":"pa_auteur-serras-joan-claudi-oc","11":"pa_auteur-vernet-florian-oc","12":"pa_editeur-ieo-fr-oc","13":"pa_illustrateur-cauhape-bernat-oc","14":"pa_langue-occitan-oc","15":"pa_langue-occitan-lengadocian-oc","16":"entry","18":"first","19":"instock","20":"shipping-taxable","21":"purchasable","22":"product-type-simple"},"acf":[],"_links":{"self":[{"href":"https:\/\/www.libraria-occitana.org\/oc\/wp-json\/wp\/v2\/product\/28785","targetHints":{"allow":["GET"]}}],"collection":[{"href":"https:\/\/www.libraria-occitana.org\/oc\/wp-json\/wp\/v2\/product"}],"about":[{"href":"https:\/\/www.libraria-occitana.org\/oc\/wp-json\/wp\/v2\/types\/product"}],"wp:featuredmedia":[{"embeddable":true,"href":"https:\/\/www.libraria-occitana.org\/oc\/wp-json\/wp\/v2\/media\/28783"}],"wp:attachment":[{"href":"https:\/\/www.libraria-occitana.org\/oc\/wp-json\/wp\/v2\/media?parent=28785"}],"wp:term":[{"taxonomy":"product_brand","embeddable":true,"href":"https:\/\/www.libraria-occitana.org\/oc\/wp-json\/wp\/v2\/product_brand?post=28785"},{"taxonomy":"product_cat","embeddable":true,"href":"https:\/\/www.libraria-occitana.org\/oc\/wp-json\/wp\/v2\/product_cat?post=28785"},{"taxonomy":"product_tag","embeddable":true,"href":"https:\/\/www.libraria-occitana.org\/oc\/wp-json\/wp\/v2\/product_tag?post=28785"}],"curies":[{"name":"wp","href":"https:\/\/api.w.org\/{rel}","templated":true}]}}

<p><em>De cada jorn</em>, un recuèlh de novèlas pastadas d’umanitat. De personatges vertadièrs, marcats per la vida, als sentiments bruts, sensibles. De matèria per dintrar dins un univèrs ont l’Òme a la plaça que li balham, e que luta per existir. Entre Marina e Clamenç, dos univèrses encrosilhats, paradòxa d’un país occitan ont se costejan banlèga besierenca e prigondor dels campèstres. Un país ont çaquelà l’errància n’es pas pròpria ni al uns ni als autres, ont se mescla pr’aquò a l’espèr coma l’èrba que buta al mitant del beton.</p>
<p>Sieis racontes de quatre mèstres de la literatura occitana, supèrbament illustrats per Bernat Cauhapé :</p>
<p>&#8211; <em>Lo rambulatge escolar</em>, de Bernat Bergé<br />
&#8211; <em>Los vers volonts</em>, de Joan Escafit<br />
&#8211; <em>Marina</em>, de Florian Vernet<br />
&#8211; <em>Jove cèrca plaça de domèrgue</em>, de Joan Escafit<br />
&#8211; <em>Lo manescrich</em>, de Joan-Claudi Sèrras<br />
&#8211; <em>La granda ventòria</em>, de Bernat Bergé</p>

<p>De cada jorn, un recuèlh de novèlas pastadas d’umanitat. De personatges vertadièrs, marcats per la vida, als sentiments bruts, sensibles. De matèria per dintrar dins un univèrs ont l’Òme a la plaça que li balham, e que luta per existir. Entre Marina e Clamenç, dos univèrses encrosilhats, paradòxa d’un país occitan ont se costejan banlèga [&hellip;]</p>
